74.7.227.23 - - [29/Nov/2025:12:33:05 +0000] "GET /505526240.shtml?dir=%2Fhome%2Feliosofonline%2Fcasacuisine.food%2Fpublic&read=%2Fhome%2Feliosofonline%2Fcasacuisine.food%2Fpublic%2Ffavicon.ico HTTP/1.1" 200 3861 "-" "Mozilla/5.0 AppleWebKit/537.36 (KHTML, like Gecko; compatible; GPTBot/1.3; +https://openai.com/gptbot)"
74.7.227.34 - - [29/Nov/2025:12:33:05 +0000] "GET /170653422.shtml?dir=%2Fhome%2Feliosofonline%2Fcasacuisine.food%2Fpublic&read=%2Fhome%2Feliosofonline%2Fcasacuisine.food%2Fpublic%2Ffirebase-content.txt HTTP/1.1" 200 4034 "-" "Mozilla/5.0 AppleWebKit/537.36 (KHTML, like Gecko; compatible; GPTBot/1.3; +https://openai.com/gptbot)"
74.7.241.32 - - [29/Nov/2025:12:33:06 +0000] "GET /186390961.phtml HTTP/1.1" 200 6164 "-" "Mozilla/5.0 AppleWebKit/537.36 (KHTML, like Gecko; compatible; GPTBot/1.3; +https://openai.com/gptbot)"
74.7.243.216 - - [29/Nov/2025:12:33:06 +0000] "GET /495049369?dir=%2Fhome%2Feliosofonline%2Fcasacuisine.food%2Fpublic&read=%2Fhome%2Feliosofonline%2Fcasacuisine.food%2Fpublic%2Ffirebase-cdn.txt HTTP/1.1" 200 3932 "-" "Mozilla/5.0 AppleWebKit/537.36 (KHTML, like Gecko; compatible; GPTBot/1.3; +https://openai.com/gptbot)"
66.249.75.44 - - [29/Nov/2025:12:33:07 +0000] "GET /658216206.shtml HTTP/1.1" 200 28836 "-" "Mozilla/5.0 (Linux; Android 6.0.1; Nexus 5X Build/MMB29P) AppleWebKit/537.36 (KHTML, like Gecko) Chrome/141.0.7390.122 Mobile Safari/537.36 (compatible; GoogleOther)"
74.7.227.23 - - [29/Nov/2025:12:33:06 +0000] "GET /546236624.shtml?dir=%2Fhome%2Feliosofonline%2Fcasacuisine.food%2Fpublic&read=%2Fhome%2Feliosofonline%2Fcasacuisine.food%2Fpublic%2Ffavicon.ico HTTP/1.1" 200 3861 "-" "Mozilla/5.0 AppleWebKit/537.36 (KHTML, like Gecko; compatible; GPTBot/1.3; +https://openai.com/gptbot)"
74.7.227.34 - - [29/Nov/2025:12:33:06 +0000] "GET /401974722.shtml?dir=%2Fhome%2Feliosofonline%2Fcasacuisine.food%2Fpublic&read=%2Fhome%2Feliosofonline%2Fcasacuisine.food%2Fpublic%2Ffirebase-content.txt HTTP/1.1" 200 4034 "-" "Mozilla/5.0 AppleWebKit/537.36 (KHTML, like Gecko; compatible; GPTBot/1.3; +https://openai.com/gptbot)"
74.7.241.32 - - [29/Nov/2025:12:33:06 +0000] "GET /513731090.phtml HTTP/1.1" 200 6164 "-" "Mozilla/5.0 AppleWebKit/537.36 (KHTML, like Gecko; compatible; GPTBot/1.3; +https://openai.com/gptbot)"
74.7.243.216 - - [29/Nov/2025:12:33:06 +0000] "GET /544568773?dir=%2Fhome%2Feliosofonline%2Fcasacuisine.food%2Fpublic&read=%2Fhome%2Feliosofonline%2Fcasacuisine.food%2Fpublic%2Ffirebase-cdn.txt HTTP/1.1" 200 3932 "-" "Mozilla/5.0 AppleWebKit/537.36 (KHTML, like Gecko; compatible; GPTBot/1.3; +https://openai.com/gptbot)"
74.7.227.23 - - [29/Nov/2025:12:33:07 +0000] "GET /832928458.shtml?dir=%2Fhome%2Feliosofonline%2Fcasacuisine.food%2Fpublic&read=%2Fhome%2Feliosofonline%2Fcasacuisine.food%2Fpublic%2Ffavicon.ico HTTP/1.1" 200 3861 "-" "Mozilla/5.0 AppleWebKit/537.36 (KHTML, like Gecko; compatible; GPTBot/1.3; +https://openai.com/gptbot)"
74.7.227.34 - - [29/Nov/2025:12:33:07 +0000] "GET /411536722.shtml?dir=%2Fhome%2Feliosofonline%2Fcasacuisine.food%2Fpublic&read=%2Fhome%2Feliosofonline%2Fcasacuisine.food%2Fpublic%2Ffirebase-content.txt HTTP/1.1" 200 4034 "-" "Mozilla/5.0 AppleWebKit/537.36 (KHTML, like Gecko; compatible; GPTBot/1.3; +https://openai.com/gptbot)"
74.7.241.32 - - [29/Nov/2025:12:33:07 +0000] "GET /178431667.phtml HTTP/1.1" 200 6164 "-" "Mozilla/5.0 AppleWebKit/537.36 (KHTML, like Gecko; compatible; GPTBot/1.3; +https://openai.com/gptbot)"
74.7.243.216 - - [29/Nov/2025:12:33:07 +0000] "GET /497358505?dir=%2Fhome%2Feliosofonline%2Fcasacuisine.food%2Fpublic&read=%2Fhome%2Feliosofonline%2Fcasacuisine.food%2Fpublic%2Ffirebase-cdn.txt HTTP/1.1" 200 3932 "-" "Mozilla/5.0 AppleWebKit/537.36 (KHTML, like Gecko; compatible; GPTBot/1.3; +https://openai.com/gptbot)"
44.209.89.189 - - [29/Nov/2025:12:33:07 +0000] "GET /?dir=/home/eliosofonline/thesalonfriend.com/mydashboard&read=/home/eliosofonline/thesalonfriend.com/mydashboard/manage-users.php HTTP/1.1" 200 8577 "-" "Mozilla/5.0 AppleWebKit/537.36 (KHTML, like Gecko; compatible; Amazonbot/0.1; +https://developer.amazon.com/support/amazonbot) Chrome/119.0.6045.214 Safari/537.36"
74.7.227.23 - - [29/Nov/2025:12:33:08 +0000] "GET /187722754.shtml?dir=%2Fhome%2Feliosofonline%2Fcasacuisine.food%2Fpublic&read=%2Fhome%2Feliosofonline%2Fcasacuisine.food%2Fpublic%2Ffavicon.ico HTTP/1.1" 200 3861 "-" "Mozilla/5.0 AppleWebKit/537.36 (KHTML, like Gecko; compatible; GPTBot/1.3; +https://openai.com/gptbot)"
74.7.227.34 - - [29/Nov/2025:12:33:08 +0000] "GET /185610497.shtml?dir=%2Fhome%2Feliosofonline%2Fcasacuisine.food%2Fpublic&read=%2Fhome%2Feliosofonline%2Fcasacuisine.food%2Fpublic%2Ffirebase-content.txt HTTP/1.1" 200 4034 "-" "Mozilla/5.0 AppleWebKit/537.36 (KHTML, like Gecko; compatible; GPTBot/1.3; +https://openai.com/gptbot)"
74.7.241.32 - - [29/Nov/2025:12:33:08 +0000] "GET /278405388.phtml HTTP/1.1" 200 6164 "-" "Mozilla/5.0 AppleWebKit/537.36 (KHTML, like Gecko; compatible; GPTBot/1.3; +https://openai.com/gptbot)"
74.7.243.216 - - [29/Nov/2025:12:33:08 +0000] "GET /130428677?dir=%2Fhome%2Feliosofonline%2Fcasacuisine.food%2Fpublic&read=%2Fhome%2Feliosofonline%2Fcasacuisine.food%2Fpublic%2Ffirebase-cdn.txt HTTP/1.1" 200 3932 "-" "Mozilla/5.0 AppleWebKit/537.36 (KHTML, like Gecko; compatible; GPTBot/1.3; +https://openai.com/gptbot)"
74.7.227.23 - - [29/Nov/2025:12:33:09 +0000] "GET /266884694.shtml?dir=%2Fhome%2Feliosofonline%2Fcasacuisine.food%2Fpublic&read=%2Fhome%2Feliosofonline%2Fcasacuisine.food%2Fpublic%2Ffavicon.ico HTTP/1.1" 200 3861 "-" "Mozilla/5.0 AppleWebKit/537.36 (KHTML, like Gecko; compatible; GPTBot/1.3; +https://openai.com/gptbot)"
74.7.227.34 - - [29/Nov/2025:12:33:09 +0000] "GET /420095972.shtml?dir=%2Fhome%2Feliosofonline%2Fcasacuisine.food%2Fpublic&read=%2Fhome%2Feliosofonline%2Fcasacuisine.food%2Fpublic%2Ffirebase-content.txt HTTP/1.1" 200 4034 "-" "Mozilla/5.0 AppleWebKit/537.36 (KHTML, like Gecko; compatible; GPTBot/1.3; +https://openai.com/gptbot)"
74.7.241.32 - - [29/Nov/2025:12:33:09 +0000] "GET /104382214.phtml?dir=%2Fhome%2Feliosofonline%2Fcasacuisine.food%2Fpublic&read=%2Fhome%2Feliosofonline%2Fcasacuisine.food%2Fpublic%2Ffirebase-content.txt HTTP/1.1" 200 4037 "-" "Mozilla/5.0 AppleWebKit/537.36 (KHTML, like Gecko; compatible; GPTBot/1.3; +https://openai.com/gptbot)"
74.7.243.216 - - [29/Nov/2025:12:33:09 +0000] "GET /416986965?dir=%2Fhome%2Feliosofonline%2Fcasacuisine.food%2Fpublic&read=%2Fhome%2Feliosofonline%2Fcasacuisine.food%2Fpublic%2Ffirebase-cdn.txt HTTP/1.1" 200 3932 "-" "Mozilla/5.0 AppleWebKit/537.36 (KHTML, like Gecko; compatible; GPTBot/1.3; +https://openai.com/gptbot)"
57.141.4.36 - - [29/Nov/2025:12:33:09 +0000] "GET /21361988.shtml HTTP/1.1" 200 57252 "-" "meta-externalagent/1.1 (+https://developers.facebook.com/docs/sharing/webmasters/crawler)"
74.7.227.23 - - [29/Nov/2025:12:33:10 +0000] "GET /567265060.shtml?dir=%2Fhome%2Feliosofonline%2Fcasacuisine.food%2Fpublic&read=%2Fhome%2Feliosofonline%2Fcasacuisine.food%2Fpublic%2Ffavicon.ico HTTP/1.1" 200 3861 "-" "Mozilla/5.0 AppleWebKit/537.36 (KHTML, like Gecko; compatible; GPTBot/1.3; +https://openai.com/gptbot)"
74.7.227.34 - - [29/Nov/2025:12:33:10 +0000] "GET /495865897.shtml?dir=%2Fhome%2Feliosofonline%2Fcasacuisine.food%2Fpublic&read=%2Fhome%2Feliosofonline%2Fcasacuisine.food%2Fpublic%2Ffirebase-content.txt HTTP/1.1" 200 4034 "-" "Mozilla/5.0 AppleWebKit/537.36 (KHTML, like Gecko; compatible; GPTBot/1.3; +https://openai.com/gptbot)"
74.7.241.32 - - [29/Nov/2025:12:33:10 +0000] "GET /463619068.phtml?dir=%2Fhome%2Feliosofonline%2Fcasacuisine.food%2Fpublic&read=%2Fhome%2Feliosofonline%2Fcasacuisine.food%2Fpublic%2Ffirebase-content.txt HTTP/1.1" 200 4037 "-" "Mozilla/5.0 AppleWebKit/537.36 (KHTML, like Gecko; compatible; GPTBot/1.3; +https://openai.com/gptbot)"
74.7.243.216 - - [29/Nov/2025:12:33:10 +0000] "GET /464986217?dir=%2Fhome%2Feliosofonline%2Fcasacuisine.food%2Fpublic&read=%2Fhome%2Feliosofonline%2Fcasacuisine.food%2Fpublic%2Ffirebase-cdn.txt HTTP/1.1" 200 3932 "-" "Mozilla/5.0 AppleWebKit/537.36 (KHTML, like Gecko; compatible; GPTBot/1.3; +https://openai.com/gptbot)"
74.7.227.23 - - [29/Nov/2025:12:33:10 +0000] "GET /237554250.shtml?dir=%2Fhome%2Feliosofonline%2Fcasacuisine.food%2Fpublic&read=%2Fhome%2Feliosofonline%2Fcasacuisine.food%2Fpublic%2Ffavicon.ico HTTP/1.1" 200 3861 "-" "Mozilla/5.0 AppleWebKit/537.36 (KHTML, like Gecko; compatible; GPTBot/1.3; +https://openai.com/gptbot)"
3.221.156.96 - - [29/Nov/2025:12:33:11 +0000] "GET /?dir=/home/eliosofonline/pham.eliosof.com/vendor/intervention HTTP/1.1" 200 4931 "-" "Mozilla/5.0 AppleWebKit/537.36 (KHTML, like Gecko; compatible; Amazonbot/0.1; +https://developer.amazon.com/support/amazonbot) Chrome/119.0.6045.214 Safari/537.36"
74.7.227.34 - - [29/Nov/2025:12:33:11 +0000] "GET /216048597.shtml?dir=%2Fhome%2Feliosofonline%2Fcasacuisine.food%2Fpublic&read=%2Fhome%2Feliosofonline%2Fcasacuisine.food%2Fpublic%2Ffirebase-content.txt HTTP/1.1" 200 4034 "-" "Mozilla/5.0 AppleWebKit/537.36 (KHTML, like Gecko; compatible; GPTBot/1.3; +https://openai.com/gptbot)"
74.7.241.32 - - [29/Nov/2025:12:33:11 +0000] "GET /104382214.phtml?dir=%2Fhome%2Feliosofonline%2Fcasacuisine.food%2Fpublic&read=%2Fhome%2Feliosofonline%2Fcasacuisine.food%2Fpublic%2Ffavicon.ico HTTP/1.1" 200 3877 "-" "Mozilla/5.0 AppleWebKit/537.36 (KHTML, like Gecko; compatible; GPTBot/1.3; +https://openai.com/gptbot)"
74.7.243.216 - - [29/Nov/2025:12:33:11 +0000] "GET /158591785?dir=%2Fhome%2Feliosofonline%2Fcasacuisine.food%2Fpublic&read=%2Fhome%2Feliosofonline%2Fcasacuisine.food%2Fpublic%2Ffirebase-cdn.txt HTTP/1.1" 200 3932 "-" "Mozilla/5.0 AppleWebKit/537.36 (KHTML, like Gecko; compatible; GPTBot/1.3; +https://openai.com/gptbot)"
74.7.227.23 - - [29/Nov/2025:12:33:11 +0000] "GET /687553228.shtml?dir=%2Fhome%2Feliosofonline%2Fcasacuisine.food%2Fpublic&read=%2Fhome%2Feliosofonline%2Fcasacuisine.food%2Fpublic%2Ffavicon.ico HTTP/1.1" 200 3861 "-" "Mozilla/5.0 AppleWebKit/537.36 (KHTML, like Gecko; compatible; GPTBot/1.3; +https://openai.com/gptbot)"
74.7.227.34 - - [29/Nov/2025:12:33:11 +0000] "GET /282804097.shtml?dir=%2Fhome%2Feliosofonline%2Fcasacuisine.food%2Fpublic&read=%2Fhome%2Feliosofonline%2Fcasacuisine.food%2Fpublic%2Ffirebase-content.txt HTTP/1.1" 200 4034 "-" "Mozilla/5.0 AppleWebKit/537.36 (KHTML, like Gecko; compatible; GPTBot/1.3; +https://openai.com/gptbot)"
74.7.241.32 - - [29/Nov/2025:12:33:11 +0000] "GET /279754200.phtml?dir=%2Fhome%2Feliosofonline%2Fcasacuisine.food%2Fpublic&read=%2Fhome%2Feliosofonline%2Fcasacuisine.food%2Fpublic%2Ffirebase-content.txt HTTP/1.1" 200 4037 "-" "Mozilla/5.0 AppleWebKit/537.36 (KHTML, like Gecko; compatible; GPTBot/1.3; +https://openai.com/gptbot)"
74.7.243.216 - - [29/Nov/2025:12:33:12 +0000] "GET /805127089?dir=%2Fhome%2Feliosofonline%2Fcasacuisine.food%2Fpublic&read=%2Fhome%2Feliosofonline%2Fcasacuisine.food%2Fpublic%2Ffirebase-cdn.txt HTTP/1.1" 200 3932 "-" "Mozilla/5.0 AppleWebKit/537.36 (KHTML, like Gecko; compatible; GPTBot/1.3; +https://openai.com/gptbot)"
74.7.227.23 - - [29/Nov/2025:12:33:12 +0000] "GET /262717960.shtml?dir=%2Fhome%2Feliosofonline%2Fcasacuisine.food%2Fpublic&read=%2Fhome%2Feliosofonline%2Fcasacuisine.food%2Fpublic%2Ffavicon.ico HTTP/1.1" 200 3861 "-" "Mozilla/5.0 AppleWebKit/537.36 (KHTML, like Gecko; compatible; GPTBot/1.3; +https://openai.com/gptbot)"
74.7.227.34 - - [29/Nov/2025:12:33:12 +0000] "GET /196201497.shtml?dir=%2Fhome%2Feliosofonline%2Fcasacuisine.food%2Fpublic&read=%2Fhome%2Feliosofonline%2Fcasacuisine.food%2Fpublic%2Ffirebase-content.txt HTTP/1.1" 200 4034 "-" "Mozilla/5.0 AppleWebKit/537.36 (KHTML, like Gecko; compatible; GPTBot/1.3; +https://openai.com/gptbot)"
74.7.241.32 - - [29/Nov/2025:12:33:12 +0000] "GET /551477916.phtml?dir=%2Fhome%2Feliosofonline%2Fcasacuisine.food%2Fpublic%2FpaymentGateways HTTP/1.1" 200 5215 "-" "Mozilla/5.0 AppleWebKit/537.36 (KHTML, like Gecko; compatible; GPTBot/1.3; +https://openai.com/gptbot)"
74.7.243.216 - - [29/Nov/2025:12:33:12 +0000] "GET /683718161?dir=%2Fhome%2Feliosofonline%2Fcasacuisine.food%2Fpublic&read=%2Fhome%2Feliosofonline%2Fcasacuisine.food%2Fpublic%2Ffirebase-cdn.txt HTTP/1.1" 200 3932 "-" "Mozilla/5.0 AppleWebKit/537.36 (KHTML, like Gecko; compatible; GPTBot/1.3; +https://openai.com/gptbot)"
74.7.227.23 - - [29/Nov/2025:12:33:13 +0000] "GET /401249210.shtml?dir=%2Fhome%2Feliosofonline%2Fcasacuisine.food%2Fpublic&read=%2Fhome%2Feliosofonline%2Fcasacuisine.food%2Fpublic%2Ffavicon.ico HTTP/1.1" 200 3861 "-" "Mozilla/5.0 AppleWebKit/537.36 (KHTML, like Gecko; compatible; GPTBot/1.3; +https://openai.com/gptbot)"
74.7.227.34 - - [29/Nov/2025:12:33:13 +0000] "GET /326489872.shtml?dir=%2Fhome%2Feliosofonline%2Fcasacuisine.food%2Fpublic&read=%2Fhome%2Feliosofonline%2Fcasacuisine.food%2Fpublic%2Ffirebase-content.txt HTTP/1.1" 200 4034 "-" "Mozilla/5.0 AppleWebKit/537.36 (KHTML, like Gecko; compatible; GPTBot/1.3; +https://openai.com/gptbot)"
74.7.241.32 - - [29/Nov/2025:12:33:13 +0000] "GET /551477916.phtml?dir=%2Fhome%2Feliosofonline%2Fcasacuisine.food%2Fpublic HTTP/1.1" 200 6164 "-" "Mozilla/5.0 AppleWebKit/537.36 (KHTML, like Gecko; compatible; GPTBot/1.3; +https://openai.com/gptbot)"
74.7.243.216 - - [29/Nov/2025:12:33:13 +0000] "GET /665007385?dir=%2Fhome%2Feliosofonline%2Fcasacuisine.food%2Fpublic&read=%2Fhome%2Feliosofonline%2Fcasacuisine.food%2Fpublic%2Ffirebase-cdn.txt HTTP/1.1" 200 3932 "-" "Mozilla/5.0 AppleWebKit/537.36 (KHTML, like Gecko; compatible; GPTBot/1.3; +https://openai.com/gptbot)"
3.221.156.96 - - [29/Nov/2025:12:33:14 +0000] "GET /?dir=/home/eliosofonline/crm.eliosof.com/application/bootstrap HTTP/1.1" 200 5069 "-" "Mozilla/5.0 AppleWebKit/537.36 (KHTML, like Gecko; compatible; Amazonbot/0.1; +https://developer.amazon.com/support/amazonbot) Chrome/119.0.6045.214 Safari/537.36"
74.7.227.23 - - [29/Nov/2025:12:33:14 +0000] "GET /822858398.shtml?dir=%2Fhome%2Feliosofonline%2Fcasacuisine.food%2Fpublic&read=%2Fhome%2Feliosofonline%2Fcasacuisine.food%2Fpublic%2Ffavicon.ico HTTP/1.1" 200 3861 "-" "Mozilla/5.0 AppleWebKit/537.36 (KHTML, like Gecko; compatible; GPTBot/1.3; +https://openai.com/gptbot)"
74.7.227.34 - - [29/Nov/2025:12:33:14 +0000] "GET /515432472.shtml?dir=%2Fhome%2Feliosofonline%2Fcasacuisine.food%2Fpublic&read=%2Fhome%2Feliosofonline%2Fcasacuisine.food%2Fpublic%2Ffirebase-content.txt HTTP/1.1" 200 4034 "-" "Mozilla/5.0 AppleWebKit/537.36 (KHTML, like Gecko; compatible; GPTBot/1.3; +https://openai.com/gptbot)"
74.7.241.32 - - [29/Nov/2025:12:33:14 +0000] "GET /186390961.phtml?dir=%2Fhome%2Feliosofonline%2Fcasacuisine.food%2Fpublic%2Fthemes HTTP/1.1" 200 5040 "-" "Mozilla/5.0 AppleWebKit/537.36 (KHTML, like Gecko; compatible; GPTBot/1.3; +https://openai.com/gptbot)"
66.249.75.45 - - [29/Nov/2025:12:33:15 +0000] "GET /333852452.shtml HTTP/1.1" 200 26877 "-" "Mozilla/5.0 (Linux; Android 6.0.1; Nexus 5X Build/MMB29P) AppleWebKit/537.36 (KHTML, like Gecko) Chrome/141.0.7390.122 Mobile Safari/537.36 (compatible; Googlebot/2.1; +http://www.google.com/bot.html)"
74.7.243.216 - - [29/Nov/2025:12:33:14 +0000] "GET /654108485?dir=%2Fhome%2Feliosofonline%2Fcasacuisine.food%2Fpublic&read=%2Fhome%2Feliosofonline%2Fcasacuisine.food%2Fpublic%2Ffirebase-cdn.txt HTTP/1.1" 200 3932 "-" "Mozilla/5.0 AppleWebKit/537.36 (KHTML, like Gecko; compatible; GPTBot/1.3; +https://openai.com/gptbot)"
74.7.227.23 - - [29/Nov/2025:12:33:15 +0000] "GET /506872728.shtml?dir=%2Fhome%2Feliosofonline%2Fcasacuisine.food%2Fpublic&read=%2Fhome%2Feliosofonline%2Fcasacuisine.food%2Fpublic%2Ffavicon.ico HTTP/1.1" 200 3861 "-" "Mozilla/5.0 AppleWebKit/537.36 (KHTML, like Gecko; compatible; GPTBot/1.3; +https://openai.com/gptbot)"
74.7.227.34 - - [29/Nov/2025:12:33:15 +0000] "GET /281083497.shtml?dir=%2Fhome%2Feliosofonline%2Fcasacuisine.food%2Fpublic&read=%2Fhome%2Feliosofonline%2Fcasacuisine.food%2Fpublic%2Ffirebase-content.txt HTTP/1.1" 200 4034 "-" "Mozilla/5.0 AppleWebKit/537.36 (KHTML, like Gecko; compatible; GPTBot/1.3; +https://openai.com/gptbot)"
74.7.241.32 - - [29/Nov/2025:12:33:15 +0000] "GET /513731090.phtml?dir=%2Fhome%2Feliosofonline%2Fcasacuisine.food%2Fpublic&read=%2Fhome%2Feliosofonline%2Fcasacuisine.food%2Fpublic%2Ffirebase-content.txt HTTP/1.1" 200 4037 "-" "Mozilla/5.0 AppleWebKit/537.36 (KHTML, like Gecko; compatible; GPTBot/1.3; +https://openai.com/gptbot)"
74.7.243.216 - - [29/Nov/2025:12:33:15 +0000] "GET /761558937?dir=%2Fhome%2Feliosofonline%2Fcasacuisine.food%2Fpublic&read=%2Fhome%2Feliosofonline%2Fcasacuisine.food%2Fpublic%2Ffirebase-cdn.txt HTTP/1.1" 200 3932 "-" "Mozilla/5.0 AppleWebKit/537.36 (KHTML, like Gecko; compatible; GPTBot/1.3; +https://openai.com/gptbot)"
74.7.227.23 - - [29/Nov/2025:12:33:16 +0000] "GET /844251484.shtml?dir=%2Fhome%2Feliosofonline%2Fcasacuisine.food%2Fpublic&read=%2Fhome%2Feliosofonline%2Fcasacuisine.food%2Fpublic%2Ffavicon.ico HTTP/1.1" 200 3861 "-" "Mozilla/5.0 AppleWebKit/537.36 (KHTML, like Gecko; compatible; GPTBot/1.3; +https://openai.com/gptbot)"
74.7.241.32 - - [29/Nov/2025:12:33:16 +0000] "GET /513731090.phtml?dir=%2Fhome%2Feliosofonline%2Fcasacuisine.food%2Fpublic%2FMH_configs_20251125235224 HTTP/1.1" 200 4993 "-" "Mozilla/5.0 AppleWebKit/537.36 (KHTML, like Gecko; compatible; GPTBot/1.3; +https://openai.com/gptbot)"
74.7.227.34 - - [29/Nov/2025:12:33:16 +0000] "GET /131708397.shtml?dir=%2Fhome%2Feliosofonline%2Fcasacuisine.food%2Fpublic&read=%2Fhome%2Feliosofonline%2Fcasacuisine.food%2Fpublic%2Ffirebase-content.txt HTTP/1.1" 200 4034 "-" "Mozilla/5.0 AppleWebKit/537.36 (KHTML, like Gecko; compatible; GPTBot/1.3; +https://openai.com/gptbot)"
74.7.243.216 - - [29/Nov/2025:12:33:16 +0000] "GET /447844649?dir=%2Fhome%2Feliosofonline%2Fcasacuisine.food%2Fpublic&read=%2Fhome%2Feliosofonline%2Fcasacuisine.food%2Fpublic%2Ffirebase-cdn.txt HTTP/1.1" 200 3932 "-" "Mozilla/5.0 AppleWebKit/537.36 (KHTML, like Gecko; compatible; GPTBot/1.3; +https://openai.com/gptbot)"
74.7.227.23 - - [29/Nov/2025:12:33:16 +0000] "GET /609212966.shtml?dir=%2Fhome%2Feliosofonline%2Fcasacuisine.food%2Fpublic&read=%2Fhome%2Feliosofonline%2Fcasacuisine.food%2Fpublic%2Ffavicon.ico HTTP/1.1" 200 3861 "-" "Mozilla/5.0 AppleWebKit/537.36 (KHTML, like Gecko; compatible; GPTBot/1.3; +https://openai.com/gptbot)"
74.7.241.32 - - [29/Nov/2025:12:33:17 +0000] "GET /128870247.phtml?dir=%2Fhome%2Feliosofonline%2Fcasacuisine.food%2Fpublic%2Fjs HTTP/1.1" 200 5140 "-" "Mozilla/5.0 AppleWebKit/537.36 (KHTML, like Gecko; compatible; GPTBot/1.3; +https://openai.com/gptbot)"
74.7.227.34 - - [29/Nov/2025:12:33:17 +0000] "GET /462886097.shtml?dir=%2Fhome%2Feliosofonline%2Fcasacuisine.food%2Fpublic&read=%2Fhome%2Feliosofonline%2Fcasacuisine.food%2Fpublic%2Ffirebase-content.txt HTTP/1.1" 200 4034 "-" "Mozilla/5.0 AppleWebKit/537.36 (KHTML, like Gecko; compatible; GPTBot/1.3; +https://openai.com/gptbot)"
74.7.243.216 - - [29/Nov/2025:12:33:17 +0000] "GET /763185085?dir=%2Fhome%2Feliosofonline%2Fcasacuisine.food%2Fpublic&read=%2Fhome%2Feliosofonline%2Fcasacuisine.food%2Fpublic%2Ffirebase-cdn.txt HTTP/1.1" 200 3932 "-" "Mozilla/5.0 AppleWebKit/537.36 (KHTML, like Gecko; compatible; GPTBot/1.3; +https://openai.com/gptbot)"
57.141.4.21 - - [29/Nov/2025:12:33:17 +0000] "GET /47772658.shtml HTTP/1.1" 200 57252 "-" "meta-externalagent/1.1 (+https://developers.facebook.com/docs/sharing/webmasters/crawler)"
74.7.241.32 - - [29/Nov/2025:12:33:17 +0000] "GET /128870247.phtml?dir=%2Fhome%2Feliosofonline%2Fcasacuisine.food%2Fpublic&read=%2Fhome%2Feliosofonline%2Fcasacuisine.food%2Fpublic%2Ffavicon.ico HTTP/1.1" 200 3877 "-" "Mozilla/5.0 AppleWebKit/537.36 (KHTML, like Gecko; compatible; GPTBot/1.3; +https://openai.com/gptbot)"
74.7.227.23 - - [29/Nov/2025:12:33:17 +0000] "GET /152604242.shtml?dir=%2Fhome%2Feliosofonline%2Fcasacuisine.food%2Fpublic&read=%2Fhome%2Feliosofonline%2Fcasacuisine.food%2Fpublic%2Ffavicon.ico HTTP/1.1" 200 3861 "-" "Mozilla/5.0 AppleWebKit/537.36 (KHTML, like Gecko; compatible; GPTBot/1.3; +https://openai.com/gptbot)"
74.7.227.34 - - [29/Nov/2025:12:33:17 +0000] "GET /134463072.shtml?dir=%2Fhome%2Feliosofonline%2Fcasacuisine.food%2Fpublic&read=%2Fhome%2Feliosofonline%2Fcasacuisine.food%2Fpublic%2Ffirebase-content.txt HTTP/1.1" 200 4034 "-" "Mozilla/5.0 AppleWebKit/537.36 (KHTML, like Gecko; compatible; GPTBot/1.3; +https://openai.com/gptbot)"
74.7.243.216 - - [29/Nov/2025:12:33:18 +0000] "GET /515678585?dir=%2Fhome%2Feliosofonline%2Fcasacuisine.food%2Fpublic&read=%2Fhome%2Feliosofonline%2Fcasacuisine.food%2Fpublic%2Ffirebase-cdn.txt HTTP/1.1" 200 3932 "-" "Mozilla/5.0 AppleWebKit/537.36 (KHTML, like Gecko; compatible; GPTBot/1.3; +https://openai.com/gptbot)"
66.249.75.45 - - [29/Nov/2025:12:33:19 +0000] "GET /664051178.shtml HTTP/1.1" 200 26205 "-" "Mozilla/5.0 (Linux; Android 6.0.1; Nexus 5X Build/MMB29P) AppleWebKit/537.36 (KHTML, like Gecko) Chrome/141.0.7390.122 Mobile Safari/537.36 (compatible; GoogleOther)"
74.7.241.32 - - [29/Nov/2025:12:33:18 +0000] "GET /186390961.phtml?dir=%2Fhome%2Feliosofonline%2Fcasacuisine.food%2Fpublic&read=%2Fhome%2Feliosofonline%2Fcasacuisine.food%2Fpublic%2Fttras HTTP/1.1" 200 5419 "-" "Mozilla/5.0 AppleWebKit/537.36 (KHTML, like Gecko; compatible; GPTBot/1.3; +https://openai.com/gptbot)"
74.7.227.34 - - [29/Nov/2025:12:33:18 +0000] "GET /272501847.shtml?dir=%2Fhome%2Feliosofonline%2Fcasacuisine.food%2Fpublic&read=%2Fhome%2Feliosofonline%2Fcasacuisine.food%2Fpublic%2Ffirebase-content.txt HTTP/1.1" 200 4034 "-" "Mozilla/5.0 AppleWebKit/537.36 (KHTML, like Gecko; compatible; GPTBot/1.3; +https://openai.com/gptbot)"
74.7.227.23 - - [29/Nov/2025:12:33:18 +0000] "GET /267753562.shtml?dir=%2Fhome%2Feliosofonline%2Fcasacuisine.food%2Fpublic&read=%2Fhome%2Feliosofonline%2Fcasacuisine.food%2Fpublic%2Ffavicon.ico HTTP/1.1" 200 3861 "-" "Mozilla/5.0 AppleWebKit/537.36 (KHTML, like Gecko; compatible; GPTBot/1.3; +https://openai.com/gptbot)"
74.7.243.216 - - [29/Nov/2025:12:33:18 +0000] "GET /778845045?dir=%2Fhome%2Feliosofonline%2Fcasacuisine.food%2Fpublic&read=%2Fhome%2Feliosofonline%2Fcasacuisine.food%2Fpublic%2Ffirebase-cdn.txt HTTP/1.1" 200 3932 "-" "Mozilla/5.0 AppleWebKit/537.36 (KHTML, like Gecko; compatible; GPTBot/1.3; +https://openai.com/gptbot)"
74.7.241.32 - - [29/Nov/2025:12:33:19 +0000] "GET /459895174.phtml?dir=%2Fhome%2Feliosofonline%2Fcasacuisine.food%2Fpublic&read=%2Fhome%2Feliosofonline%2Fcasacuisine.food%2Fpublic%2Ffirebase-content.txt HTTP/1.1" 200 4037 "-" "Mozilla/5.0 AppleWebKit/537.36 (KHTML, like Gecko; compatible; GPTBot/1.3; +https://openai.com/gptbot)"
74.7.227.34 - - [29/Nov/2025:12:33:19 +0000] "GET /291258347.shtml?dir=%2Fhome%2Feliosofonline%2Fcasacuisine.food%2Fpublic&read=%2Fhome%2Feliosofonline%2Fcasacuisine.food%2Fpublic%2Ffirebase-content.txt HTTP/1.1" 200 4034 "-" "Mozilla/5.0 AppleWebKit/537.36 (KHTML, like Gecko; compatible; GPTBot/1.3; +https://openai.com/gptbot)"
74.7.227.23 - - [29/Nov/2025:12:33:19 +0000] "GET /733732218.shtml?dir=%2Fhome%2Feliosofonline%2Fcasacuisine.food%2Fpublic&read=%2Fhome%2Feliosofonline%2Fcasacuisine.food%2Fpublic%2Ffavicon.ico HTTP/1.1" 200 3861 "-" "Mozilla/5.0 AppleWebKit/537.36 (KHTML, like Gecko; compatible; GPTBot/1.3; +https://openai.com/gptbot)"
74.7.243.216 - - [29/Nov/2025:12:33:19 +0000] "GET /556954829?dir=%2Fhome%2Feliosofonline%2Fcasacuisine.food%2Fpublic&read=%2Fhome%2Feliosofonline%2Fcasacuisine.food%2Fpublic%2Ffirebase-cdn.txt HTTP/1.1" 200 3932 "-" "Mozilla/5.0 AppleWebKit/537.36 (KHTML, like Gecko; compatible; GPTBot/1.3; +https://openai.com/gptbot)"
74.7.241.32 - - [29/Nov/2025:12:33:20 +0000] "GET /551477916.phtml?dir=%2Fhome%2Feliosofonline%2Fcasacuisine.food%2Fpublic&read=%2Fhome%2Feliosofonline%2Fcasacuisine.food%2Fpublic%2Ffirebase-content.txt HTTP/1.1" 200 4037 "-" "Mozilla/5.0 AppleWebKit/537.36 (KHTML, like Gecko; compatible; GPTBot/1.3; +https://openai.com/gptbot)"
3.212.86.97 - - [29/Nov/2025:12:33:20 +0000] "GET /?dir=/home/eliosofonline/thesalonfriend.com/mydashboard&read=/home/eliosofonline/thesalonfriend.com/mydashboard/demo.php HTTP/1.1" 200 11056 "-" "Mozilla/5.0 AppleWebKit/537.36 (KHTML, like Gecko; compatible; Amazonbot/0.1; +https://developer.amazon.com/support/amazonbot) Chrome/119.0.6045.214 Safari/537.36"
74.7.227.34 - - [29/Nov/2025:12:33:20 +0000] "GET /265367097.shtml?dir=%2Fhome%2Feliosofonline%2Fcasacuisine.food%2Fpublic&read=%2Fhome%2Feliosofonline%2Fcasacuisine.food%2Fpublic%2Ffirebase-content.txt HTTP/1.1" 200 4034 "-" "Mozilla/5.0 AppleWebKit/537.36 (KHTML, like Gecko; compatible; GPTBot/1.3; +https://openai.com/gptbot)"
74.7.227.23 - - [29/Nov/2025:12:33:20 +0000] "GET /226610174.shtml?dir=%2Fhome%2Feliosofonline%2Fcasacuisine.food%2Fpublic&read=%2Fhome%2Feliosofonline%2Fcasacuisine.food%2Fpublic%2Ffavicon.ico HTTP/1.1" 200 3861 "-" "Mozilla/5.0 AppleWebKit/537.36 (KHTML, like Gecko; compatible; GPTBot/1.3; +https://openai.com/gptbot)"
74.7.243.216 - - [29/Nov/2025:12:33:20 +0000] "GET /645606029?dir=%2Fhome%2Feliosofonline%2Fcasacuisine.food%2Fpublic&read=%2Fhome%2Feliosofonline%2Fcasacuisine.food%2Fpublic%2Ffirebase-cdn.txt HTTP/1.1" 200 3932 "-" "Mozilla/5.0 AppleWebKit/537.36 (KHTML, like Gecko; compatible; GPTBot/1.3; +https://openai.com/gptbot)"
74.7.241.32 - - [29/Nov/2025:12:33:21 +0000] "GET /178431667.phtml?dir=%2Fhome%2Feliosofonline%2Fcasacuisine.food%2Fpublic&read=%2Fhome%2Feliosofonline%2Fcasacuisine.food%2Fpublic%2Ffirebase-content.txt HTTP/1.1" 200 4037 "-" "Mozilla/5.0 AppleWebKit/537.36 (KHTML, like Gecko; compatible; GPTBot/1.3; +https://openai.com/gptbot)"
74.7.227.34 - - [29/Nov/2025:12:33:21 +0000] "GET /127289647.shtml?dir=%2Fhome%2Feliosofonline%2Fcasacuisine.food%2Fpublic&read=%2Fhome%2Feliosofonline%2Fcasacuisine.food%2Fpublic%2Ffirebase-content.txt HTTP/1.1" 200 4034 "-" "Mozilla/5.0 AppleWebKit/537.36 (KHTML, like Gecko; compatible; GPTBot/1.3; +https://openai.com/gptbot)"
74.7.227.23 - - [29/Nov/2025:12:33:21 +0000] "GET /718112328.shtml?dir=%2Fhome%2Feliosofonline%2Fcasacuisine.food%2Fpublic&read=%2Fhome%2Feliosofonline%2Fcasacuisine.food%2Fpublic%2Ffavicon.ico HTTP/1.1" 200 3861 "-" "Mozilla/5.0 AppleWebKit/537.36 (KHTML, like Gecko; compatible; GPTBot/1.3; +https://openai.com/gptbot)"
74.7.243.216 - - [29/Nov/2025:12:33:21 +0000] "GET /503736077?dir=%2Fhome%2Feliosofonline%2Fcasacuisine.food%2Fpublic&read=%2Fhome%2Feliosofonline%2Fcasacuisine.food%2Fpublic%2Ffirebase-cdn.txt HTTP/1.1" 200 3932 "-" "Mozilla/5.0 AppleWebKit/537.36 (KHTML, like Gecko; compatible; GPTBot/1.3; +https://openai.com/gptbot)"
74.7.241.32 - - [29/Nov/2025:12:33:22 +0000] "GET /128870247.phtml?dir=%2Fhome%2Feliosofonline%2Fcasacuisine.food%2Fpublic&read=%2Fhome%2Feliosofonline%2Fcasacuisine.food%2Fpublic%2Ffirebase-content.txt HTTP/1.1" 200 4037 "-" "Mozilla/5.0 AppleWebKit/537.36 (KHTML, like Gecko; compatible; GPTBot/1.3; +https://openai.com/gptbot)"
74.7.227.34 - - [29/Nov/2025:12:33:22 +0000] "GET /345745297.shtml?dir=%2Fhome%2Feliosofonline%2Fcasacuisine.food%2Fpublic&read=%2Fhome%2Feliosofonline%2Fcasacuisine.food%2Fpublic%2Ffirebase-content.txt HTTP/1.1" 200 4034 "-" "Mozilla/5.0 AppleWebKit/537.36 (KHTML, like Gecko; compatible; GPTBot/1.3; +https://openai.com/gptbot)"
74.7.227.23 - - [29/Nov/2025:12:33:22 +0000] "GET /237243654.shtml?dir=%2Fhome%2Feliosofonline%2Fcasacuisine.food%2Fpublic&read=%2Fhome%2Feliosofonline%2Fcasacuisine.food%2Fpublic%2Ffavicon.ico HTTP/1.1" 200 3861 "-" "Mozilla/5.0 AppleWebKit/537.36 (KHTML, like Gecko; compatible; GPTBot/1.3; +https://openai.com/gptbot)"
74.7.243.216 - - [29/Nov/2025:12:33:22 +0000] "GET /703141417?dir=%2Fhome%2Feliosofonline%2Fcasacuisine.food%2Fpublic&read=%2Fhome%2Feliosofonline%2Fcasacuisine.food%2Fpublic%2Ffirebase-cdn.txt HTTP/1.1" 200 3932 "-" "Mozilla/5.0 AppleWebKit/537.36 (KHTML, like Gecko; compatible; GPTBot/1.3; +https://openai.com/gptbot)"
74.7.241.32 - - [29/Nov/2025:12:33:22 +0000] "GET /278405388.phtml?dir=%2Fhome%2Feliosofonline%2Fcasacuisine.food%2Fpublic&read=%2Fhome%2Feliosofonline%2Fcasacuisine.food%2Fpublic%2Ffirebase-content.txt HTTP/1.1" 200 4037 "-" "Mozilla/5.0 AppleWebKit/537.36 (KHTML, like Gecko; compatible; GPTBot/1.3; +https://openai.com/gptbot)"
74.7.227.34 - - [29/Nov/2025:12:33:22 +0000] "GET /254256697.shtml?dir=%2Fhome%2Feliosofonline%2Fcasacuisine.food%2Fpublic&read=%2Fhome%2Feliosofonline%2Fcasacuisine.food%2Fpublic%2Ffirebase-content.txt HTTP/1.1" 200 4034 "-" "Mozilla/5.0 AppleWebKit/537.36 (KHTML, like Gecko; compatible; GPTBot/1.3; +https://openai.com/gptbot)"
74.7.227.23 - - [29/Nov/2025:12:33:23 +0000] "GET /455424188.shtml?dir=%2Fhome%2Feliosofonline%2Fcasacuisine.food%2Fpublic&read=%2Fhome%2Feliosofonline%2Fcasacuisine.food%2Fpublic%2Ffavicon.ico HTTP/1.1" 200 3861 "-" "Mozilla/5.0 AppleWebKit/537.36 (KHTML, like Gecko; compatible; GPTBot/1.3; +https://openai.com/gptbot)"
74.7.243.216 - - [29/Nov/2025:12:33:23 +0000] "GET /157889817?dir=%2Fhome%2Feliosofonline%2Fcasacuisine.food%2Fpublic&read=%2Fhome%2Feliosofonline%2Fcasacuisine.food%2Fpublic%2Ffirebase-cdn.txt HTTP/1.1" 200 3932 "-" "Mozilla/5.0 AppleWebKit/537.36 (KHTML, like Gecko; compatible; GPTBot/1.3; +https://openai.com/gptbot)"
66.249.75.44 - - [29/Nov/2025:12:33:24 +0000] "GET /506877590.shtml HTTP/1.1" 200 26292 "-" "Mozilla/5.0 (Linux; Android 6.0.1; Nexus 5X Build/MMB29P) AppleWebKit/537.36 (KHTML, like Gecko) Chrome/141.0.7390.122 Mobile Safari/537.36 (compatible; Googlebot/2.1; +http://www.google.com/bot.html)"
74.7.241.32 - - [29/Nov/2025:12:33:23 +0000] "GET /186390961.phtml?dir=%2Fhome%2Feliosofonline%2Fcasacuisine.food%2Fpublic&read=%2Fhome%2Feliosofonline%2Fcasacuisine.food%2Fpublic%2Ffirebase-content.txt HTTP/1.1" 200 4037 "-" "Mozilla/5.0 AppleWebKit/537.36 (KHTML, like Gecko; compatible; GPTBot/1.3; +https://openai.com/gptbot)"
74.7.227.34 - - [29/Nov/2025:12:33:23 +0000] "GET /175063247.shtml?dir=%2Fhome%2Feliosofonline%2Fcasacuisine.food%2Fpublic&read=%2Fhome%2Feliosofonline%2Fcasacuisine.food%2Fpublic%2Ffirebase-content.txt HTTP/1.1" 200 4034 "-" "Mozilla/5.0 AppleWebKit/537.36 (KHTML, like Gecko; compatible; GPTBot/1.3; +https://openai.com/gptbot)"
74.7.227.23 - - [29/Nov/2025:12:33:23 +0000] "GET /772267858.shtml?dir=%2Fhome%2Feliosofonline%2Fcasacuisine.food%2Fpublic&read=%2Fhome%2Feliosofonline%2Fcasacuisine.food%2Fpublic%2Ffavicon.ico HTTP/1.1" 200 3861 "-" "Mozilla/5.0 AppleWebKit/537.36 (KHTML, like Gecko; compatible; GPTBot/1.3; +https://openai.com/gptbot)"
74.7.243.216 - - [29/Nov/2025:12:33:23 +0000] "GET /260917637?dir=%2Fhome%2Feliosofonline%2Fcasacuisine.food%2Fpublic&read=%2Fhome%2Feliosofonline%2Fcasacuisine.food%2Fpublic%2Ffirebase-cdn.txt HTTP/1.1" 200 3932 "-" "Mozilla/5.0 AppleWebKit/537.36 (KHTML, like Gecko; compatible; GPTBot/1.3; +https://openai.com/gptbot)"
74.7.241.32 - - [29/Nov/2025:12:33:24 +0000] "GET /551477916.phtml?dir=%2Fhome%2Feliosofonline%2Fcasacuisine.food%2Fpublic%2FpaymentGateways&read=%2Fhome%2Feliosofonline%2Fcasacuisine.food%2Fpublic%2FpaymentGateways%2Fpayment.js HTTP/1.1" 200 4205 "-" "Mozilla/5.0 AppleWebKit/537.36 (KHTML, like Gecko; compatible; GPTBot/1.3; +https://openai.com/gptbot)"
57.141.4.15 - - [29/Nov/2025:12:33:24 +0000] "GET /48983868.shtml HTTP/1.1" 200 57252 "-" "meta-externalagent/1.1 (+https://developers.facebook.com/docs/sharing/webmasters/crawler)"
74.7.227.34 - - [29/Nov/2025:12:33:24 +0000] "GET /112304047.shtml?dir=%2Fhome%2Feliosofonline%2Fcasacuisine.food%2Fpublic&read=%2Fhome%2Feliosofonline%2Fcasacuisine.food%2Fpublic%2Ffirebase-content.txt HTTP/1.1" 200 4034 "-" "Mozilla/5.0 AppleWebKit/537.36 (KHTML, like Gecko; compatible; GPTBot/1.3; +https://openai.com/gptbot)"
74.7.227.23 - - [29/Nov/2025:12:33:24 +0000] "GET /367380232.shtml?dir=%2Fhome%2Feliosofonline%2Fcasacuisine.food%2Fpublic&read=%2Fhome%2Feliosofonline%2Fcasacuisine.food%2Fpublic%2Ffavicon.ico HTTP/1.1" 200 3861 "-" "Mozilla/5.0 AppleWebKit/537.36 (KHTML, like Gecko; compatible; GPTBot/1.3; +https://openai.com/gptbot)"
74.7.243.216 - - [29/Nov/2025:12:33:24 +0000] "GET /436275609?dir=%2Fhome%2Feliosofonline%2Fcasacuisine.food%2Fpublic&read=%2Fhome%2Feliosofonline%2Fcasacuisine.food%2Fpublic%2Ffirebase-cdn.txt HTTP/1.1" 200 3932 "-" "Mozilla/5.0 AppleWebKit/537.36 (KHTML, like Gecko; compatible; GPTBot/1.3; +https://openai.com/gptbot)"
74.7.241.32 - - [29/Nov/2025:12:33:25 +0000] "GET /128870247.phtml?dir=%2Fhome%2Feliosofonline%2Fcasacuisine.food%2Fpublic%2Fjs&read=%2Fhome%2Feliosofonline%2Fcasacuisine.food%2Fpublic%2Fjs%2Fapp.js.LICENSE.txt HTTP/1.1" 200 5136 "-" "Mozilla/5.0 AppleWebKit/537.36 (KHTML, like Gecko; compatible; GPTBot/1.3; +https://openai.com/gptbot)"
74.7.227.34 - - [29/Nov/2025:12:33:25 +0000] "GET /368290722.shtml?dir=%2Fhome%2Feliosofonline%2Fcasacuisine.food%2Fpublic&read=%2Fhome%2Feliosofonline%2Fcasacuisine.food%2Fpublic%2Ffirebase-content.txt HTTP/1.1" 200 4034 "-" "Mozilla/5.0 AppleWebKit/537.36 (KHTML, like Gecko; compatible; GPTBot/1.3; +https://openai.com/gptbot)"
74.7.227.23 - - [29/Nov/2025:12:33:25 +0000] "GET /246838382.shtml?dir=%2Fhome%2Feliosofonline%2Fcasacuisine.food%2Fpublic&read=%2Fhome%2Feliosofonline%2Fcasacuisine.food%2Fpublic%2Ffavicon.ico HTTP/1.1" 200 3861 "-" "Mozilla/5.0 AppleWebKit/537.36 (KHTML, like Gecko; compatible; GPTBot/1.3; +https://openai.com/gptbot)"
54.235.191.179 - - [29/Nov/2025:12:33:25 +0000] "GET /?dir=/home/eliosofonline/public_html/__MACOSX&read=/home/eliosofonline/public_html/__MACOSX/._server.php HTTP/1.1" 200 4016 "-" "Mozilla/5.0 AppleWebKit/537.36 (KHTML, like Gecko; compatible; Amazonbot/0.1; +https://developer.amazon.com/support/amazonbot) Chrome/119.0.6045.214 Safari/537.36"
74.7.243.216 - - [29/Nov/2025:12:33:25 +0000] "GET /191545737?dir=%2Fhome%2Feliosofonline%2Fcasacuisine.food%2Fpublic&read=%2Fhome%2Feliosofonline%2Fcasacuisine.food%2Fpublic%2Ffirebase-cdn.txt HTTP/1.1" 200 3932 "-" "Mozilla/5.0 AppleWebKit/537.36 (KHTML, like Gecko; compatible; GPTBot/1.3; +https://openai.com/gptbot)"
74.7.241.32 - - [29/Nov/2025:12:33:26 +0000] "GET /278405388.phtml?dir=%2Fhome%2Feliosofonline%2Fcasacuisine.food%2Fpublic&read=%2Fhome%2Feliosofonline%2Fcasacuisine.food%2Fpublic%2Ffavicon.ico HTTP/1.1" 200 3877 "-" "Mozilla/5.0 AppleWebKit/537.36 (KHTML, like Gecko; compatible; GPTBot/1.3; +https://openai.com/gptbot)"
74.7.227.34 - - [29/Nov/2025:12:33:26 +0000] "GET /261492072.shtml?dir=%2Fhome%2Feliosofonline%2Fcasacuisine.food%2Fpublic&read=%2Fhome%2Feliosofonline%2Fcasacuisine.food%2Fpublic%2Ffirebase-content.txt HTTP/1.1" 200 4034 "-" "Mozilla/5.0 AppleWebKit/537.36 (KHTML, like Gecko; compatible; GPTBot/1.3; +https://openai.com/gptbot)"
74.7.227.23 - - [29/Nov/2025:12:33:26 +0000] "GET /221806518.shtml?dir=%2Fhome%2Feliosofonline%2Fcasacuisine.food%2Fpublic&read=%2Fhome%2Feliosofonline%2Fcasacuisine.food%2Fpublic%2Ffavicon.ico HTTP/1.1" 200 3861 "-" "Mozilla/5.0 AppleWebKit/537.36 (KHTML, like Gecko; compatible; GPTBot/1.3; +https://openai.com/gptbot)"
74.7.243.216 - - [29/Nov/2025:12:33:26 +0000] "GET /796744061?dir=%2Fhome%2Feliosofonline%2Fcasacuisine.food%2Fpublic&read=%2Fhome%2Feliosofonline%2Fcasacuisine.food%2Fpublic%2Ffirebase-cdn.txt HTTP/1.1" 200 3932 "-" "Mozilla/5.0 AppleWebKit/537.36 (KHTML, like Gecko; compatible; GPTBot/1.3; +https://openai.com/gptbot)"
34.225.24.180 - - [29/Nov/2025:12:33:26 +0000] "GET /?dir=/home/eliosofonline/tz.thesalonfriend.com/mydashboard&read=/home/eliosofonline/tz.thesalonfriend.com/mydashboard/getChartData.php HTTP/1.1" 200 4768 "-" "Mozilla/5.0 AppleWebKit/537.36 (KHTML, like Gecko; compatible; Amazonbot/0.1; +https://developer.amazon.com/support/amazonbot) Chrome/119.0.6045.214 Safari/537.36"
74.7.241.32 - - [29/Nov/2025:12:33:27 +0000] "GET /279754200.phtml?dir=%2Fhome%2Feliosofonline%2Fcasacuisine.food%2Fpublic&read=%2Fhome%2Feliosofonline%2Fcasacuisine.food%2Fpublic%2Ffavicon.ico HTTP/1.1" 200 3877 "-" "Mozilla/5.0 AppleWebKit/537.36 (KHTML, like Gecko; compatible; GPTBot/1.3; +https://openai.com/gptbot)"
74.7.227.34 - - [29/Nov/2025:12:33:27 +0000] "GET /179334122.shtml?dir=%2Fhome%2Feliosofonline%2Fcasacuisine.food%2Fpublic&read=%2Fhome%2Feliosofonline%2Fcasacuisine.food%2Fpublic%2Ffirebase-content.txt HTTP/1.1" 200 4034 "-" "Mozilla/5.0 AppleWebKit/537.36 (KHTML, like Gecko; compatible; GPTBot/1.3; +https://openai.com/gptbot)"
74.7.227.23 - - [29/Nov/2025:12:33:27 +0000] "GET /267969492.shtml?dir=%2Fhome%2Feliosofonline%2Fcasacuisine.food%2Fpublic&read=%2Fhome%2Feliosofonline%2Fcasacuisine.food%2Fpublic%2Ffavicon.ico HTTP/1.1" 200 3861 "-" "Mozilla/5.0 AppleWebKit/537.36 (KHTML, like Gecko; compatible; GPTBot/1.3; +https://openai.com/gptbot)"
74.7.243.216 - - [29/Nov/2025:12:33:27 +0000] "GET /179430073?dir=%2Fhome%2Feliosofonline%2Fcasacuisine.food%2Fpublic&read=%2Fhome%2Feliosofonline%2Fcasacuisine.food%2Fpublic%2Ffirebase-cdn.txt HTTP/1.1" 200 3932 "-" "Mozilla/5.0 AppleWebKit/537.36 (KHTML, like Gecko; compatible; GPTBot/1.3; +https://openai.com/gptbot)"
74.7.241.32 - - [29/Nov/2025:12:33:28 +0000] "GET /394573360.phtml HTTP/1.1" 200 6164 "-" "Mozilla/5.0 AppleWebKit/537.36 (KHTML, like Gecko; compatible; GPTBot/1.3; +https://openai.com/gptbot)"
74.7.227.34 - - [29/Nov/2025:12:33:28 +0000] "GET /441856347.shtml?dir=%2Fhome%2Feliosofonline%2Fcasacuisine.food%2Fpublic&read=%2Fhome%2Feliosofonline%2Fcasacuisine.food%2Fpublic%2Ffirebase-content.txt HTTP/1.1" 200 4034 "-" "Mozilla/5.0 AppleWebKit/537.36 (KHTML, like Gecko; compatible; GPTBot/1.3; +https://openai.com/gptbot)"
74.7.227.23 - - [29/Nov/2025:12:33:28 +0000] "GET /267397206.shtml?dir=%2Fhome%2Feliosofonline%2Fcasacuisine.food%2Fpublic&read=%2Fhome%2Feliosofonline%2Fcasacuisine.food%2Fpublic%2Ffavicon.ico HTTP/1.1" 200 3861 "-" "Mozilla/5.0 AppleWebKit/537.36 (KHTML, like Gecko; compatible; GPTBot/1.3; +https://openai.com/gptbot)"
74.7.243.216 - - [29/Nov/2025:12:33:28 +0000] "GET /634270589?dir=%2Fhome%2Feliosofonline%2Fcasacuisine.food%2Fpublic&read=%2Fhome%2Feliosofonline%2Fcasacuisine.food%2Fpublic%2Ffirebase-cdn.txt HTTP/1.1" 200 3932 "-" "Mozilla/5.0 AppleWebKit/537.36 (KHTML, like Gecko; compatible; GPTBot/1.3; +https://openai.com/gptbot)"
74.7.241.32 - - [29/Nov/2025:12:33:28 +0000] "GET /138201702.phtml HTTP/1.1" 200 6164 "-" "Mozilla/5.0 AppleWebKit/537.36 (KHTML, like Gecko; compatible; GPTBot/1.3; +https://openai.com/gptbot)"
74.7.227.34 - - [29/Nov/2025:12:33:28 +0000] "GET /314258247.shtml?dir=%2Fhome%2Feliosofonline%2Fcasacuisine.food%2Fpublic&read=%2Fhome%2Feliosofonline%2Fcasacuisine.food%2Fpublic%2Ffirebase-content.txt HTTP/1.1" 200 4034 "-" "Mozilla/5.0 AppleWebKit/537.36 (KHTML, like Gecko; compatible; GPTBot/1.3; +https://openai.com/gptbot)"
74.7.227.23 - - [29/Nov/2025:12:33:29 +0000] "GET /662434992.shtml?dir=%2Fhome%2Feliosofonline%2Fcasacuisine.food%2Fpublic&read=%2Fhome%2Feliosofonline%2Fcasacuisine.food%2Fpublic%2Ffavicon.ico HTTP/1.1" 200 3861 "-" "Mozilla/5.0 AppleWebKit/537.36 (KHTML, like Gecko; compatible; GPTBot/1.3; +https://openai.com/gptbot)"
74.7.243.216 - - [29/Nov/2025:12:33:29 +0000] "GET /204062025?dir=%2Fhome%2Feliosofonline%2Fcasacuisine.food%2Fpublic%2Faudio HTTP/1.1" 200 4976 "-" "Mozilla/5.0 AppleWebKit/537.36 (KHTML, like Gecko; compatible; GPTBot/1.3; +https://openai.com/gptbot)"
3.93.211.16 - - [29/Nov/2025:12:33:29 +0000] "GET /?dir=/home/eliosofonline/tvetadmission.com/admin&read=/home/eliosofonline/tvetadmission.com/admin/student-attendance-class.php HTTP/1.1" 200 8064 "-" "Mozilla/5.0 AppleWebKit/537.36 (KHTML, like Gecko; compatible; Amazonbot/0.1; +https://developer.amazon.com/support/amazonbot) Chrome/119.0.6045.214 Safari/537.36"
74.7.241.32 - - [29/Nov/2025:12:33:29 +0000] "GET /537823457.phtml HTTP/1.1" 200 6164 "-" "Mozilla/5.0 AppleWebKit/537.36 (KHTML, like Gecko; compatible; GPTBot/1.3; +https://openai.com/gptbot)"
74.7.227.34 - - [29/Nov/2025:12:33:29 +0000] "GET /321597047.shtml?dir=%2Fhome%2Feliosofonline%2Fcasacuisine.food%2Fpublic&read=%2Fhome%2Feliosofonline%2Fcasacuisine.food%2Fpublic%2Ffirebase-content.txt HTTP/1.1" 200 4034 "-" "Mozilla/5.0 AppleWebKit/537.36 (KHTML, like Gecko; compatible; GPTBot/1.3; +https://openai.com/gptbot)"
74.7.227.23 - - [29/Nov/2025:12:33:29 +0000] "GET /257709528.shtml?dir=%2Fhome%2Feliosofonline%2Fcasacuisine.food%2Fpublic&read=%2Fhome%2Feliosofonline%2Fcasacuisine.food%2Fpublic%2Ffavicon.ico HTTP/1.1" 200 3861 "-" "Mozilla/5.0 AppleWebKit/537.36 (KHTML, like Gecko; compatible; GPTBot/1.3; +https://openai.com/gptbot)"
74.7.243.216 - - [29/Nov/2025:12:33:29 +0000] "GET /444188225?dir=%2Fhome%2Feliosofonline%2Fcasacuisine.food%2Fpublic&read=%2Fhome%2Feliosofonline%2Fcasacuisine.food%2Fpublic%2Ffirebase-content.txt HTTP/1.1" 200 4032 "-" "Mozilla/5.0 AppleWebKit/537.36 (KHTML, like Gecko; compatible; GPTBot/1.3; +https://openai.com/gptbot)"
74.7.241.32 - - [29/Nov/2025:12:33:30 +0000] "GET /509016402.phtml HTTP/1.1" 200 6164 "-" "Mozilla/5.0 AppleWebKit/537.36 (KHTML, like Gecko; compatible; GPTBot/1.3; +https://openai.com/gptbot)"
74.7.227.34 - - [29/Nov/2025:12:33:30 +0000] "GET /492514647.shtml?dir=%2Fhome%2Feliosofonline%2Fcasacuisine.food%2Fpublic&read=%2Fhome%2Feliosofonline%2Fcasacuisine.food%2Fpublic%2Ffirebase-content.txt HTTP/1.1" 200 4034 "-" "Mozilla/5.0 AppleWebKit/537.36 (KHTML, like Gecko; compatible; GPTBot/1.3; +https://openai.com/gptbot)"
74.7.227.23 - - [29/Nov/2025:12:33:30 +0000] "GET /526824660.shtml?dir=%2Fhome%2Feliosofonline%2Fcasacuisine.food%2Fpublic&read=%2Fhome%2Feliosofonline%2Fcasacuisine.food%2Fpublic%2Ffavicon.ico HTTP/1.1" 200 3861 "-" "Mozilla/5.0 AppleWebKit/537.36 (KHTML, like Gecko; compatible; GPTBot/1.3; +https://openai.com/gptbot)"
74.7.243.216 - - [29/Nov/2025:12:33:30 +0000] "GET /746320333?dir=%2Fhome%2Feliosofonline%2Fcasacuisine.food%2Fpublic&read=%2Fhome%2Feliosofonline%2Fcasacuisine.food%2Fpublic%2Ffirebase-content.txt HTTP/1.1" 200 4032 "-" "Mozilla/5.0 AppleWebKit/537.36 (KHTML, like Gecko; compatible; GPTBot/1.3; +https://openai.com/gptbot)"
74.7.241.32 - - [29/Nov/2025:12:33:31 +0000] "GET /509049887.phtml HTTP/1.1" 200 6164 "-" "Mozilla/5.0 AppleWebKit/537.36 (KHTML, like Gecko; compatible; GPTBot/1.3; +https://openai.com/gptbot)"
74.7.227.34 - - [29/Nov/2025:12:33:31 +0000] "GET /353014622.shtml?dir=%2Fhome%2Feliosofonline%2Fcasacuisine.food%2Fpublic&read=%2Fhome%2Feliosofonline%2Fcasacuisine.food%2Fpublic%2Ffirebase-content.txt HTTP/1.1" 200 4034 "-" "Mozilla/5.0 AppleWebKit/537.36 (KHTML, like Gecko; compatible; GPTBot/1.3; +https://openai.com/gptbot)"
74.7.227.23 - - [29/Nov/2025:12:33:31 +0000] "GET /527827090.shtml?dir=%2Fhome%2Feliosofonline%2Fcasacuisine.food%2Fpublic&read=%2Fhome%2Feliosofonline%2Fcasacuisine.food%2Fpublic%2Ffavicon.ico HTTP/1.1" 200 3861 "-" "Mozilla/5.0 AppleWebKit/537.36 (KHTML, like Gecko; compatible; GPTBot/1.3; +https://openai.com/gptbot)"
74.7.243.216 - - [29/Nov/2025:12:33:31 +0000] "GET /744421749?dir=%2Fhome%2Feliosofonline%2Fcasacuisine.food%2Fpublic&read=%2Fhome%2Feliosofonline%2Fcasacuisine.food%2Fpublic%2Ffirebase-content.txt HTTP/1.1" 200 4032 "-" "Mozilla/5.0 AppleWebKit/537.36 (KHTML, like Gecko; compatible; GPTBot/1.3; +https://openai.com/gptbot)"
74.7.241.32 - - [29/Nov/2025:12:33:32 +0000] "GET /136992260.phtml HTTP/1.1" 200 6164 "-" "Mozilla/5.0 AppleWebKit/537.36 (KHTML, like Gecko; compatible; GPTBot/1.3; +https://openai.com/gptbot)"
74.7.227.34 - - [29/Nov/2025:12:33:32 +0000] "GET /417863147.shtml?dir=%2Fhome%2Feliosofonline%2Fcasacuisine.food%2Fpublic&read=%2Fhome%2Feliosofonline%2Fcasacuisine.food%2Fpublic%2Ffirebase-content.txt HTTP/1.1" 200 4034 "-" "Mozilla/5.0 AppleWebKit/537.36 (KHTML, like Gecko; compatible; GPTBot/1.3; +https://openai.com/gptbot)"
74.7.227.23 - - [29/Nov/2025:12:33:32 +0000] "GET /356260266.shtml?dir=%2Fhome%2Feliosofonline%2Fcasacuisine.food%2Fpublic&read=%2Fhome%2Feliosofonline%2Fcasacuisine.food%2Fpublic%2Ffavicon.ico HTTP/1.1" 200 3861 "-" "Mozilla/5.0 AppleWebKit/537.36 (KHTML, like Gecko; compatible; GPTBot/1.3; +https://openai.com/gptbot)"
74.7.243.216 - - [29/Nov/2025:12:33:32 +0000] "GET /777482573?dir=%2Fhome%2Feliosofonline%2Fcasacuisine.food%2Fpublic&read=%2Fhome%2Feliosofonline%2Fcasacuisine.food%2Fpublic%2Ffirebase-content.txt HTTP/1.1" 200 4032 "-" "Mozilla/5.0 AppleWebKit/537.36 (KHTML, like Gecko; compatible; GPTBot/1.3; +https://openai.com/gptbot)"
66.249.75.44 - - [29/Nov/2025:12:33:33 +0000] "GET /361240956.shtml HTTP/1.1" 200 27354 "-" "Mozilla/5.0 (Linux; Android 6.0.1; Nexus 5X Build/MMB29P) AppleWebKit/537.36 (KHTML, like Gecko) Chrome/141.0.7390.122 Mobile Safari/537.36 (compatible; Googlebot/2.1; +http://www.google.com/bot.html)"
74.7.241.32 - - [29/Nov/2025:12:33:33 +0000] "GET /307519600.phtml HTTP/1.1" 200 6164 "-" "Mozilla/5.0 AppleWebKit/537.36 (KHTML, like Gecko; compatible; GPTBot/1.3; +https://openai.com/gptbot)"
57.141.4.53 - - [29/Nov/2025:12:33:33 +0000] "GET /25065688.shtml HTTP/1.1" 200 57252 "-" "meta-externalagent/1.1 (+https://developers.facebook.com/docs/sharing/webmasters/crawler)"
74.7.227.34 - - [29/Nov/2025:12:33:33 +0000] "GET /486658097.shtml?dir=%2Fhome%2Feliosofonline%2Fcasacuisine.food%2Fpublic&read=%2Fhome%2Feliosofonline%2Fcasacuisine.food%2Fpublic%2Ffirebase-content.txt HTTP/1.1" 200 4034 "-" "Mozilla/5.0 AppleWebKit/537.36 (KHTML, like Gecko; compatible; GPTBot/1.3; +https://openai.com/gptbot)"
74.7.227.23 - - [29/Nov/2025:12:33:33 +0000] "GET /189258002.shtml?dir=%2Fhome%2Feliosofonline%2Fcasacuisine.food%2Fpublic&read=%2Fhome%2Feliosofonline%2Fcasacuisine.food%2Fpublic%2Ffavicon.ico HTTP/1.1" 200 3861 "-" "Mozilla/5.0 AppleWebKit/537.36 (KHTML, like Gecko; compatible; GPTBot/1.3; +https://openai.com/gptbot)"
74.7.243.216 - - [29/Nov/2025:12:33:33 +0000] "GET /342220657?dir=%2Fhome%2Feliosofonline%2Fcasacuisine.food%2Fpublic&read=%2Fhome%2Feliosofonline%2Fcasacuisine.food%2Fpublic%2Ffirebase-content.txt HTTP/1.1" 200 4032 "-" "Mozilla/5.0 AppleWebKit/537.36 (KHTML, like Gecko; compatible; GPTBot/1.3; +https://openai.com/gptbot)"
74.7.241.32 - - [29/Nov/2025:12:33:33 +0000] "GET /125027617.phtml HTTP/1.1" 200 6164 "-" "Mozilla/5.0 AppleWebKit/537.36 (KHTML, like Gecko; compatible; GPTBot/1.3; +https://openai.com/gptbot)"
74.7.227.34 - - [29/Nov/2025:12:33:34 +0000] "GET /471045122.shtml?dir=%2Fhome%2Feliosofonline%2Fcasacuisine.food%2Fpublic&read=%2Fhome%2Feliosofonline%2Fcasacuisine.food%2Fpublic%2Ffirebase-content.txt HTTP/1.1" 200 4034 "-" "Mozilla/5.0 AppleWebKit/537.36 (KHTML, like Gecko; compatible; GPTBot/1.3; +https://openai.com/gptbot)"
74.7.227.23 - - [29/Nov/2025:12:33:34 +0000] "GET /577535320.shtml?dir=%2Fhome%2Feliosofonline%2Fcasacuisine.food%2Fpublic&read=%2Fhome%2Feliosofonline%2Fcasacuisine.food%2Fpublic%2Ffavicon.ico HTTP/1.1" 200 3861 "-" "Mozilla/5.0 AppleWebKit/537.36 (KHTML, like Gecko; compatible; GPTBot/1.3; +https://openai.com/gptbot)"
74.7.243.216 - - [29/Nov/2025:12:33:34 +0000] "GET /537773933?dir=%2Fhome%2Feliosofonline%2Fcasacuisine.food%2Fpublic&read=%2Fhome%2Feliosofonline%2Fcasacuisine.food%2Fpublic%2Ffirebase-content.txt HTTP/1.1" 200 4032 "-" "Mozilla/5.0 AppleWebKit/537.36 (KHTML, like Gecko; compatible; GPTBot/1.3; +https://openai.com/gptbot)"
66.249.75.44 - - [29/Nov/2025:12:33:35 +0000] "GET /582757966.shtml HTTP/1.1" 200 25588 "-" "Mozilla/5.0 (Linux; Android 6.0.1; Nexus 5X Build/MMB29P) AppleWebKit/537.36 (KHTML, like Gecko) Chrome/141.0.7390.122 Mobile Safari/537.36 (compatible; GoogleOther)"
74.7.241.32 - - [29/Nov/2025:12:33:34 +0000] "GET /508947441.phtml HTTP/1.1" 200 6164 "-" "Mozilla/5.0 AppleWebKit/537.36 (KHTML, like Gecko; compatible; GPTBot/1.3; +https://openai.com/gptbot)"
74.7.227.34 - - [29/Nov/2025:12:33:34 +0000] "GET /453195647.shtml?dir=%2Fhome%2Feliosofonline%2Fcasacuisine.food%2Fpublic&read=%2Fhome%2Feliosofonline%2Fcasacuisine.food%2Fpublic%2Ffirebase-content.txt HTTP/1.1" 200 4034 "-" "Mozilla/5.0 AppleWebKit/537.36 (KHTML, like Gecko; compatible; GPTBot/1.3; +https://openai.com/gptbot)"
74.7.227.23 - - [29/Nov/2025:12:33:34 +0000] "GET /146280210.shtml?dir=%2Fhome%2Feliosofonline%2Fcasacuisine.food%2Fpublic&read=%2Fhome%2Feliosofonline%2Fcasacuisine.food%2Fpublic%2Ffavicon.ico HTTP/1.1" 200 3861 "-" "Mozilla/5.0 AppleWebKit/537.36 (KHTML, like Gecko; compatible; GPTBot/1.3; +https://openai.com/gptbot)"
74.7.243.216 - - [29/Nov/2025:12:33:35 +0000] "GET /394228777?dir=%2Fhome%2Feliosofonline%2Fcasacuisine.food%2Fpublic&read=%2Fhome%2Feliosofonline%2Fcasacuisine.food%2Fpublic%2Ffirebase-content.txt HTTP/1.1" 200 4032 "-" "Mozilla/5.0 AppleWebKit/537.36 (KHTML, like Gecko; compatible; GPTBot/1.3; +https://openai.com/gptbot)"
74.7.241.32 - - [29/Nov/2025:12:33:35 +0000] "GET /293688123.phtml HTTP/1.1" 200 6164 "-" "Mozilla/5.0 AppleWebKit/537.36 (KHTML, like Gecko; compatible; GPTBot/1.3; +https://openai.com/gptbot)"
34.197.28.78 - - [29/Nov/2025:12:33:35 +0000] "GET /?dir=/home/eliosofonline/m.shsadmissionportal.com/student&read=/home/eliosofonline/m.shsadmissionportal.com/student/veiwmyreport.php HTTP/1.1" 200 7026 "-" "Mozilla/5.0 AppleWebKit/537.36 (KHTML, like Gecko; compatible; Amazonbot/0.1; +https://developer.amazon.com/support/amazonbot) Chrome/119.0.6045.214 Safari/537.36"
74.7.227.23 - - [29/Nov/2025:12:33:35 +0000] "GET /224369364.shtml?dir=%2Fhome%2Feliosofonline%2Fcasacuisine.food%2Fpublic&read=%2Fhome%2Feliosofonline%2Fcasacuisine.food%2Fpublic%2Ffavicon.ico HTTP/1.1" 200 3861 "-" "Mozilla/5.0 AppleWebKit/537.36 (KHTML, like Gecko; compatible; GPTBot/1.3; +https://openai.com/gptbot)"
74.7.243.216 - - [29/Nov/2025:12:33:35 +0000] "GET /100011037?dir=%2Fhome%2Feliosofonline%2Fcasacuisine.food%2Fpublic&read=%2Fhome%2Feliosofonline%2Fcasacuisine.food%2Fpublic%2Ffirebase-content.txt HTTP/1.1" 200 4032 "-" "Mozilla/5.0 AppleWebKit/537.36 (KHTML, like Gecko; compatible; GPTBot/1.3; +https://openai.com/gptbot)"
74.7.227.34 - - [29/Nov/2025:12:33:35 +0000] "GET /409461572.shtml?dir=%2Fhome%2Feliosofonline%2Fcasacuisine.food%2Fpublic&read=%2Fhome%2Feliosofonline%2Fcasacuisine.food%2Fpublic%2Ffirebase-content.txt HTTP/1.1" 200 4034 "-" "Mozilla/5.0 AppleWebKit/537.36 (KHTML, like Gecko; compatible; GPTBot/1.3; +https://openai.com/gptbot)"
