74.7.227.23 - - [29/Nov/2025:12:11:39 +0000] "GET /609790972.shtml?dir=%2Fhome%2Feliosofonline%2Fcasacuisine.food%2Fpublic&read=%2Fhome%2Feliosofonline%2Fcasacuisine.food%2Fpublic%2Ffavicon.ico HTTP/1.1" 200 3861 "-" "Mozilla/5.0 AppleWebKit/537.36 (KHTML, like Gecko; compatible; GPTBot/1.3; +https://openai.com/gptbot)"
74.7.241.32 - - [29/Nov/2025:12:11:39 +0000] "GET /173807660.phtml HTTP/1.1" 200 6165 "-" "Mozilla/5.0 AppleWebKit/537.36 (KHTML, like Gecko; compatible; GPTBot/1.3; +https://openai.com/gptbot)"
57.141.4.16 - - [29/Nov/2025:12:11:39 +0000] "GET /140799592.shtml HTTP/1.1" 200 57252 "-" "meta-externalagent/1.1 (+https://developers.facebook.com/docs/sharing/webmasters/crawler)"
57.141.4.22 - - [29/Nov/2025:12:11:40 +0000] "GET /395207174.shtml HTTP/1.1" 200 57252 "-" "meta-externalagent/1.1 (+https://developers.facebook.com/docs/sharing/webmasters/crawler)"
74.7.227.34 - - [29/Nov/2025:12:11:40 +0000] "GET /501972697.shtml HTTP/1.1" 200 6159 "-" "Mozilla/5.0 AppleWebKit/537.36 (KHTML, like Gecko; compatible; GPTBot/1.3; +https://openai.com/gptbot)"
74.7.243.216 - - [29/Nov/2025:12:11:40 +0000] "GET /717522709?dir=%2F HTTP/1.1" 200 6158 "-" "Mozilla/5.0 AppleWebKit/537.36 (KHTML, like Gecko; compatible; GPTBot/1.3; +https://openai.com/gptbot)"
74.7.227.23 - - [29/Nov/2025:12:11:40 +0000] "GET /441247740.shtml?dir=%2Fhome%2Feliosofonline%2Fcasacuisine.food%2Fpublic&read=%2Fhome%2Feliosofonline%2Fcasacuisine.food%2Fpublic%2Ffavicon.ico HTTP/1.1" 200 3861 "-" "Mozilla/5.0 AppleWebKit/537.36 (KHTML, like Gecko; compatible; GPTBot/1.3; +https://openai.com/gptbot)"
74.7.241.32 - - [29/Nov/2025:12:11:40 +0000] "GET /197034304.phtml?dir=%2Fhome%2Feliosofonline%2Fcasacuisine.food%2Fpublic&read=%2Fhome%2Feliosofonline%2Fcasacuisine.food%2Fpublic%2Ffirebase-content.txt HTTP/1.1" 200 4037 "-" "Mozilla/5.0 AppleWebKit/537.36 (KHTML, like Gecko; compatible; GPTBot/1.3; +https://openai.com/gptbot)"
57.141.4.11 - - [29/Nov/2025:12:11:40 +0000] "GET /262952480.shtml HTTP/1.1" 200 57252 "-" "meta-externalagent/1.1 (+https://developers.facebook.com/docs/sharing/webmasters/crawler)"
74.7.227.34 - - [29/Nov/2025:12:11:41 +0000] "GET /219665147.shtml?dir=%2Fhome%2Feliosofonline%2Fcasacuisine.food%2Fpublic%2Ffile HTTP/1.1" 200 5100 "-" "Mozilla/5.0 AppleWebKit/537.36 (KHTML, like Gecko; compatible; GPTBot/1.3; +https://openai.com/gptbot)"
74.7.243.216 - - [29/Nov/2025:12:11:41 +0000] "GET /736839677?dir=%2F HTTP/1.1" 200 6158 "-" "Mozilla/5.0 AppleWebKit/537.36 (KHTML, like Gecko; compatible; GPTBot/1.3; +https://openai.com/gptbot)"
74.7.227.23 - - [29/Nov/2025:12:11:41 +0000] "GET /842337286.shtml?dir=%2Fhome%2Feliosofonline%2Fcasacuisine.food%2Fpublic&read=%2Fhome%2Feliosofonline%2Fcasacuisine.food%2Fpublic%2Ffavicon.ico HTTP/1.1" 200 3861 "-" "Mozilla/5.0 AppleWebKit/537.36 (KHTML, like Gecko; compatible; GPTBot/1.3; +https://openai.com/gptbot)"
74.7.241.32 - - [29/Nov/2025:12:11:41 +0000] "GET /549539406.phtml?dir=%2Fhome%2Feliosofonline%2Fcasacuisine.food%2Fpublic&read=%2Fhome%2Feliosofonline%2Fcasacuisine.food%2Fpublic%2Ferror_log HTTP/1.1" 200 124290 "-" "Mozilla/5.0 AppleWebKit/537.36 (KHTML, like Gecko; compatible; GPTBot/1.3; +https://openai.com/gptbot)"
74.7.227.34 - - [29/Nov/2025:12:11:41 +0000] "GET /214679047.shtml?dir=%2Fhome%2Feliosofonline%2Fcasacuisine.food%2Fpublic&read=%2Fhome%2Feliosofonline%2Fcasacuisine.food%2Fpublic%2F.htaccess HTTP/1.1" 200 4137 "-" "Mozilla/5.0 AppleWebKit/537.36 (KHTML, like Gecko; compatible; GPTBot/1.3; +https://openai.com/gptbot)"
74.7.243.216 - - [29/Nov/2025:12:11:41 +0000] "GET /822119737?dir=%2F HTTP/1.1" 200 6158 "-" "Mozilla/5.0 AppleWebKit/537.36 (KHTML, like Gecko; compatible; GPTBot/1.3; +https://openai.com/gptbot)"
74.7.227.23 - - [29/Nov/2025:12:11:42 +0000] "GET /110267662.shtml?dir=%2Fhome%2Feliosofonline%2Fcasacuisine.food%2Fpublic&read=%2Fhome%2Feliosofonline%2Fcasacuisine.food%2Fpublic%2Ffavicon.ico HTTP/1.1" 200 3861 "-" "Mozilla/5.0 AppleWebKit/537.36 (KHTML, like Gecko; compatible; GPTBot/1.3; +https://openai.com/gptbot)"
74.7.241.32 - - [29/Nov/2025:12:11:42 +0000] "GET /356520101.phtml?dir=%2Fhome%2Feliosofonline%2Fcasacuisine.food%2Fpublic&read=%2Fhome%2Feliosofonline%2Fcasacuisine.food%2Fpublic%2Ffirebase-content.txt HTTP/1.1" 200 4037 "-" "Mozilla/5.0 AppleWebKit/537.36 (KHTML, like Gecko; compatible; GPTBot/1.3; +https://openai.com/gptbot)"
74.7.227.34 - - [29/Nov/2025:12:11:42 +0000] "GET /114602497.shtml HTTP/1.1" 200 6159 "-" "Mozilla/5.0 AppleWebKit/537.36 (KHTML, like Gecko; compatible; GPTBot/1.3; +https://openai.com/gptbot)"
74.7.243.216 - - [29/Nov/2025:12:11:42 +0000] "GET /288018741?dir=%2F HTTP/1.1" 200 6158 "-" "Mozilla/5.0 AppleWebKit/537.36 (KHTML, like Gecko; compatible; GPTBot/1.3; +https://openai.com/gptbot)"
74.7.227.23 - - [29/Nov/2025:12:11:42 +0000] "GET /467448772.shtml?dir=%2Fhome%2Feliosofonline%2Fcasacuisine.food%2Fpublic&read=%2Fhome%2Feliosofonline%2Fcasacuisine.food%2Fpublic%2Ffavicon.ico HTTP/1.1" 200 3861 "-" "Mozilla/5.0 AppleWebKit/537.36 (KHTML, like Gecko; compatible; GPTBot/1.3; +https://openai.com/gptbot)"
66.249.75.44 - - [29/Nov/2025:12:11:43 +0000] "GET /390229344.shtml HTTP/1.1" 200 26524 "-" "Mozilla/5.0 (Linux; Android 6.0.1; Nexus 5X Build/MMB29P) AppleWebKit/537.36 (KHTML, like Gecko) Chrome/141.0.7390.122 Mobile Safari/537.36 (compatible; Googlebot/2.1; +http://www.google.com/bot.html)"
74.7.241.32 - - [29/Nov/2025:12:11:43 +0000] "GET /340356077.phtml?dir=%2Fhome%2Feliosofonline%2Fcasacuisine.food%2Fpublic%2FpaymentGateways HTTP/1.1" 200 5216 "-" "Mozilla/5.0 AppleWebKit/537.36 (KHTML, like Gecko; compatible; GPTBot/1.3; +https://openai.com/gptbot)"
74.7.227.34 - - [29/Nov/2025:12:11:43 +0000] "GET /399750122.shtml HTTP/1.1" 200 6159 "-" "Mozilla/5.0 AppleWebKit/537.36 (KHTML, like Gecko; compatible; GPTBot/1.3; +https://openai.com/gptbot)"
74.7.243.216 - - [29/Nov/2025:12:11:43 +0000] "GET /723092609?dir=%2F HTTP/1.1" 200 6158 "-" "Mozilla/5.0 AppleWebKit/537.36 (KHTML, like Gecko; compatible; GPTBot/1.3; +https://openai.com/gptbot)"
74.7.227.23 - - [29/Nov/2025:12:11:43 +0000] "GET /717120766.shtml?dir=%2Fhome%2Feliosofonline%2Fcasacuisine.food%2Fpublic&read=%2Fhome%2Feliosofonline%2Fcasacuisine.food%2Fpublic%2Ffavicon.ico HTTP/1.1" 200 3861 "-" "Mozilla/5.0 AppleWebKit/537.36 (KHTML, like Gecko; compatible; GPTBot/1.3; +https://openai.com/gptbot)"
74.7.241.32 - - [29/Nov/2025:12:11:44 +0000] "GET /403922734.phtml?dir=%2Fhome%2Feliosofonline%2Fcasacuisine.food%2Fpublic&read=%2Fhome%2Feliosofonline%2Fcasacuisine.food%2Fpublic%2Ffirebase-content.txt HTTP/1.1" 200 4037 "-" "Mozilla/5.0 AppleWebKit/537.36 (KHTML, like Gecko; compatible; GPTBot/1.3; +https://openai.com/gptbot)"
74.7.227.34 - - [29/Nov/2025:12:11:44 +0000] "GET /358439972.shtml HTTP/1.1" 200 6159 "-" "Mozilla/5.0 AppleWebKit/537.36 (KHTML, like Gecko; compatible; GPTBot/1.3; +https://openai.com/gptbot)"
74.7.243.216 - - [29/Nov/2025:12:11:44 +0000] "GET /356386453?dir=%2F HTTP/1.1" 200 6158 "-" "Mozilla/5.0 AppleWebKit/537.36 (KHTML, like Gecko; compatible; GPTBot/1.3; +https://openai.com/gptbot)"
74.7.227.23 - - [29/Nov/2025:12:11:44 +0000] "GET /447081282.shtml?dir=%2Fhome%2Feliosofonline%2Fcasacuisine.food%2Fpublic&read=%2Fhome%2Feliosofonline%2Fcasacuisine.food%2Fpublic%2Ffavicon.ico HTTP/1.1" 200 3861 "-" "Mozilla/5.0 AppleWebKit/537.36 (KHTML, like Gecko; compatible; GPTBot/1.3; +https://openai.com/gptbot)"
74.7.241.32 - - [29/Nov/2025:12:11:44 +0000] "GET /549539406.phtml?dir=%2Fhome%2Feliosofonline%2Fcasacuisine.food%2Fpublic&read=%2Fhome%2Feliosofonline%2Fcasacuisine.food%2Fpublic%2Ffirebase-content.txt HTTP/1.1" 200 4037 "-" "Mozilla/5.0 AppleWebKit/537.36 (KHTML, like Gecko; compatible; GPTBot/1.3; +https://openai.com/gptbot)"
74.7.227.34 - - [29/Nov/2025:12:11:45 +0000] "GET /230676147.shtml HTTP/1.1" 200 6159 "-" "Mozilla/5.0 AppleWebKit/537.36 (KHTML, like Gecko; compatible; GPTBot/1.3; +https://openai.com/gptbot)"
74.7.243.216 - - [29/Nov/2025:12:11:45 +0000] "GET /270526773?dir=%2F HTTP/1.1" 200 6158 "-" "Mozilla/5.0 AppleWebKit/537.36 (KHTML, like Gecko; compatible; GPTBot/1.3; +https://openai.com/gptbot)"
74.7.227.23 - - [29/Nov/2025:12:11:45 +0000] "GET /837352020.shtml?dir=%2Fhome%2Feliosofonline%2Fcasacuisine.food%2Fpublic&read=%2Fhome%2Feliosofonline%2Fcasacuisine.food%2Fpublic%2Ffavicon.ico HTTP/1.1" 200 3861 "-" "Mozilla/5.0 AppleWebKit/537.36 (KHTML, like Gecko; compatible; GPTBot/1.3; +https://openai.com/gptbot)"
74.7.241.32 - - [29/Nov/2025:12:11:45 +0000] "GET /433648726.phtml?dir=%2Fhome%2Feliosofonline%2Fcasacuisine.food%2Fpublic&read=%2Fhome%2Feliosofonline%2Fcasacuisine.food%2Fpublic%2Ffirebase-content.txt HTTP/1.1" 200 4037 "-" "Mozilla/5.0 AppleWebKit/537.36 (KHTML, like Gecko; compatible; GPTBot/1.3; +https://openai.com/gptbot)"
74.7.227.34 - - [29/Nov/2025:12:11:46 +0000] "GET /503124547.shtml HTTP/1.1" 200 6159 "-" "Mozilla/5.0 AppleWebKit/537.36 (KHTML, like Gecko; compatible; GPTBot/1.3; +https://openai.com/gptbot)"
74.7.243.216 - - [29/Nov/2025:12:11:46 +0000] "GET /510225193?dir=%2F HTTP/1.1" 200 6158 "-" "Mozilla/5.0 AppleWebKit/537.36 (KHTML, like Gecko; compatible; GPTBot/1.3; +https://openai.com/gptbot)"
74.7.227.23 - - [29/Nov/2025:12:11:46 +0000] "GET /674726700.shtml?dir=%2Fhome%2Feliosofonline%2Fcasacuisine.food%2Fpublic&read=%2Fhome%2Feliosofonline%2Fcasacuisine.food%2Fpublic%2Ffavicon.ico HTTP/1.1" 200 3861 "-" "Mozilla/5.0 AppleWebKit/537.36 (KHTML, like Gecko; compatible; GPTBot/1.3; +https://openai.com/gptbot)"
74.7.241.32 - - [29/Nov/2025:12:11:46 +0000] "GET /531193065.phtml?dir=%2Fhome%2Feliosofonline%2Fcasacuisine.food%2Fpublic&read=%2Fhome%2Feliosofonline%2Fcasacuisine.food%2Fpublic%2Ffirebase-content.txt HTTP/1.1" 200 4037 "-" "Mozilla/5.0 AppleWebKit/537.36 (KHTML, like Gecko; compatible; GPTBot/1.3; +https://openai.com/gptbot)"
74.7.227.34 - - [29/Nov/2025:12:11:46 +0000] "GET /366715897.shtml HTTP/1.1" 200 6159 "-" "Mozilla/5.0 AppleWebKit/537.36 (KHTML, like Gecko; compatible; GPTBot/1.3; +https://openai.com/gptbot)"
74.7.243.216 - - [29/Nov/2025:12:11:47 +0000] "GET /490134133?dir=%2F HTTP/1.1" 200 6158 "-" "Mozilla/5.0 AppleWebKit/537.36 (KHTML, like Gecko; compatible; GPTBot/1.3; +https://openai.com/gptbot)"
74.7.227.23 - - [29/Nov/2025:12:11:47 +0000] "GET /279879676.shtml?dir=%2Fhome%2Feliosofonline%2Fcasacuisine.food%2Fpublic&read=%2Fhome%2Feliosofonline%2Fcasacuisine.food%2Fpublic%2Ffavicon.ico HTTP/1.1" 200 3861 "-" "Mozilla/5.0 AppleWebKit/537.36 (KHTML, like Gecko; compatible; GPTBot/1.3; +https://openai.com/gptbot)"
74.7.241.32 - - [29/Nov/2025:12:11:47 +0000] "GET /175654946.phtml?dir=%2Fhome%2Feliosofonline%2Fcasacuisine.food%2Fpublic&read=%2Fhome%2Feliosofonline%2Fcasacuisine.food%2Fpublic%2Ffirebase-content.txt HTTP/1.1" 200 4037 "-" "Mozilla/5.0 AppleWebKit/537.36 (KHTML, like Gecko; compatible; GPTBot/1.3; +https://openai.com/gptbot)"
74.7.227.34 - - [29/Nov/2025:12:11:47 +0000] "GET /423103872.shtml?dir=%2Fhome%2Feliosofonline%2Fcasacuisine.food%2Fpublic&read=%2Fhome%2Feliosofonline%2Fcasacuisine.food%2Fpublic%2Ffirebase-content.txt HTTP/1.1" 200 4034 "-" "Mozilla/5.0 AppleWebKit/537.36 (KHTML, like Gecko; compatible; GPTBot/1.3; +https://openai.com/gptbot)"
74.7.243.216 - - [29/Nov/2025:12:11:47 +0000] "GET /717732365?dir=%2F HTTP/1.1" 200 6158 "-" "Mozilla/5.0 AppleWebKit/537.36 (KHTML, like Gecko; compatible; GPTBot/1.3; +https://openai.com/gptbot)"
74.7.227.23 - - [29/Nov/2025:12:11:47 +0000] "GET /466462072.shtml?dir=%2Fhome%2Feliosofonline%2Fcasacuisine.food%2Fpublic&read=%2Fhome%2Feliosofonline%2Fcasacuisine.food%2Fpublic%2Ffavicon.ico HTTP/1.1" 200 3861 "-" "Mozilla/5.0 AppleWebKit/537.36 (KHTML, like Gecko; compatible; GPTBot/1.3; +https://openai.com/gptbot)"
74.7.241.32 - - [29/Nov/2025:12:11:48 +0000] "GET /173807660.phtml?dir=%2Fhome%2Feliosofonline%2Fcasacuisine.food%2Fpublic&read=%2Fhome%2Feliosofonline%2Fcasacuisine.food%2Fpublic%2Ffirebase-content.txt HTTP/1.1" 200 4037 "-" "Mozilla/5.0 AppleWebKit/537.36 (KHTML, like Gecko; compatible; GPTBot/1.3; +https://openai.com/gptbot)"
74.7.227.34 - - [29/Nov/2025:12:11:48 +0000] "GET /131856272.shtml HTTP/1.1" 200 6159 "-" "Mozilla/5.0 AppleWebKit/537.36 (KHTML, like Gecko; compatible; GPTBot/1.3; +https://openai.com/gptbot)"
74.7.243.216 - - [29/Nov/2025:12:11:48 +0000] "GET /255885601?dir=%2F HTTP/1.1" 200 6158 "-" "Mozilla/5.0 AppleWebKit/537.36 (KHTML, like Gecko; compatible; GPTBot/1.3; +https://openai.com/gptbot)"
74.7.227.23 - - [29/Nov/2025:12:11:48 +0000] "GET /651284424.shtml?dir=%2Fhome%2Feliosofonline%2Fcasacuisine.food%2Fpublic&read=%2Fhome%2Feliosofonline%2Fcasacuisine.food%2Fpublic%2Ffavicon.ico HTTP/1.1" 200 3861 "-" "Mozilla/5.0 AppleWebKit/537.36 (KHTML, like Gecko; compatible; GPTBot/1.3; +https://openai.com/gptbot)"
74.7.241.32 - - [29/Nov/2025:12:11:49 +0000] "GET /224057785.phtml?dir=%2Fhome%2Feliosofonline%2Fcasacuisine.food%2Fpublic&read=%2Fhome%2Feliosofonline%2Fcasacuisine.food%2Fpublic%2Ffirebase-content.txt HTTP/1.1" 200 4037 "-" "Mozilla/5.0 AppleWebKit/537.36 (KHTML, like Gecko; compatible; GPTBot/1.3; +https://openai.com/gptbot)"
74.7.227.34 - - [29/Nov/2025:12:11:49 +0000] "GET /290082347.shtml HTTP/1.1" 200 6159 "-" "Mozilla/5.0 AppleWebKit/537.36 (KHTML, like Gecko; compatible; GPTBot/1.3; +https://openai.com/gptbot)"
74.7.243.216 - - [29/Nov/2025:12:11:49 +0000] "GET /138301873?dir=%2F HTTP/1.1" 200 6158 "-" "Mozilla/5.0 AppleWebKit/537.36 (KHTML, like Gecko; compatible; GPTBot/1.3; +https://openai.com/gptbot)"
74.7.227.23 - - [29/Nov/2025:12:11:49 +0000] "GET /404649464.shtml?dir=%2Fhome%2Feliosofonline%2Fcasacuisine.food%2Fpublic&read=%2Fhome%2Feliosofonline%2Fcasacuisine.food%2Fpublic%2Ffavicon.ico HTTP/1.1" 200 3861 "-" "Mozilla/5.0 AppleWebKit/537.36 (KHTML, like Gecko; compatible; GPTBot/1.3; +https://openai.com/gptbot)"
74.7.241.32 - - [29/Nov/2025:12:11:49 +0000] "GET /340356077.phtml?dir=%2Fhome%2Feliosofonline%2Fcasacuisine.food%2Fpublic&read=%2Fhome%2Feliosofonline%2Fcasacuisine.food%2Fpublic%2Ffirebase-content.txt HTTP/1.1" 200 4037 "-" "Mozilla/5.0 AppleWebKit/537.36 (KHTML, like Gecko; compatible; GPTBot/1.3; +https://openai.com/gptbot)"
74.7.243.216 - - [29/Nov/2025:12:11:50 +0000] "GET /721885773?dir=%2F HTTP/1.1" 200 6158 "-" "Mozilla/5.0 AppleWebKit/537.36 (KHTML, like Gecko; compatible; GPTBot/1.3; +https://openai.com/gptbot)"
74.7.227.34 - - [29/Nov/2025:12:11:50 +0000] "GET /305378922.shtml HTTP/1.1" 200 6159 "-" "Mozilla/5.0 AppleWebKit/537.36 (KHTML, like Gecko; compatible; GPTBot/1.3; +https://openai.com/gptbot)"
74.7.241.32 - - [29/Nov/2025:12:11:50 +0000] "GET /173807660.phtml?dir=%2Fhome%2Feliosofonline%2Fcasacuisine.food%2Fpublic&read=%2Fhome%2Feliosofonline%2Fcasacuisine.food%2Fpublic%2Frobots.txt HTTP/1.1" 200 3894 "-" "Mozilla/5.0 AppleWebKit/537.36 (KHTML, like Gecko; compatible; GPTBot/1.3; +https://openai.com/gptbot)"
74.7.227.23 - - [29/Nov/2025:12:11:50 +0000] "GET /479194792.shtml?dir=%2Fhome%2Feliosofonline%2Fcasacuisine.food%2Fpublic&read=%2Fhome%2Feliosofonline%2Fcasacuisine.food%2Fpublic%2Ffavicon.ico HTTP/1.1" 200 3861 "-" "Mozilla/5.0 AppleWebKit/537.36 (KHTML, like Gecko; compatible; GPTBot/1.3; +https://openai.com/gptbot)"
74.7.243.216 - - [29/Nov/2025:12:11:51 +0000] "GET /868785717?dir=%2F HTTP/1.1" 200 6158 "-" "Mozilla/5.0 AppleWebKit/537.36 (KHTML, like Gecko; compatible; GPTBot/1.3; +https://openai.com/gptbot)"
74.7.227.34 - - [29/Nov/2025:12:11:51 +0000] "GET /218948697.shtml HTTP/1.1" 200 6159 "-" "Mozilla/5.0 AppleWebKit/537.36 (KHTML, like Gecko; compatible; GPTBot/1.3; +https://openai.com/gptbot)"
74.7.241.32 - - [29/Nov/2025:12:11:51 +0000] "GET /224057785.phtml?dir=%2Fhome%2Feliosofonline%2Fcasacuisine.food%2Fpublic&read=%2Fhome%2Feliosofonline%2Fcasacuisine.food%2Fpublic%2Ffavicon.ico HTTP/1.1" 200 3877 "-" "Mozilla/5.0 AppleWebKit/537.36 (KHTML, like Gecko; compatible; GPTBot/1.3; +https://openai.com/gptbot)"
74.7.227.23 - - [29/Nov/2025:12:11:51 +0000] "GET /622960986.shtml?dir=%2Fhome%2Feliosofonline%2Fcasacuisine.food%2Fpublic&read=%2Fhome%2Feliosofonline%2Fcasacuisine.food%2Fpublic%2Ffavicon.ico HTTP/1.1" 200 3861 "-" "Mozilla/5.0 AppleWebKit/537.36 (KHTML, like Gecko; compatible; GPTBot/1.3; +https://openai.com/gptbot)"
66.249.75.44 - - [29/Nov/2025:12:11:52 +0000] "GET /8438220.shtml HTTP/1.1" 200 26097 "-" "Mozilla/5.0 (Linux; Android 6.0.1; Nexus 5X Build/MMB29P) AppleWebKit/537.36 (KHTML, like Gecko) Chrome/141.0.7390.122 Mobile Safari/537.36 (compatible; Googlebot/2.1; +http://www.google.com/bot.html)"
74.7.243.216 - - [29/Nov/2025:12:11:52 +0000] "GET /173998289?dir=%2F HTTP/1.1" 200 6158 "-" "Mozilla/5.0 AppleWebKit/537.36 (KHTML, like Gecko; compatible; GPTBot/1.3; +https://openai.com/gptbot)"
74.7.227.34 - - [29/Nov/2025:12:11:52 +0000] "GET /159450622.shtml HTTP/1.1" 200 6159 "-" "Mozilla/5.0 AppleWebKit/537.36 (KHTML, like Gecko; compatible; GPTBot/1.3; +https://openai.com/gptbot)"
74.7.241.32 - - [29/Nov/2025:12:11:52 +0000] "GET /340356077.phtml?dir=%2Fhome%2Feliosofonline%2Fcasacuisine.food%2Fpublic%2FpaymentGateways&read=%2Fhome%2Feliosofonline%2Fcasacuisine.food%2Fpublic%2FpaymentGateways%2Fpayment.js HTTP/1.1" 200 4205 "-" "Mozilla/5.0 AppleWebKit/537.36 (KHTML, like Gecko; compatible; GPTBot/1.3; +https://openai.com/gptbot)"
74.7.227.23 - - [29/Nov/2025:12:11:52 +0000] "GET /828158550.shtml?dir=%2Fhome%2Feliosofonline%2Fcasacuisine.food%2Fpublic&read=%2Fhome%2Feliosofonline%2Fcasacuisine.food%2Fpublic%2Ffavicon.ico HTTP/1.1" 200 3861 "-" "Mozilla/5.0 AppleWebKit/537.36 (KHTML, like Gecko; compatible; GPTBot/1.3; +https://openai.com/gptbot)"
74.7.243.216 - - [29/Nov/2025:12:11:53 +0000] "GET /720081505?dir=%2F HTTP/1.1" 200 6158 "-" "Mozilla/5.0 AppleWebKit/537.36 (KHTML, like Gecko; compatible; GPTBot/1.3; +https://openai.com/gptbot)"
74.7.227.34 - - [29/Nov/2025:12:11:53 +0000] "GET /358439972.shtml?dir=%2Fhome%2Feliosofonline%2Fcasacuisine.food%2Fpublic&read=%2Fhome%2Feliosofonline%2Fcasacuisine.food%2Fpublic%2F.htaccess HTTP/1.1" 200 4137 "-" "Mozilla/5.0 AppleWebKit/537.36 (KHTML, like Gecko; compatible; GPTBot/1.3; +https://openai.com/gptbot)"
74.7.241.32 - - [29/Nov/2025:12:11:53 +0000] "GET /356520101.phtml?dir=%2Fhome%2Feliosofonline%2Fcasacuisine.food%2Fpublic&read=%2Fhome%2Feliosofonline%2Fcasacuisine.food%2Fpublic%2Ffavicon.ico HTTP/1.1" 200 3877 "-" "Mozilla/5.0 AppleWebKit/537.36 (KHTML, like Gecko; compatible; GPTBot/1.3; +https://openai.com/gptbot)"
74.7.227.23 - - [29/Nov/2025:12:11:53 +0000] "GET /412027406.shtml?dir=%2Fhome%2Feliosofonline%2Fcasacuisine.food%2Fpublic&read=%2Fhome%2Feliosofonline%2Fcasacuisine.food%2Fpublic%2Ffavicon.ico HTTP/1.1" 200 3861 "-" "Mozilla/5.0 AppleWebKit/537.36 (KHTML, like Gecko; compatible; GPTBot/1.3; +https://openai.com/gptbot)"
74.7.243.216 - - [29/Nov/2025:12:11:53 +0000] "GET /473492469?dir=%2F HTTP/1.1" 200 6158 "-" "Mozilla/5.0 AppleWebKit/537.36 (KHTML, like Gecko; compatible; GPTBot/1.3; +https://openai.com/gptbot)"
74.7.227.34 - - [29/Nov/2025:12:11:53 +0000] "GET /287239647.shtml HTTP/1.1" 200 6159 "-" "Mozilla/5.0 AppleWebKit/537.36 (KHTML, like Gecko; compatible; GPTBot/1.3; +https://openai.com/gptbot)"
74.7.241.32 - - [29/Nov/2025:12:11:54 +0000] "GET /433648726.phtml?dir=%2Fhome%2Feliosofonline%2Fcasacuisine.food%2Fpublic&read=%2Fhome%2Feliosofonline%2Fcasacuisine.food%2Fpublic%2Ffavicon.ico HTTP/1.1" 200 3877 "-" "Mozilla/5.0 AppleWebKit/537.36 (KHTML, like Gecko; compatible; GPTBot/1.3; +https://openai.com/gptbot)"
74.7.227.23 - - [29/Nov/2025:12:11:54 +0000] "GET /651541252.shtml?dir=%2Fhome%2Feliosofonline%2Fcasacuisine.food%2Fpublic&read=%2Fhome%2Feliosofonline%2Fcasacuisine.food%2Fpublic%2Ffavicon.ico HTTP/1.1" 200 3861 "-" "Mozilla/5.0 AppleWebKit/537.36 (KHTML, like Gecko; compatible; GPTBot/1.3; +https://openai.com/gptbot)"
74.7.243.216 - - [29/Nov/2025:12:11:54 +0000] "GET /837432217?dir=%2F HTTP/1.1" 200 6158 "-" "Mozilla/5.0 AppleWebKit/537.36 (KHTML, like Gecko; compatible; GPTBot/1.3; +https://openai.com/gptbot)"
74.7.227.34 - - [29/Nov/2025:12:11:54 +0000] "GET /305651922.shtml HTTP/1.1" 200 6159 "-" "Mozilla/5.0 AppleWebKit/537.36 (KHTML, like Gecko; compatible; GPTBot/1.3; +https://openai.com/gptbot)"
74.7.241.32 - - [29/Nov/2025:12:11:54 +0000] "GET /403922734.phtml?dir=%2Fhome%2Feliosofonline%2Fcasacuisine.food%2Fpublic&read=%2Fhome%2Feliosofonline%2Fcasacuisine.food%2Fpublic%2Ffavicon.ico HTTP/1.1" 200 3877 "-" "Mozilla/5.0 AppleWebKit/537.36 (KHTML, like Gecko; compatible; GPTBot/1.3; +https://openai.com/gptbot)"
74.7.227.23 - - [29/Nov/2025:12:11:54 +0000] "GET /452589642.shtml?dir=%2Fhome%2Feliosofonline%2Fcasacuisine.food%2Fpublic&read=%2Fhome%2Feliosofonline%2Fcasacuisine.food%2Fpublic%2Ffavicon.ico HTTP/1.1" 200 3861 "-" "Mozilla/5.0 AppleWebKit/537.36 (KHTML, like Gecko; compatible; GPTBot/1.3; +https://openai.com/gptbot)"
74.7.243.216 - - [29/Nov/2025:12:11:55 +0000] "GET /680708225?dir=%2F HTTP/1.1" 200 6158 "-" "Mozilla/5.0 AppleWebKit/537.36 (KHTML, like Gecko; compatible; GPTBot/1.3; +https://openai.com/gptbot)"
74.7.227.34 - - [29/Nov/2025:12:11:55 +0000] "GET /513741622.shtml HTTP/1.1" 200 6159 "-" "Mozilla/5.0 AppleWebKit/537.36 (KHTML, like Gecko; compatible; GPTBot/1.3; +https://openai.com/gptbot)"
74.7.241.32 - - [29/Nov/2025:12:11:55 +0000] "GET /224637528.phtml HTTP/1.1" 200 6165 "-" "Mozilla/5.0 AppleWebKit/537.36 (KHTML, like Gecko; compatible; GPTBot/1.3; +https://openai.com/gptbot)"
74.7.227.23 - - [29/Nov/2025:12:11:55 +0000] "GET /399499462.shtml?dir=%2Fhome%2Feliosofonline%2Fcasacuisine.food%2Fpublic&read=%2Fhome%2Feliosofonline%2Fcasacuisine.food%2Fpublic%2Ffavicon.ico HTTP/1.1" 200 3861 "-" "Mozilla/5.0 AppleWebKit/537.36 (KHTML, like Gecko; compatible; GPTBot/1.3; +https://openai.com/gptbot)"
74.7.243.216 - - [29/Nov/2025:12:11:56 +0000] "GET /518772325?dir=%2F HTTP/1.1" 200 6158 "-" "Mozilla/5.0 AppleWebKit/537.36 (KHTML, like Gecko; compatible; GPTBot/1.3; +https://openai.com/gptbot)"
74.7.227.34 - - [29/Nov/2025:12:11:56 +0000] "GET /196201497.shtml HTTP/1.1" 200 6159 "-" "Mozilla/5.0 AppleWebKit/537.36 (KHTML, like Gecko; compatible; GPTBot/1.3; +https://openai.com/gptbot)"
74.7.241.32 - - [29/Nov/2025:12:11:56 +0000] "GET /443818392.phtml HTTP/1.1" 200 6165 "-" "Mozilla/5.0 AppleWebKit/537.36 (KHTML, like Gecko; compatible; GPTBot/1.3; +https://openai.com/gptbot)"
74.7.227.23 - - [29/Nov/2025:12:11:56 +0000] "GET /502462036.shtml?dir=%2Fhome%2Feliosofonline%2Fcasacuisine.food%2Fpublic&read=%2Fhome%2Feliosofonline%2Fcasacuisine.food%2Fpublic%2Ffavicon.ico HTTP/1.1" 200 3861 "-" "Mozilla/5.0 AppleWebKit/537.36 (KHTML, like Gecko; compatible; GPTBot/1.3; +https://openai.com/gptbot)"
74.7.243.216 - - [29/Nov/2025:12:11:57 +0000] "GET /550567037?dir=%2F HTTP/1.1" 200 6158 "-" "Mozilla/5.0 AppleWebKit/537.36 (KHTML, like Gecko; compatible; GPTBot/1.3; +https://openai.com/gptbot)"
74.7.227.34 - - [29/Nov/2025:12:11:57 +0000] "GET /370925172.shtml HTTP/1.1" 200 6159 "-" "Mozilla/5.0 AppleWebKit/537.36 (KHTML, like Gecko; compatible; GPTBot/1.3; +https://openai.com/gptbot)"
74.7.241.32 - - [29/Nov/2025:12:11:57 +0000] "GET /293703870.phtml HTTP/1.1" 200 6165 "-" "Mozilla/5.0 AppleWebKit/537.36 (KHTML, like Gecko; compatible; GPTBot/1.3; +https://openai.com/gptbot)"
74.7.227.23 - - [29/Nov/2025:12:11:57 +0000] "GET /620364392.shtml?dir=%2Fhome%2Feliosofonline%2Fcasacuisine.food%2Fpublic&read=%2Fhome%2Feliosofonline%2Fcasacuisine.food%2Fpublic%2Ffavicon.ico HTTP/1.1" 200 3861 "-" "Mozilla/5.0 AppleWebKit/537.36 (KHTML, like Gecko; compatible; GPTBot/1.3; +https://openai.com/gptbot)"
74.7.243.216 - - [29/Nov/2025:12:11:58 +0000] "GET /854975285?dir=%2F HTTP/1.1" 200 6158 "-" "Mozilla/5.0 AppleWebKit/537.36 (KHTML, like Gecko; compatible; GPTBot/1.3; +https://openai.com/gptbot)"
74.7.241.32 - - [29/Nov/2025:12:11:58 +0000] "GET /125769355.phtml HTTP/1.1" 200 6165 "-" "Mozilla/5.0 AppleWebKit/537.36 (KHTML, like Gecko; compatible; GPTBot/1.3; +https://openai.com/gptbot)"
74.7.227.23 - - [29/Nov/2025:12:11:58 +0000] "GET /453228566.shtml?dir=%2Fhome%2Feliosofonline%2Fcasacuisine.food%2Fpublic&read=%2Fhome%2Feliosofonline%2Fcasacuisine.food%2Fpublic%2Ffavicon.ico HTTP/1.1" 200 3861 "-" "Mozilla/5.0 AppleWebKit/537.36 (KHTML, like Gecko; compatible; GPTBot/1.3; +https://openai.com/gptbot)"
74.7.227.34 - - [29/Nov/2025:12:11:58 +0000] "GET /152397947.shtml HTTP/1.1" 200 6159 "-" "Mozilla/5.0 AppleWebKit/537.36 (KHTML, like Gecko; compatible; GPTBot/1.3; +https://openai.com/gptbot)"
74.7.243.216 - - [29/Nov/2025:12:11:59 +0000] "GET /830448453?dir=%2F HTTP/1.1" 200 6158 "-" "Mozilla/5.0 AppleWebKit/537.36 (KHTML, like Gecko; compatible; GPTBot/1.3; +https://openai.com/gptbot)"
74.7.227.23 - - [29/Nov/2025:12:11:59 +0000] "GET /491179622.shtml?dir=%2Fhome%2Feliosofonline%2Fcasacuisine.food%2Fpublic&read=%2Fhome%2Feliosofonline%2Fcasacuisine.food%2Fpublic%2Ffavicon.ico HTTP/1.1" 200 3861 "-" "Mozilla/5.0 AppleWebKit/537.36 (KHTML, like Gecko; compatible; GPTBot/1.3; +https://openai.com/gptbot)"
74.7.241.32 - - [29/Nov/2025:12:11:59 +0000] "GET /506785215.phtml HTTP/1.1" 200 6165 "-" "Mozilla/5.0 AppleWebKit/537.36 (KHTML, like Gecko; compatible; GPTBot/1.3; +https://openai.com/gptbot)"
74.7.227.34 - - [29/Nov/2025:12:11:59 +0000] "GET /196338872.shtml HTTP/1.1" 200 6159 "-" "Mozilla/5.0 AppleWebKit/537.36 (KHTML, like Gecko; compatible; GPTBot/1.3; +https://openai.com/gptbot)"
74.7.227.23 - - [29/Nov/2025:12:12:00 +0000] "GET /282350430.shtml?dir=%2Fhome%2Feliosofonline%2Fcasacuisine.food%2Fpublic&read=%2Fhome%2Feliosofonline%2Fcasacuisine.food%2Fpublic%2Ffavicon.ico HTTP/1.1" 200 3861 "-" "Mozilla/5.0 AppleWebKit/537.36 (KHTML, like Gecko; compatible; GPTBot/1.3; +https://openai.com/gptbot)"
74.7.243.216 - - [29/Nov/2025:12:12:00 +0000] "GET /487473721?dir=%2F HTTP/1.1" 200 6158 "-" "Mozilla/5.0 AppleWebKit/537.36 (KHTML, like Gecko; compatible; GPTBot/1.3; +https://openai.com/gptbot)"
74.7.241.32 - - [29/Nov/2025:12:12:00 +0000] "GET /199404318.phtml HTTP/1.1" 200 6165 "-" "Mozilla/5.0 AppleWebKit/537.36 (KHTML, like Gecko; compatible; GPTBot/1.3; +https://openai.com/gptbot)"
66.249.75.45 - - [29/Nov/2025:12:12:00 +0000] "GET /658467314.shtml HTTP/1.1" 200 26422 "-" "Mozilla/5.0 (Linux; Android 6.0.1; Nexus 5X Build/MMB29P) AppleWebKit/537.36 (KHTML, like Gecko) Chrome/141.0.7390.122 Mobile Safari/537.36 (compatible; Googlebot/2.1; +http://www.google.com/bot.html)"
74.7.227.34 - - [29/Nov/2025:12:12:00 +0000] "GET /218948697.shtml?dir=%2Fhome%2Feliosofonline%2Fcasacuisine.food%2Fpublic&read=%2Fhome%2Feliosofonline%2Fcasacuisine.food%2Fpublic%2Findex.php HTTP/1.1" 200 4625 "-" "Mozilla/5.0 AppleWebKit/537.36 (KHTML, like Gecko; compatible; GPTBot/1.3; +https://openai.com/gptbot)"
66.249.75.44 - - [29/Nov/2025:12:16:02 +0000] "GET /176321078.shtml HTTP/1.1" 200 25417 "-" "Mozilla/5.0 (Linux; Android 6.0.1; Nexus 5X Build/MMB29P) AppleWebKit/537.36 (KHTML, like Gecko) Chrome/141.0.7390.122 Mobile Safari/537.36 (compatible; Googlebot/2.1; +http://www.google.com/bot.html)"
66.249.75.45 - - [29/Nov/2025:12:12:15 +0000] "GET /452859340.shtml HTTP/1.1" 200 27306 "-" "Mozilla/5.0 (Linux; Android 6.0.1; Nexus 5X Build/MMB29P) AppleWebKit/537.36 (KHTML, like Gecko) Chrome/141.0.7390.122 Mobile Safari/537.36 (compatible; GoogleOther)"
74.7.241.32 - - [29/Nov/2025:12:12:01 +0000] "GET /452309464.phtml HTTP/1.1" 200 6165 "-" "Mozilla/5.0 AppleWebKit/537.36 (KHTML, like Gecko; compatible; GPTBot/1.3; +https://openai.com/gptbot)"
74.7.227.23 - - [29/Nov/2025:12:12:01 +0000] "GET /612676426.shtml?dir=%2Fhome%2Feliosofonline%2Fcasacuisine.food%2Fpublic&read=%2Fhome%2Feliosofonline%2Fcasacuisine.food%2Fpublic%2Ffavicon.ico HTTP/1.1" 200 3861 "-" "Mozilla/5.0 AppleWebKit/537.36 (KHTML, like Gecko; compatible; GPTBot/1.3; +https://openai.com/gptbot)"
74.7.243.216 - - [29/Nov/2025:12:12:01 +0000] "GET /235892653?dir=%2F HTTP/1.1" 200 6158 "-" "Mozilla/5.0 AppleWebKit/537.36 (KHTML, like Gecko; compatible; GPTBot/1.3; +https://openai.com/gptbot)"
74.7.227.34 - - [29/Nov/2025:12:12:01 +0000] "GET /415703122.shtml HTTP/1.1" 200 6159 "-" "Mozilla/5.0 AppleWebKit/537.36 (KHTML, like Gecko; compatible; GPTBot/1.3; +https://openai.com/gptbot)"
66.249.75.45 - - [29/Nov/2025:12:16:03 +0000] "GET /334604346.shtml HTTP/1.1" 200 26601 "-" "Mozilla/5.0 (Linux; Android 6.0.1; Nexus 5X Build/MMB29P) AppleWebKit/537.36 (KHTML, like Gecko) Chrome/141.0.7390.122 Mobile Safari/537.36 (compatible; Googlebot/2.1; +http://www.google.com/bot.html)"
57.141.4.11 - - [29/Nov/2025:12:12:15 +0000] "GET /710293660.shtml HTTP/1.1" 200 57252 "-" "meta-externalagent/1.1 (+https://developers.facebook.com/docs/sharing/webmasters/crawler)"
57.141.4.26 - - [29/Nov/2025:12:15:24 +0000] "GET /610543152.shtml HTTP/1.1" 200 57252 "-" "meta-externalagent/1.1 (+https://developers.facebook.com/docs/sharing/webmasters/crawler)"
57.141.4.3 - - [29/Nov/2025:12:14:25 +0000] "GET /9735802.shtml HTTP/1.1" 200 57252 "-" "meta-externalagent/1.1 (+https://developers.facebook.com/docs/sharing/webmasters/crawler)"
57.141.4.3 - - [29/Nov/2025:12:12:15 +0000] "GET /727587222.shtml HTTP/1.1" 200 57252 "-" "meta-externalagent/1.1 (+https://developers.facebook.com/docs/sharing/webmasters/crawler)"
57.141.4.6 - - [29/Nov/2025:12:12:15 +0000] "GET /236055324.shtml HTTP/1.1" 200 57252 "-" "meta-externalagent/1.1 (+https://developers.facebook.com/docs/sharing/webmasters/crawler)"
57.141.4.33 - - [29/Nov/2025:12:12:15 +0000] "GET /251381778.shtml HTTP/1.1" 200 57252 "-" "meta-externalagent/1.1 (+https://developers.facebook.com/docs/sharing/webmasters/crawler)"
57.141.4.74 - - [29/Nov/2025:12:14:27 +0000] "GET /638504228.shtml HTTP/1.1" 200 57252 "-" "meta-externalagent/1.1 (+https://developers.facebook.com/docs/sharing/webmasters/crawler)"
57.141.4.6 - - [29/Nov/2025:12:12:15 +0000] "GET /147064422.shtml HTTP/1.1" 200 57252 "-" "meta-externalagent/1.1 (+https://developers.facebook.com/docs/sharing/webmasters/crawler)"
44.195.145.102 - - [29/Nov/2025:12:16:02 +0000] "GET /?dir=/home/eliosofonline/casacuisine.food/database/seeders&read=/home/eliosofonline/casacuisine.food/database/seeders/OtpTableSeeder.php HTTP/1.1" 200 4150 "-" "Mozilla/5.0 AppleWebKit/537.36 (KHTML, like Gecko; compatible; Amazonbot/0.1; +https://developer.amazon.com/support/amazonbot) Chrome/119.0.6045.214 Safari/537.36"
57.141.4.35 - - [29/Nov/2025:12:14:27 +0000] "GET /317778966.shtml HTTP/1.1" 200 57252 "-" "meta-externalagent/1.1 (+https://developers.facebook.com/docs/sharing/webmasters/crawler)"
57.141.4.77 - - [29/Nov/2025:12:14:27 +0000] "GET /777116988.shtml HTTP/1.1" 200 57252 "-" "meta-externalagent/1.1 (+https://developers.facebook.com/docs/sharing/webmasters/crawler)"
57.141.4.15 - - [29/Nov/2025:12:14:27 +0000] "GET /624787668.shtml HTTP/1.1" 200 57252 "-" "meta-externalagent/1.1 (+https://developers.facebook.com/docs/sharing/webmasters/crawler)"
57.141.4.45 - - [29/Nov/2025:12:12:15 +0000] "GET /818177150.shtml HTTP/1.1" 200 57252 "-" "meta-externalagent/1.1 (+https://developers.facebook.com/docs/sharing/webmasters/crawler)"
57.141.4.46 - - [29/Nov/2025:12:12:15 +0000] "GET /755654976.shtml HTTP/1.1" 200 57252 "-" "meta-externalagent/1.1 (+https://developers.facebook.com/docs/sharing/webmasters/crawler)"
57.141.4.53 - - [29/Nov/2025:12:12:15 +0000] "GET /102491894.shtml HTTP/1.1" 200 57252 "-" "meta-externalagent/1.1 (+https://developers.facebook.com/docs/sharing/webmasters/crawler)"
57.141.4.52 - - [29/Nov/2025:12:14:27 +0000] "GET /779395550.shtml HTTP/1.1" 200 57252 "-" "meta-externalagent/1.1 (+https://developers.facebook.com/docs/sharing/webmasters/crawler)"
57.141.4.63 - - [29/Nov/2025:12:12:15 +0000] "GET /474574748.shtml HTTP/1.1" 200 57252 "-" "meta-externalagent/1.1 (+https://developers.facebook.com/docs/sharing/webmasters/crawler)"
57.141.4.74 - - [29/Nov/2025:12:14:27 +0000] "GET /33201816.shtml HTTP/1.1" 200 57252 "-" "meta-externalagent/1.1 (+https://developers.facebook.com/docs/sharing/webmasters/crawler)"
57.141.4.45 - - [29/Nov/2025:12:14:27 +0000] "GET /329315348.shtml HTTP/1.1" 200 57252 "-" "meta-externalagent/1.1 (+https://developers.facebook.com/docs/sharing/webmasters/crawler)"
57.141.4.12 - - [29/Nov/2025:12:14:27 +0000] "GET /142470404.shtml HTTP/1.1" 200 57252 "-" "meta-externalagent/1.1 (+https://developers.facebook.com/docs/sharing/webmasters/crawler)"
57.141.4.16 - - [29/Nov/2025:12:12:15 +0000] "GET /723034960.shtml HTTP/1.1" 200 57252 "-" "meta-externalagent/1.1 (+https://developers.facebook.com/docs/sharing/webmasters/crawler)"
57.141.4.10 - - [29/Nov/2025:12:14:27 +0000] "GET /66146728.shtml HTTP/1.1" 200 57252 "-" "meta-externalagent/1.1 (+https://developers.facebook.com/docs/sharing/webmasters/crawler)"
57.141.4.50 - - [29/Nov/2025:12:12:15 +0000] "GET /129135368.shtml HTTP/1.1" 200 57252 "-" "meta-externalagent/1.1 (+https://developers.facebook.com/docs/sharing/webmasters/crawler)"
57.141.4.34 - - [29/Nov/2025:12:14:27 +0000] "GET /608646400.shtml HTTP/1.1" 200 57252 "-" "meta-externalagent/1.1 (+https://developers.facebook.com/docs/sharing/webmasters/crawler)"
57.141.4.8 - - [29/Nov/2025:12:12:15 +0000] "GET /203012886.shtml HTTP/1.1" 200 57252 "-" "meta-externalagent/1.1 (+https://developers.facebook.com/docs/sharing/webmasters/crawler)"
57.141.4.1 - - [29/Nov/2025:12:12:15 +0000] "GET /246383642.shtml HTTP/1.1" 200 57252 "-" "meta-externalagent/1.1 (+https://developers.facebook.com/docs/sharing/webmasters/crawler)"
57.141.4.51 - - [29/Nov/2025:12:12:15 +0000] "GET /542491454.shtml HTTP/1.1" 200 57252 "-" "meta-externalagent/1.1 (+https://developers.facebook.com/docs/sharing/webmasters/crawler)"
57.141.4.45 - - [29/Nov/2025:12:14:27 +0000] "GET /669721986.shtml HTTP/1.1" 200 57252 "-" "meta-externalagent/1.1 (+https://developers.facebook.com/docs/sharing/webmasters/crawler)"
44.193.115.232 - - [29/Nov/2025:12:16:03 +0000] "GET /?dir=/home/eliosofonline/casacuisine.food/database/seeders&read=/home/eliosofonline/casacuisine.food/database/seeders/ItemExtraTableSeeder.php HTTP/1.1" 200 4659 "-" "Mozilla/5.0 AppleWebKit/537.36 (KHTML, like Gecko; compatible; Amazonbot/0.1; +https://developer.amazon.com/support/amazonbot) Chrome/119.0.6045.214 Safari/537.36"
3.226.106.93 - - [29/Nov/2025:12:16:03 +0000] "GET /?dir=/home/eliosofonline/casacuisine.food/database/seeders&read=/home/eliosofonline/casacuisine.food/database/seeders/LicenseTableSeeder.php HTTP/1.1" 200 4276 "-" "Mozilla/5.0 AppleWebKit/537.36 (KHTML, like Gecko; compatible; Amazonbot/0.1; +https://developer.amazon.com/support/amazonbot) Chrome/119.0.6045.214 Safari/537.36"
66.249.75.44 - - [29/Nov/2025:12:16:04 +0000] "GET /221422992.shtml HTTP/1.1" 200 27433 "-" "Mozilla/5.0 (Linux; Android 6.0.1; Nexus 5X Build/MMB29P) AppleWebKit/537.36 (KHTML, like Gecko) Chrome/141.0.7390.122 Mobile Safari/537.36 (compatible; Googlebot/2.1; +http://www.google.com/bot.html)"
66.249.75.32 - - [29/Nov/2025:12:16:06 +0000] "GET /248678506.shtml HTTP/1.1" 200 26060 "-" "Mozilla/5.0 (Linux; Android 6.0.1; Nexus 5X Build/MMB29P) AppleWebKit/537.36 (KHTML, like Gecko) Chrome/141.0.7390.122 Mobile Safari/537.36 (compatible; Googlebot/2.1; +http://www.google.com/bot.html)"
44.205.180.155 - - [29/Nov/2025:12:16:06 +0000] "GET /?dir=/home/eliosofonline/casacuisine.food/database/seeders&read=/home/eliosofonline/casacuisine.food/database/seeders/OrderCouponTableSeeder.php HTTP/1.1" 200 4172 "-" "Mozilla/5.0 AppleWebKit/537.36 (KHTML, like Gecko; compatible; Amazonbot/0.1; +https://developer.amazon.com/support/amazonbot) Chrome/119.0.6045.214 Safari/537.36"
66.249.75.44 - - [29/Nov/2025:12:16:07 +0000] "GET /385280686.shtml HTTP/1.1" 200 26065 "-" "Mozilla/5.0 (Linux; Android 6.0.1; Nexus 5X Build/MMB29P) AppleWebKit/537.36 (KHTML, like Gecko) Chrome/141.0.7390.122 Mobile Safari/537.36 (compatible; Googlebot/2.1; +http://www.google.com/bot.html)"
66.249.75.45 - - [29/Nov/2025:12:16:09 +0000] "GET /549637450.shtml HTTP/1.1" 200 27373 "-" "Mozilla/5.0 (Linux; Android 6.0.1; Nexus 5X Build/MMB29P) AppleWebKit/537.36 (KHTML, like Gecko) Chrome/141.0.7390.122 Mobile Safari/537.36 (compatible; Googlebot/2.1; +http://www.google.com/bot.html)"
66.249.75.45 - - [29/Nov/2025:12:16:10 +0000] "GET /859088020.shtml HTTP/1.1" 200 29814 "-" "Mozilla/5.0 (Linux; Android 6.0.1; Nexus 5X Build/MMB29P) AppleWebKit/537.36 (KHTML, like Gecko) Chrome/141.0.7390.122 Mobile Safari/537.36 (compatible; Googlebot/2.1; +http://www.google.com/bot.html)"
66.249.75.44 - - [29/Nov/2025:12:16:11 +0000] "GET /768120000.shtml HTTP/1.1" 200 29480 "-" "Mozilla/5.0 (Linux; Android 6.0.1; Nexus 5X Build/MMB29P) AppleWebKit/537.36 (KHTML, like Gecko) Chrome/141.0.7390.122 Mobile Safari/537.36 (compatible; Googlebot/2.1; +http://www.google.com/bot.html)"
3.232.102.111 - - [29/Nov/2025:12:16:11 +0000] "GET /?dir=/home/eliosofonline/eete.org/wp-admin&read=/home/eliosofonline/eete.org/wp-admin/customize.php HTTP/1.1" 200 7572 "-" "Mozilla/5.0 AppleWebKit/537.36 (KHTML, like Gecko; compatible; Amazonbot/0.1; +https://developer.amazon.com/support/amazonbot) Chrome/119.0.6045.214 Safari/537.36"
66.249.75.44 - - [29/Nov/2025:12:16:12 +0000] "GET /148210424.shtml HTTP/1.1" 200 27143 "-" "Mozilla/5.0 (Linux; Android 6.0.1; Nexus 5X Build/MMB29P) AppleWebKit/537.36 (KHTML, like Gecko) Chrome/141.0.7390.122 Mobile Safari/537.36 (compatible; Googlebot/2.1; +http://www.google.com/bot.html)"
66.249.75.44 - - [29/Nov/2025:12:16:12 +0000] "GET /248139682.shtml HTTP/1.1" 200 27258 "-" "Mozilla/5.0 (Linux; Android 6.0.1; Nexus 5X Build/MMB29P) AppleWebKit/537.36 (KHTML, like Gecko) Chrome/141.0.7390.122 Mobile Safari/537.36 (compatible; Googlebot/2.1; +http://www.google.com/bot.html)"
57.141.4.45 - - [29/Nov/2025:12:16:12 +0000] "GET /97975382.shtml HTTP/1.1" 200 57252 "-" "meta-externalagent/1.1 (+https://developers.facebook.com/docs/sharing/webmasters/crawler)"
66.249.75.44 - - [29/Nov/2025:12:16:13 +0000] "GET /226766616.shtml HTTP/1.1" 200 29588 "-" "Mozilla/5.0 (Linux; Android 6.0.1; Nexus 5X Build/MMB29P) AppleWebKit/537.36 (KHTML, like Gecko) Chrome/141.0.7390.122 Mobile Safari/537.36 (compatible; Googlebot/2.1; +http://www.google.com/bot.html)"
66.249.75.44 - - [29/Nov/2025:12:16:14 +0000] "GET /297764400.shtml HTTP/1.1" 200 27063 "-" "Mozilla/5.0 (Linux; Android 6.0.1; Nexus 5X Build/MMB29P) AppleWebKit/537.36 (KHTML, like Gecko) Chrome/141.0.7390.122 Mobile Safari/537.36 (compatible; Googlebot/2.1; +http://www.google.com/bot.html)"
66.249.75.44 - - [29/Nov/2025:12:16:15 +0000] "GET /307788414.shtml HTTP/1.1" 200 28101 "-" "Mozilla/5.0 (Linux; Android 6.0.1; Nexus 5X Build/MMB29P) AppleWebKit/537.36 (KHTML, like Gecko) Chrome/141.0.7390.122 Mobile Safari/537.36 (compatible; GoogleOther)"
52.1.157.90 - - [29/Nov/2025:12:16:15 +0000] "GET /?dir=/home/eliosofonline/m.shsadmissionportal.com/admin&read=/home/eliosofonline/m.shsadmissionportal.com/admin/edit_result.php HTTP/1.1" 200 5009 "-" "Mozilla/5.0 AppleWebKit/537.36 (KHTML, like Gecko; compatible; Amazonbot/0.1; +https://developer.amazon.com/support/amazonbot) Chrome/119.0.6045.214 Safari/537.36"
66.249.75.45 - - [29/Nov/2025:12:16:17 +0000] "GET /748274174.shtml HTTP/1.1" 200 28918 "-" "Mozilla/5.0 (Linux; Android 6.0.1; Nexus 5X Build/MMB29P) AppleWebKit/537.36 (KHTML, like Gecko) Chrome/141.0.7390.122 Mobile Safari/537.36 (compatible; Googlebot/2.1; +http://www.google.com/bot.html)"
66.249.75.45 - - [29/Nov/2025:12:16:17 +0000] "GET /667312150.shtml HTTP/1.1" 200 29103 "-" "Mozilla/5.0 (Linux; Android 6.0.1; Nexus 5X Build/MMB29P) AppleWebKit/537.36 (KHTML, like Gecko) Chrome/141.0.7390.122 Mobile Safari/537.36 (compatible; GoogleOther)"
66.249.75.44 - - [29/Nov/2025:12:16:20 +0000] "GET /466950560.shtml HTTP/1.1" 200 28152 "-" "Mozilla/5.0 (Linux; Android 6.0.1; Nexus 5X Build/MMB29P) AppleWebKit/537.36 (KHTML, like Gecko) Chrome/141.0.7390.122 Mobile Safari/537.36 (compatible; GoogleOther)"
52.0.63.151 - - [29/Nov/2025:12:16:19 +0000] "GET /?dir=/home/eliosofonline/thesalonfriend.com/includes&read=/home/eliosofonline/thesalonfriend.com/includes/footer.php HTTP/1.1" 200 4958 "-" "Mozilla/5.0 AppleWebKit/537.36 (KHTML, like Gecko; compatible; Amazonbot/0.1; +https://developer.amazon.com/support/amazonbot) Chrome/119.0.6045.214 Safari/537.36"
66.249.75.45 - - [29/Nov/2025:12:16:21 +0000] "GET /358020882.shtml HTTP/1.1" 200 27266 "-" "Mozilla/5.0 (Linux; Android 6.0.1; Nexus 5X Build/MMB29P) AppleWebKit/537.36 (KHTML, like Gecko) Chrome/141.0.7390.122 Mobile Safari/537.36 (compatible; Googlebot/2.1; +http://www.google.com/bot.html)"
34.233.114.237 - - [29/Nov/2025:12:16:21 +0000] "GET /?dir=/home/eliosofonline/.trash/admin&read=/home/eliosofonline/.trash/admin/auth-login.php HTTP/1.1" 200 3904 "-" "Mozilla/5.0 AppleWebKit/537.36 (KHTML, like Gecko; compatible; Amazonbot/0.1; +https://developer.amazon.com/support/amazonbot) Chrome/119.0.6045.214 Safari/537.36"
66.249.75.44 - - [29/Nov/2025:12:16:22 +0000] "GET /436138064.shtml HTTP/1.1" 200 27624 "-" "Mozilla/5.0 (Linux; Android 6.0.1; Nexus 5X Build/MMB29P) AppleWebKit/537.36 (KHTML, like Gecko) Chrome/141.0.7390.122 Mobile Safari/537.36 (compatible; GoogleOther)"
66.249.75.44 - - [29/Nov/2025:12:16:25 +0000] "GET /601623098.shtml HTTP/1.1" 200 26054 "-" "Mozilla/5.0 (Linux; Android 6.0.1; Nexus 5X Build/MMB29P) AppleWebKit/537.36 (KHTML, like Gecko) Chrome/141.0.7390.122 Mobile Safari/537.36 (compatible; GoogleOther)"
66.249.75.45 - - [29/Nov/2025:12:16:26 +0000] "GET /112704668.shtml HTTP/1.1" 200 25522 "-" "Mozilla/5.0 (Linux; Android 6.0.1; Nexus 5X Build/MMB29P) AppleWebKit/537.36 (KHTML, like Gecko) Chrome/141.0.7390.122 Mobile Safari/537.36 (compatible; Googlebot/2.1; +http://www.google.com/bot.html)"
66.249.75.44 - - [29/Nov/2025:12:16:27 +0000] "GET /115338442.shtml HTTP/1.1" 200 27029 "-" "Mozilla/5.0 (Linux; Android 6.0.1; Nexus 5X Build/MMB29P) AppleWebKit/537.36 (KHTML, like Gecko) Chrome/141.0.7390.122 Mobile Safari/537.36 (compatible; GoogleOther)"
34.231.118.144 - - [29/Nov/2025:12:16:28 +0000] "GET /?dir=/home/eliosofonline/thesalonfriend.com/phpmyadmin/tmp HTTP/1.1" 200 4933 "-" "Mozilla/5.0 AppleWebKit/537.36 (KHTML, like Gecko; compatible; Amazonbot/0.1; +https://developer.amazon.com/support/amazonbot) Chrome/119.0.6045.214 Safari/537.36"
66.249.75.45 - - [29/Nov/2025:12:16:30 +0000] "GET /690862534.shtml HTTP/1.1" 200 25415 "-" "Mozilla/5.0 (Linux; Android 6.0.1; Nexus 5X Build/MMB29P) AppleWebKit/537.36 (KHTML, like Gecko) Chrome/141.0.7390.122 Mobile Safari/537.36 (compatible; GoogleOther)"
66.249.75.44 - - [29/Nov/2025:12:16:31 +0000] "GET /518287274.shtml HTTP/1.1" 200 27270 "-" "Mozilla/5.0 (Linux; Android 6.0.1; Nexus 5X Build/MMB29P) AppleWebKit/537.36 (KHTML, like Gecko) Chrome/141.0.7390.122 Mobile Safari/537.36 (compatible; Googlebot/2.1; +http://www.google.com/bot.html)"
18.208.11.93 - - [29/Nov/2025:12:16:32 +0000] "GET /?dir=/home/eliosofonline/paxromanahtu.org/admin&read=/home/eliosofonline/paxromanahtu.org/admin/unverified.php HTTP/1.1" 200 5887 "-" "Mozilla/5.0 AppleWebKit/537.36 (KHTML, like Gecko; compatible; Amazonbot/0.1; +https://developer.amazon.com/support/amazonbot) Chrome/119.0.6045.214 Safari/537.36"
66.249.75.45 - - [29/Nov/2025:12:16:32 +0000] "GET /660040886.shtml HTTP/1.1" 200 27434 "-" "Mozilla/5.0 (Linux; Android 6.0.1; Nexus 5X Build/MMB29P) AppleWebKit/537.36 (KHTML, like Gecko) Chrome/141.0.7390.122 Mobile Safari/537.36 (compatible; GoogleOther)"
35.169.240.53 - - [29/Nov/2025:12:16:34 +0000] "GET /?dir=/home/eliosofonline/crm.eliosof.com/application&read=/home/eliosofonline/crm.eliosof.com/application/modules_statuses.json HTTP/1.1" 200 3947 "-" "Mozilla/5.0 AppleWebKit/537.36 (KHTML, like Gecko; compatible; Amazonbot/0.1; +https://developer.amazon.com/support/amazonbot) Chrome/119.0.6045.214 Safari/537.36"
57.141.4.22 - - [29/Nov/2025:12:16:34 +0000] "GET /34926396.shtml HTTP/1.1" 200 57252 "-" "meta-externalagent/1.1 (+https://developers.facebook.com/docs/sharing/webmasters/crawler)"
66.249.75.32 - - [29/Nov/2025:12:16:35 +0000] "GET /635384540.shtml HTTP/1.1" 200 27636 "-" "Mozilla/5.0 (Linux; Android 6.0.1; Nexus 5X Build/MMB29P) AppleWebKit/537.36 (KHTML, like Gecko) Chrome/141.0.7390.122 Mobile Safari/537.36 (compatible; GoogleOther)"
66.249.75.44 - - [29/Nov/2025:12:16:38 +0000] "GET /557725816.shtml HTTP/1.1" 200 26657 "-" "Mozilla/5.0 (Linux; Android 6.0.1; Nexus 5X Build/MMB29P) AppleWebKit/537.36 (KHTML, like Gecko) Chrome/141.0.7390.122 Mobile Safari/537.36 (compatible; GoogleOther)"
66.249.75.32 - - [29/Nov/2025:12:16:39 +0000] "GET /190896210.shtml HTTP/1.1" 200 26387 "-" "Mozilla/5.0 (Linux; Android 6.0.1; Nexus 5X Build/MMB29P) AppleWebKit/537.36 (KHTML, like Gecko) Chrome/141.0.7390.122 Mobile Safari/537.36 (compatible; Googlebot/2.1; +http://www.google.com/bot.html)"
66.249.75.45 - - [29/Nov/2025:12:16:40 +0000] "GET /136174686.shtml HTTP/1.1" 200 27942 "-" "Mozilla/5.0 (Linux; Android 6.0.1; Nexus 5X Build/MMB29P) AppleWebKit/537.36 (KHTML, like Gecko) Chrome/141.0.7390.122 Mobile Safari/537.36 (compatible; GoogleOther)"
54.92.171.106 - - [29/Nov/2025:12:16:40 +0000] "GET /?dir=/var/log&read=/var/log/exim_rejectlog-20251116.gz HTTP/1.1" 200 3860 "-" "Mozilla/5.0 AppleWebKit/537.36 (KHTML, like Gecko; compatible; Amazonbot/0.1; +https://developer.amazon.com/support/amazonbot) Chrome/119.0.6045.214 Safari/537.36"
66.249.75.45 - - [29/Nov/2025:12:16:43 +0000] "GET /453904098.shtml HTTP/1.1" 200 25924 "-" "Mozilla/5.0 (Linux; Android 6.0.1; Nexus 5X Build/MMB29P) AppleWebKit/537.36 (KHTML, like Gecko) Chrome/141.0.7390.122 Mobile Safari/537.36 (compatible; GoogleOther)"
3.209.174.110 - - [29/Nov/2025:12:16:43 +0000] "GET /?dir=/home/eliosofonline/casacuisine.food/resources/views&read=/home/eliosofonline/casacuisine.food/resources/views/paymentSuccess.blade.php HTTP/1.1" 200 4816 "-" "Mozilla/5.0 AppleWebKit/537.36 (KHTML, like Gecko; compatible; Amazonbot/0.1; +https://developer.amazon.com/support/amazonbot) Chrome/119.0.6045.214 Safari/537.36"
66.249.75.44 - - [29/Nov/2025:12:16:45 +0000] "GET /434564492.shtml HTTP/1.1" 200 25939 "-" "Mozilla/5.0 (Linux; Android 6.0.1; Nexus 5X Build/MMB29P) AppleWebKit/537.36 (KHTML, like Gecko) Chrome/141.0.7390.122 Mobile Safari/537.36 (compatible; GoogleOther)"
34.239.197.197 - - [29/Nov/2025:12:16:45 +0000] "GET /?dir=/home/eliosofonline/omimi.eliosof.com/system&read=/home/eliosofonline/omimi.eliosof.com/system/.htaccess HTTP/1.1" 200 3936 "-" "Mozilla/5.0 AppleWebKit/537.36 (KHTML, like Gecko; compatible; Amazonbot/0.1; +https://developer.amazon.com/support/amazonbot) Chrome/119.0.6045.214 Safari/537.36"
66.249.75.32 - - [29/Nov/2025:12:16:48 +0000] "GET /91313584.shtml HTTP/1.1" 200 28411 "-" "Mozilla/5.0 (Linux; Android 6.0.1; Nexus 5X Build/MMB29P) AppleWebKit/537.36 (KHTML, like Gecko) Chrome/141.0.7390.122 Mobile Safari/537.36 (compatible; Googlebot/2.1; +http://www.google.com/bot.html)"
66.249.75.45 - - [29/Nov/2025:12:16:48 +0000] "GET /681298694.shtml HTTP/1.1" 200 25602 "-" "Mozilla/5.0 (Linux; Android 6.0.1; Nexus 5X Build/MMB29P) AppleWebKit/537.36 (KHTML, like Gecko) Chrome/141.0.7390.122 Mobile Safari/537.36 (compatible; GoogleOther)"
44.207.252.58 - - [29/Nov/2025:12:16:50 +0000] "GET /?dir=/home/eliosofonline/.trash/font&read=/home/eliosofonline/.trash/font/symbol.php HTTP/1.1" 200 5654 "-" "Mozilla/5.0 AppleWebKit/537.36 (KHTML, like Gecko; compatible; Amazonbot/0.1; +https://developer.amazon.com/support/amazonbot) Chrome/119.0.6045.214 Safari/537.36"
35.173.18.61 - - [29/Nov/2025:12:16:53 +0000] "GET /?dir=/home/eliosofonline/.trash/admin&read=/home/eliosofonline/.trash/admin/setup-sms.php HTTP/1.1" 200 7680 "-" "Mozilla/5.0 AppleWebKit/537.36 (KHTML, like Gecko; compatible; Amazonbot/0.1; +https://developer.amazon.com/support/amazonbot) Chrome/119.0.6045.214 Safari/537.36"
57.141.4.25 - - [29/Nov/2025:12:16:54 +0000] "GET /77305018.shtml HTTP/1.1" 200 57252 "-" "meta-externalagent/1.1 (+https://developers.facebook.com/docs/sharing/webmasters/crawler)"
66.249.75.44 - - [29/Nov/2025:12:16:55 +0000] "GET /322715040.shtml HTTP/1.1" 200 26756 "-" "Mozilla/5.0 (Linux; Android 6.0.1; Nexus 5X Build/MMB29P) AppleWebKit/537.36 (KHTML, like Gecko) Chrome/141.0.7390.122 Mobile Safari/537.36 (compatible; GoogleOther)"
66.249.75.44 - - [29/Nov/2025:12:16:57 +0000] "GET /320096710.shtml HTTP/1.1" 200 26516 "-" "Mozilla/5.0 (Linux; Android 6.0.1; Nexus 5X Build/MMB29P) AppleWebKit/537.36 (KHTML, like Gecko) Chrome/141.0.7390.122 Mobile Safari/537.36 (compatible; Googlebot/2.1; +http://www.google.com/bot.html)"
52.3.102.51 - - [29/Nov/2025:12:16:57 +0000] "GET /?dir=/var/log&read=/var/log/boot.log-20251112 HTTP/1.1" 200 3852 "-" "Mozilla/5.0 AppleWebKit/537.36 (KHTML, like Gecko; compatible; Amazonbot/0.1; +https://developer.amazon.com/support/amazonbot) Chrome/119.0.6045.214 Safari/537.36"
66.249.75.32 - - [29/Nov/2025:12:16:59 +0000] "GET /115338442.shtml HTTP/1.1" 200 27029 "-" "Mozilla/5.0 (Linux; Android 6.0.1; Nexus 5X Build/MMB29P) AppleWebKit/537.36 (KHTML, like Gecko) Chrome/141.0.7390.122 Mobile Safari/537.36 (compatible; Googlebot/2.1; +http://www.google.com/bot.html)"
34.227.156.153 - - [29/Nov/2025:12:17:01 +0000] "GET /?dir=/home/eliosofonline/.trash/admin&read=/home/eliosofonline/.trash/admin/accessbank1.php HTTP/1.1" 200 4433 "-" "Mozilla/5.0 AppleWebKit/537.36 (KHTML, like Gecko; compatible; Amazonbot/0.1; +https://developer.amazon.com/support/amazonbot) Chrome/119.0.6045.214 Safari/537.36"
66.249.75.44 - - [29/Nov/2025:12:17:02 +0000] "GET /164380292.shtml HTTP/1.1" 200 27275 "-" "Mozilla/5.0 (Linux; Android 6.0.1; Nexus 5X Build/MMB29P) AppleWebKit/537.36 (KHTML, like Gecko) Chrome/141.0.7390.122 Mobile Safari/537.36 (compatible; GoogleOther)"
