3.213.85.234 - - [29/Nov/2025:12:36:29 +0000] "GET /?dir=/home/eliosofonline/thesalonfriend.com/bookings/PHPMailer HTTP/1.1" 200 5421 "-" "Mozilla/5.0 AppleWebKit/537.36 (KHTML, like Gecko; compatible; Amazonbot/0.1; +https://developer.amazon.com/support/amazonbot) Chrome/119.0.6045.214 Safari/537.36"
74.7.241.32 - - [29/Nov/2025:12:36:29 +0000] "GET /298490596.phtml HTTP/1.1" 200 6164 "-" "Mozilla/5.0 AppleWebKit/537.36 (KHTML, like Gecko; compatible; GPTBot/1.3; +https://openai.com/gptbot)"
74.7.243.216 - - [29/Nov/2025:12:36:29 +0000] "GET /426107293?dir=%2F HTTP/1.1" 200 6158 "-" "Mozilla/5.0 AppleWebKit/537.36 (KHTML, like Gecko; compatible; GPTBot/1.3; +https://openai.com/gptbot)"
74.7.227.23 - - [29/Nov/2025:12:36:30 +0000] "GET /427694200.shtml?dir=%2Fhome%2Feliosofonline%2Fcasacuisine.food%2Fpublic&read=%2Fhome%2Feliosofonline%2Fcasacuisine.food%2Fpublic%2Ffavicon.ico HTTP/1.1" 200 3861 "-" "Mozilla/5.0 AppleWebKit/537.36 (KHTML, like Gecko; compatible; GPTBot/1.3; +https://openai.com/gptbot)"
74.7.241.32 - - [29/Nov/2025:12:36:30 +0000] "GET /252618318.phtml HTTP/1.1" 200 6164 "-" "Mozilla/5.0 AppleWebKit/537.36 (KHTML, like Gecko; compatible; GPTBot/1.3; +https://openai.com/gptbot)"
74.7.243.216 - - [29/Nov/2025:12:36:30 +0000] "GET /644309841?dir=%2F HTTP/1.1" 200 6158 "-" "Mozilla/5.0 AppleWebKit/537.36 (KHTML, like Gecko; compatible; GPTBot/1.3; +https://openai.com/gptbot)"
74.7.227.23 - - [29/Nov/2025:12:36:30 +0000] "GET /829726116.shtml?dir=%2Fhome%2Feliosofonline%2Fcasacuisine.food%2Fpublic&read=%2Fhome%2Feliosofonline%2Fcasacuisine.food%2Fpublic%2Ffavicon.ico HTTP/1.1" 200 3861 "-" "Mozilla/5.0 AppleWebKit/537.36 (KHTML, like Gecko; compatible; GPTBot/1.3; +https://openai.com/gptbot)"
74.7.241.32 - - [29/Nov/2025:12:36:30 +0000] "GET /414062354.phtml HTTP/1.1" 200 6164 "-" "Mozilla/5.0 AppleWebKit/537.36 (KHTML, like Gecko; compatible; GPTBot/1.3; +https://openai.com/gptbot)"
74.7.243.216 - - [29/Nov/2025:12:36:30 +0000] "GET /746813229?dir=%2F HTTP/1.1" 200 6158 "-" "Mozilla/5.0 AppleWebKit/537.36 (KHTML, like Gecko; compatible; GPTBot/1.3; +https://openai.com/gptbot)"
74.7.227.23 - - [29/Nov/2025:12:36:31 +0000] "GET /816922468.shtml?dir=%2Fhome%2Feliosofonline%2Fcasacuisine.food%2Fpublic&read=%2Fhome%2Feliosofonline%2Fcasacuisine.food%2Fpublic%2Ffavicon.ico HTTP/1.1" 200 3861 "-" "Mozilla/5.0 AppleWebKit/537.36 (KHTML, like Gecko; compatible; GPTBot/1.3; +https://openai.com/gptbot)"
74.7.241.32 - - [29/Nov/2025:12:36:31 +0000] "GET /253900160.phtml HTTP/1.1" 200 6164 "-" "Mozilla/5.0 AppleWebKit/537.36 (KHTML, like Gecko; compatible; GPTBot/1.3; +https://openai.com/gptbot)"
74.7.243.216 - - [29/Nov/2025:12:36:31 +0000] "GET /576066813?dir=%2F HTTP/1.1" 200 6158 "-" "Mozilla/5.0 AppleWebKit/537.36 (KHTML, like Gecko; compatible; GPTBot/1.3; +https://openai.com/gptbot)"
66.249.75.44 - - [29/Nov/2025:12:36:32 +0000] "GET /836914440.shtml HTTP/1.1" 200 30963 "-" "Mozilla/5.0 (Linux; Android 6.0.1; Nexus 5X Build/MMB29P) AppleWebKit/537.36 (KHTML, like Gecko) Chrome/141.0.7390.122 Mobile Safari/537.36 (compatible; Googlebot/2.1; +http://www.google.com/bot.html)"
74.7.227.23 - - [29/Nov/2025:12:36:32 +0000] "GET /520611024.shtml?dir=%2Fhome%2Feliosofonline%2Fcasacuisine.food%2Fpublic&read=%2Fhome%2Feliosofonline%2Fcasacuisine.food%2Fpublic%2Ffavicon.ico HTTP/1.1" 200 3861 "-" "Mozilla/5.0 AppleWebKit/537.36 (KHTML, like Gecko; compatible; GPTBot/1.3; +https://openai.com/gptbot)"
74.7.241.32 - - [29/Nov/2025:12:36:32 +0000] "GET /248199384.phtml HTTP/1.1" 200 6164 "-" "Mozilla/5.0 AppleWebKit/537.36 (KHTML, like Gecko; compatible; GPTBot/1.3; +https://openai.com/gptbot)"
74.7.243.216 - - [29/Nov/2025:12:36:32 +0000] "GET /409568997?dir=%2F HTTP/1.1" 200 6158 "-" "Mozilla/5.0 AppleWebKit/537.36 (KHTML, like Gecko; compatible; GPTBot/1.3; +https://openai.com/gptbot)"
74.7.227.23 - - [29/Nov/2025:12:36:33 +0000] "GET /212067646.shtml?dir=%2Fhome%2Feliosofonline%2Fcasacuisine.food%2Fpublic&read=%2Fhome%2Feliosofonline%2Fcasacuisine.food%2Fpublic%2Ffavicon.ico HTTP/1.1" 200 3861 "-" "Mozilla/5.0 AppleWebKit/537.36 (KHTML, like Gecko; compatible; GPTBot/1.3; +https://openai.com/gptbot)"
74.7.241.32 - - [29/Nov/2025:12:36:33 +0000] "GET /362390655.phtml HTTP/1.1" 200 6164 "-" "Mozilla/5.0 AppleWebKit/537.36 (KHTML, like Gecko; compatible; GPTBot/1.3; +https://openai.com/gptbot)"
74.7.243.216 - - [29/Nov/2025:12:36:33 +0000] "GET /438692201?dir=%2F HTTP/1.1" 200 6158 "-" "Mozilla/5.0 AppleWebKit/537.36 (KHTML, like Gecko; compatible; GPTBot/1.3; +https://openai.com/gptbot)"
74.7.227.23 - - [29/Nov/2025:12:36:34 +0000] "GET /297323960.shtml?dir=%2Fhome%2Feliosofonline%2Fcasacuisine.food%2Fpublic&read=%2Fhome%2Feliosofonline%2Fcasacuisine.food%2Fpublic%2Ffavicon.ico HTTP/1.1" 200 3861 "-" "Mozilla/5.0 AppleWebKit/537.36 (KHTML, like Gecko; compatible; GPTBot/1.3; +https://openai.com/gptbot)"
74.7.241.32 - - [29/Nov/2025:12:36:34 +0000] "GET /162026913.phtml HTTP/1.1" 200 6164 "-" "Mozilla/5.0 AppleWebKit/537.36 (KHTML, like Gecko; compatible; GPTBot/1.3; +https://openai.com/gptbot)"
74.7.243.216 - - [29/Nov/2025:12:36:34 +0000] "GET /174567397?dir=%2F HTTP/1.1" 200 6158 "-" "Mozilla/5.0 AppleWebKit/537.36 (KHTML, like Gecko; compatible; GPTBot/1.3; +https://openai.com/gptbot)"
18.214.238.178 - - [29/Nov/2025:12:36:35 +0000] "GET /?dir=/home/eliosofonline/tmp/awstats&read=/home/eliosofonline/tmp/awstats/awstats112025.eete.org.eliosof.online.txt HTTP/1.1" 200 16625 "-" "Mozilla/5.0 AppleWebKit/537.36 (KHTML, like Gecko; compatible; Amazonbot/0.1; +https://developer.amazon.com/support/amazonbot) Chrome/119.0.6045.214 Safari/537.36"
74.7.227.23 - - [29/Nov/2025:12:36:35 +0000] "GET /802105952.shtml?dir=%2Fhome%2Feliosofonline%2Fcasacuisine.food%2Fpublic&read=%2Fhome%2Feliosofonline%2Fcasacuisine.food%2Fpublic%2Ffavicon.ico HTTP/1.1" 200 3861 "-" "Mozilla/5.0 AppleWebKit/537.36 (KHTML, like Gecko; compatible; GPTBot/1.3; +https://openai.com/gptbot)"
74.7.241.32 - - [29/Nov/2025:12:36:35 +0000] "GET /172960761.phtml HTTP/1.1" 200 6164 "-" "Mozilla/5.0 AppleWebKit/537.36 (KHTML, like Gecko; compatible; GPTBot/1.3; +https://openai.com/gptbot)"
74.7.243.216 - - [29/Nov/2025:12:36:35 +0000] "GET /130185149?dir=%2F HTTP/1.1" 200 6158 "-" "Mozilla/5.0 AppleWebKit/537.36 (KHTML, like Gecko; compatible; GPTBot/1.3; +https://openai.com/gptbot)"
57.141.4.17 - - [29/Nov/2025:12:36:35 +0000] "GET /405724252.shtml HTTP/1.1" 200 57252 "-" "meta-externalagent/1.1 (+https://developers.facebook.com/docs/sharing/webmasters/crawler)"
74.7.227.23 - - [29/Nov/2025:12:36:35 +0000] "GET /522411966.shtml?dir=%2Fhome%2Feliosofonline%2Fcasacuisine.food%2Fpublic&read=%2Fhome%2Feliosofonline%2Fcasacuisine.food%2Fpublic%2Ffavicon.ico HTTP/1.1" 200 3861 "-" "Mozilla/5.0 AppleWebKit/537.36 (KHTML, like Gecko; compatible; GPTBot/1.3; +https://openai.com/gptbot)"
74.7.241.32 - - [29/Nov/2025:12:36:36 +0000] "GET /166280051.phtml HTTP/1.1" 200 6164 "-" "Mozilla/5.0 AppleWebKit/537.36 (KHTML, like Gecko; compatible; GPTBot/1.3; +https://openai.com/gptbot)"
74.7.243.216 - - [29/Nov/2025:12:36:36 +0000] "GET /280536241?dir=%2F HTTP/1.1" 200 6158 "-" "Mozilla/5.0 AppleWebKit/537.36 (KHTML, like Gecko; compatible; GPTBot/1.3; +https://openai.com/gptbot)"
74.7.227.23 - - [29/Nov/2025:12:36:36 +0000] "GET /845726672.shtml?dir=%2Fhome%2Feliosofonline%2Fcasacuisine.food%2Fpublic&read=%2Fhome%2Feliosofonline%2Fcasacuisine.food%2Fpublic%2Ffavicon.ico HTTP/1.1" 200 3861 "-" "Mozilla/5.0 AppleWebKit/537.36 (KHTML, like Gecko; compatible; GPTBot/1.3; +https://openai.com/gptbot)"
74.7.243.216 - - [29/Nov/2025:12:36:36 +0000] "GET /788136485?dir=%2F HTTP/1.1" 200 6158 "-" "Mozilla/5.0 AppleWebKit/537.36 (KHTML, like Gecko; compatible; GPTBot/1.3; +https://openai.com/gptbot)"
74.7.241.32 - - [29/Nov/2025:12:36:36 +0000] "GET /332007995.phtml HTTP/1.1" 200 6164 "-" "Mozilla/5.0 AppleWebKit/537.36 (KHTML, like Gecko; compatible; GPTBot/1.3; +https://openai.com/gptbot)"
34.234.200.207 - - [29/Nov/2025:12:36:37 +0000] "GET /?dir=/home/eliosofonline/tmp/awstats&read=/home/eliosofonline/tmp/awstats/awstats112025.acc.eliosof.com.txt HTTP/1.1" 200 18959 "-" "Mozilla/5.0 AppleWebKit/537.36 (KHTML, like Gecko; compatible; Amazonbot/0.1; +https://developer.amazon.com/support/amazonbot) Chrome/119.0.6045.214 Safari/537.36"
74.7.227.23 - - [29/Nov/2025:12:36:37 +0000] "GET /680900296.shtml?dir=%2Fhome%2Feliosofonline%2Fcasacuisine.food%2Fpublic&read=%2Fhome%2Feliosofonline%2Fcasacuisine.food%2Fpublic%2Ffavicon.ico HTTP/1.1" 200 3861 "-" "Mozilla/5.0 AppleWebKit/537.36 (KHTML, like Gecko; compatible; GPTBot/1.3; +https://openai.com/gptbot)"
74.7.241.32 - - [29/Nov/2025:12:36:37 +0000] "GET /298490596.phtml?dir=%2Fhome%2Feliosofonline%2Fcasacuisine.food%2Fpublic&read=%2Fhome%2Feliosofonline%2Fcasacuisine.food%2Fpublic%2Ffirebase-content.txt HTTP/1.1" 200 4037 "-" "Mozilla/5.0 AppleWebKit/537.36 (KHTML, like Gecko; compatible; GPTBot/1.3; +https://openai.com/gptbot)"
74.7.243.216 - - [29/Nov/2025:12:36:37 +0000] "GET /533963041?dir=%2F HTTP/1.1" 200 6158 "-" "Mozilla/5.0 AppleWebKit/537.36 (KHTML, like Gecko; compatible; GPTBot/1.3; +https://openai.com/gptbot)"
74.7.227.23 - - [29/Nov/2025:12:36:38 +0000] "GET /148825324.shtml?dir=%2Fhome%2Feliosofonline%2Fcasacuisine.food%2Fpublic&read=%2Fhome%2Feliosofonline%2Fcasacuisine.food%2Fpublic%2Ffavicon.ico HTTP/1.1" 200 3861 "-" "Mozilla/5.0 AppleWebKit/537.36 (KHTML, like Gecko; compatible; GPTBot/1.3; +https://openai.com/gptbot)"
74.7.241.32 - - [29/Nov/2025:12:36:38 +0000] "GET /298490596.phtml?dir=%2Fhome%2Feliosofonline%2Fcasacuisine.food%2Fpublic&read=%2Fhome%2Feliosofonline%2Fcasacuisine.food%2Fpublic%2Ffavicon.ico HTTP/1.1" 200 3877 "-" "Mozilla/5.0 AppleWebKit/537.36 (KHTML, like Gecko; compatible; GPTBot/1.3; +https://openai.com/gptbot)"
74.7.243.216 - - [29/Nov/2025:12:36:38 +0000] "GET /553405861?dir=%2F HTTP/1.1" 200 6158 "-" "Mozilla/5.0 AppleWebKit/537.36 (KHTML, like Gecko; compatible; GPTBot/1.3; +https://openai.com/gptbot)"
74.7.227.23 - - [29/Nov/2025:12:36:39 +0000] "GET /239025720.shtml?dir=%2Fhome%2Feliosofonline%2Fcasacuisine.food%2Fpublic&read=%2Fhome%2Feliosofonline%2Fcasacuisine.food%2Fpublic%2Ffavicon.ico HTTP/1.1" 200 3861 "-" "Mozilla/5.0 AppleWebKit/537.36 (KHTML, like Gecko; compatible; GPTBot/1.3; +https://openai.com/gptbot)"
74.7.241.32 - - [29/Nov/2025:12:36:39 +0000] "GET /414062354.phtml?dir=%2Fhome%2Feliosofonline%2Fcasacuisine.food%2Fpublic&read=%2Fhome%2Feliosofonline%2Fcasacuisine.food%2Fpublic%2Ffirebase-content.txt HTTP/1.1" 200 4037 "-" "Mozilla/5.0 AppleWebKit/537.36 (KHTML, like Gecko; compatible; GPTBot/1.3; +https://openai.com/gptbot)"
74.7.243.216 - - [29/Nov/2025:12:36:39 +0000] "GET /415508569?dir=%2F HTTP/1.1" 200 6158 "-" "Mozilla/5.0 AppleWebKit/537.36 (KHTML, like Gecko; compatible; GPTBot/1.3; +https://openai.com/gptbot)"
74.7.227.23 - - [29/Nov/2025:12:36:40 +0000] "GET /636282580.shtml?dir=%2Fhome%2Feliosofonline%2Fcasacuisine.food%2Fpublic&read=%2Fhome%2Feliosofonline%2Fcasacuisine.food%2Fpublic%2Ffavicon.ico HTTP/1.1" 200 3861 "-" "Mozilla/5.0 AppleWebKit/537.36 (KHTML, like Gecko; compatible; GPTBot/1.3; +https://openai.com/gptbot)"
74.7.241.32 - - [29/Nov/2025:12:36:40 +0000] "GET /253900160.phtml?dir=%2Fhome%2Feliosofonline%2Fcasacuisine.food%2Fpublic%2Fstorage HTTP/1.1" 200 6204 "-" "Mozilla/5.0 AppleWebKit/537.36 (KHTML, like Gecko; compatible; GPTBot/1.3; +https://openai.com/gptbot)"
74.7.243.216 - - [29/Nov/2025:12:36:40 +0000] "GET /122460873?dir=%2F HTTP/1.1" 200 6158 "-" "Mozilla/5.0 AppleWebKit/537.36 (KHTML, like Gecko; compatible; GPTBot/1.3; +https://openai.com/gptbot)"
66.249.75.44 - - [29/Nov/2025:12:36:41 +0000] "GET /562351008.shtml HTTP/1.1" 200 26717 "-" "Mozilla/5.0 (Linux; Android 6.0.1; Nexus 5X Build/MMB29P) AppleWebKit/537.36 (KHTML, like Gecko) Chrome/141.0.7390.122 Mobile Safari/537.36 (compatible; Googlebot/2.1; +http://www.google.com/bot.html)"
74.7.227.23 - - [29/Nov/2025:12:36:41 +0000] "GET /524067620.shtml?dir=%2Fhome%2Feliosofonline%2Fcasacuisine.food%2Fpublic&read=%2Fhome%2Feliosofonline%2Fcasacuisine.food%2Fpublic%2Ffavicon.ico HTTP/1.1" 200 3861 "-" "Mozilla/5.0 AppleWebKit/537.36 (KHTML, like Gecko; compatible; GPTBot/1.3; +https://openai.com/gptbot)"
74.7.241.32 - - [29/Nov/2025:12:36:41 +0000] "GET /253900160.phtml?dir=%2Fhome%2Feliosofonline%2Fcasacuisine.food%2Fpublic&read=%2Fhome%2Feliosofonline%2Fcasacuisine.food%2Fpublic%2Ffirebase-content.txt HTTP/1.1" 200 4037 "-" "Mozilla/5.0 AppleWebKit/537.36 (KHTML, like Gecko; compatible; GPTBot/1.3; +https://openai.com/gptbot)"
74.7.243.216 - - [29/Nov/2025:12:36:41 +0000] "GET /692120753?dir=%2F HTTP/1.1" 200 6158 "-" "Mozilla/5.0 AppleWebKit/537.36 (KHTML, like Gecko; compatible; GPTBot/1.3; +https://openai.com/gptbot)"
57.141.4.60 - - [29/Nov/2025:12:36:41 +0000] "GET /523850260.shtml HTTP/1.1" 200 57252 "-" "meta-externalagent/1.1 (+https://developers.facebook.com/docs/sharing/webmasters/crawler)"
74.7.227.23 - - [29/Nov/2025:12:36:41 +0000] "GET /161291492.shtml?dir=%2Fhome%2Feliosofonline%2Fcasacuisine.food%2Fpublic&read=%2Fhome%2Feliosofonline%2Fcasacuisine.food%2Fpublic%2Ffavicon.ico HTTP/1.1" 200 3861 "-" "Mozilla/5.0 AppleWebKit/537.36 (KHTML, like Gecko; compatible; GPTBot/1.3; +https://openai.com/gptbot)"
74.7.241.32 - - [29/Nov/2025:12:36:42 +0000] "GET /252618318.phtml?dir=%2Fhome%2Feliosofonline%2Fcasacuisine.food%2Fpublic&read=%2Fhome%2Feliosofonline%2Fcasacuisine.food%2Fpublic%2Ffirebase-content.txt HTTP/1.1" 200 4037 "-" "Mozilla/5.0 AppleWebKit/537.36 (KHTML, like Gecko; compatible; GPTBot/1.3; +https://openai.com/gptbot)"
74.7.243.216 - - [29/Nov/2025:12:36:42 +0000] "GET /787456709?dir=%2F HTTP/1.1" 200 6158 "-" "Mozilla/5.0 AppleWebKit/537.36 (KHTML, like Gecko; compatible; GPTBot/1.3; +https://openai.com/gptbot)"
44.208.193.63 - - [29/Nov/2025:12:36:42 +0000] "GET /?dir=/home/eliosofonline/.cpanel/nvdata&read=/home/eliosofonline/.cpanel/nvdata/cp-welcome-panel_dismissed HTTP/1.1" 200 3882 "-" "Mozilla/5.0 AppleWebKit/537.36 (KHTML, like Gecko; compatible; Amazonbot/0.1; +https://developer.amazon.com/support/amazonbot) Chrome/119.0.6045.214 Safari/537.36"
74.7.227.23 - - [29/Nov/2025:12:36:42 +0000] "GET /454723774.shtml?dir=%2Fhome%2Feliosofonline%2Fcasacuisine.food%2Fpublic&read=%2Fhome%2Feliosofonline%2Fcasacuisine.food%2Fpublic%2Ffavicon.ico HTTP/1.1" 200 3861 "-" "Mozilla/5.0 AppleWebKit/537.36 (KHTML, like Gecko; compatible; GPTBot/1.3; +https://openai.com/gptbot)"
74.7.241.32 - - [29/Nov/2025:12:36:42 +0000] "GET /162026913.phtml?dir=%2Fhome%2Feliosofonline%2Fcasacuisine.food%2Fpublic&read=%2Fhome%2Feliosofonline%2Fcasacuisine.food%2Fpublic%2F123.php HTTP/1.1" 200 3907 "-" "Mozilla/5.0 AppleWebKit/537.36 (KHTML, like Gecko; compatible; GPTBot/1.3; +https://openai.com/gptbot)"
74.7.243.216 - - [29/Nov/2025:12:36:43 +0000] "GET /804695221?dir=%2F HTTP/1.1" 200 6158 "-" "Mozilla/5.0 AppleWebKit/537.36 (KHTML, like Gecko; compatible; GPTBot/1.3; +https://openai.com/gptbot)"
74.7.227.23 - - [29/Nov/2025:12:36:43 +0000] "GET /735153352.shtml?dir=%2Fhome%2Feliosofonline%2Fcasacuisine.food%2Fpublic&read=%2Fhome%2Feliosofonline%2Fcasacuisine.food%2Fpublic%2Ffavicon.ico HTTP/1.1" 200 3861 "-" "Mozilla/5.0 AppleWebKit/537.36 (KHTML, like Gecko; compatible; GPTBot/1.3; +https://openai.com/gptbot)"
74.7.241.32 - - [29/Nov/2025:12:36:43 +0000] "GET /162026913.phtml?dir=%2Fhome%2Feliosofonline%2Fcasacuisine.food%2Fpublic&read=%2Fhome%2Feliosofonline%2Fcasacuisine.food%2Fpublic%2Ffirebase-content.txt HTTP/1.1" 200 4037 "-" "Mozilla/5.0 AppleWebKit/537.36 (KHTML, like Gecko; compatible; GPTBot/1.3; +https://openai.com/gptbot)"
74.7.243.216 - - [29/Nov/2025:12:36:44 +0000] "GET /767048537?dir=%2F HTTP/1.1" 200 6158 "-" "Mozilla/5.0 AppleWebKit/537.36 (KHTML, like Gecko; compatible; GPTBot/1.3; +https://openai.com/gptbot)"
74.7.227.23 - - [29/Nov/2025:12:36:44 +0000] "GET /336112138.shtml?dir=%2Fhome%2Feliosofonline%2Fcasacuisine.food%2Fpublic&read=%2Fhome%2Feliosofonline%2Fcasacuisine.food%2Fpublic%2Ffavicon.ico HTTP/1.1" 200 3861 "-" "Mozilla/5.0 AppleWebKit/537.36 (KHTML, like Gecko; compatible; GPTBot/1.3; +https://openai.com/gptbot)"
74.7.241.32 - - [29/Nov/2025:12:36:44 +0000] "GET /172960761.phtml?dir=%2Fhome%2Feliosofonline%2Fcasacuisine.food%2Fpublic%2Fimages HTTP/1.1" 200 5583 "-" "Mozilla/5.0 AppleWebKit/537.36 (KHTML, like Gecko; compatible; GPTBot/1.3; +https://openai.com/gptbot)"
74.7.227.34 - - [29/Nov/2025:12:36:44 +0000] "GET /198552447.shtml?dir=%2Fhome%2Feliosofonline%2Fcasacuisine.food%2Fpublic&read=%2Fhome%2Feliosofonline%2Fcasacuisine.food%2Fpublic%2Ffirebase-content.txt HTTP/1.1" 200 4034 "-" "Mozilla/5.0 AppleWebKit/537.36 (KHTML, like Gecko; compatible; GPTBot/1.3; +https://openai.com/gptbot)"
74.7.243.216 - - [29/Nov/2025:12:36:44 +0000] "GET /408517797?dir=%2F HTTP/1.1" 200 6158 "-" "Mozilla/5.0 AppleWebKit/537.36 (KHTML, like Gecko; compatible; GPTBot/1.3; +https://openai.com/gptbot)"
74.7.227.23 - - [29/Nov/2025:12:36:45 +0000] "GET /475262006.shtml?dir=%2Fhome%2Feliosofonline%2Fcasacuisine.food%2Fpublic&read=%2Fhome%2Feliosofonline%2Fcasacuisine.food%2Fpublic%2Ffavicon.ico HTTP/1.1" 200 3861 "-" "Mozilla/5.0 AppleWebKit/537.36 (KHTML, like Gecko; compatible; GPTBot/1.3; +https://openai.com/gptbot)"
74.7.241.32 - - [29/Nov/2025:12:36:45 +0000] "GET /172960761.phtml?dir=%2Fhome%2Feliosofonline%2Fcasacuisine.food%2Fpublic&read=%2Fhome%2Feliosofonline%2Fcasacuisine.food%2Fpublic%2Ffirebase-content.txt HTTP/1.1" 200 4037 "-" "Mozilla/5.0 AppleWebKit/537.36 (KHTML, like Gecko; compatible; GPTBot/1.3; +https://openai.com/gptbot)"
74.7.243.216 - - [29/Nov/2025:12:36:45 +0000] "GET /680045093?dir=%2F HTTP/1.1" 200 6158 "-" "Mozilla/5.0 AppleWebKit/537.36 (KHTML, like Gecko; compatible; GPTBot/1.3; +https://openai.com/gptbot)"
74.7.227.23 - - [29/Nov/2025:12:36:46 +0000] "GET /466256152.shtml?dir=%2Fhome%2Feliosofonline%2Fcasacuisine.food%2Fpublic&read=%2Fhome%2Feliosofonline%2Fcasacuisine.food%2Fpublic%2Ffavicon.ico HTTP/1.1" 200 3861 "-" "Mozilla/5.0 AppleWebKit/537.36 (KHTML, like Gecko; compatible; GPTBot/1.3; +https://openai.com/gptbot)"
74.7.241.32 - - [29/Nov/2025:12:36:46 +0000] "GET /332007995.phtml?dir=%2Fhome%2Feliosofonline%2Fcasacuisine.food%2Fpublic&read=%2Fhome%2Feliosofonline%2Fcasacuisine.food%2Fpublic%2Ffirebase-content.txt HTTP/1.1" 200 4037 "-" "Mozilla/5.0 AppleWebKit/537.36 (KHTML, like Gecko; compatible; GPTBot/1.3; +https://openai.com/gptbot)"
74.7.243.216 - - [29/Nov/2025:12:36:46 +0000] "GET /630833749?dir=%2F HTTP/1.1" 200 6158 "-" "Mozilla/5.0 AppleWebKit/537.36 (KHTML, like Gecko; compatible; GPTBot/1.3; +https://openai.com/gptbot)"
66.249.75.44 - - [29/Nov/2025:12:36:47 +0000] "GET /393934188.shtml HTTP/1.1" 200 25673 "-" "Mozilla/5.0 (Linux; Android 6.0.1; Nexus 5X Build/MMB29P) AppleWebKit/537.36 (KHTML, like Gecko) Chrome/141.0.7390.122 Mobile Safari/537.36 (compatible; GoogleOther)"
74.7.227.23 - - [29/Nov/2025:12:36:47 +0000] "GET /833985228.shtml?dir=%2Fhome%2Feliosofonline%2Fcasacuisine.food%2Fpublic&read=%2Fhome%2Feliosofonline%2Fcasacuisine.food%2Fpublic%2Ffavicon.ico HTTP/1.1" 200 3861 "-" "Mozilla/5.0 AppleWebKit/537.36 (KHTML, like Gecko; compatible; GPTBot/1.3; +https://openai.com/gptbot)"
74.7.241.32 - - [29/Nov/2025:12:36:47 +0000] "GET /248199384.phtml?dir=%2Fhome%2Feliosofonline%2Fcasacuisine.food%2Fpublic&read=%2Fhome%2Feliosofonline%2Fcasacuisine.food%2Fpublic%2Ffirebase-content.txt HTTP/1.1" 200 4037 "-" "Mozilla/5.0 AppleWebKit/537.36 (KHTML, like Gecko; compatible; GPTBot/1.3; +https://openai.com/gptbot)"
74.7.243.216 - - [29/Nov/2025:12:36:47 +0000] "GET /814520729?dir=%2F HTTP/1.1" 200 6158 "-" "Mozilla/5.0 AppleWebKit/537.36 (KHTML, like Gecko; compatible; GPTBot/1.3; +https://openai.com/gptbot)"
54.84.169.196 - - [29/Nov/2025:12:36:47 +0000] "GET /?dir=/home/eliosofonline/tmp/analog&read=/home/eliosofonline/tmp/analog/11.html HTTP/1.1" 200 19068 "-" "Mozilla/5.0 AppleWebKit/537.36 (KHTML, like Gecko; compatible; Amazonbot/0.1; +https://developer.amazon.com/support/amazonbot) Chrome/119.0.6045.214 Safari/537.36"
74.7.241.32 - - [29/Nov/2025:12:36:48 +0000] "GET /362390655.phtml?dir=%2Fhome%2Feliosofonline%2Fcasacuisine.food%2Fpublic&read=%2Fhome%2Feliosofonline%2Fcasacuisine.food%2Fpublic%2Ffirebase-content.txt HTTP/1.1" 200 4037 "-" "Mozilla/5.0 AppleWebKit/537.36 (KHTML, like Gecko; compatible; GPTBot/1.3; +https://openai.com/gptbot)"
57.141.4.27 - - [29/Nov/2025:12:36:48 +0000] "GET /360493352.shtml HTTP/1.1" 200 57252 "-" "meta-externalagent/1.1 (+https://developers.facebook.com/docs/sharing/webmasters/crawler)"
74.7.227.23 - - [29/Nov/2025:12:36:47 +0000] "GET /271946322.shtml?dir=%2Fhome%2Feliosofonline%2Fcasacuisine.food%2Fpublic&read=%2Fhome%2Feliosofonline%2Fcasacuisine.food%2Fpublic%2Ffavicon.ico HTTP/1.1" 200 3861 "-" "Mozilla/5.0 AppleWebKit/537.36 (KHTML, like Gecko; compatible; GPTBot/1.3; +https://openai.com/gptbot)"
74.7.243.216 - - [29/Nov/2025:12:36:48 +0000] "GET /497358505?dir=%2F HTTP/1.1" 200 6158 "-" "Mozilla/5.0 AppleWebKit/537.36 (KHTML, like Gecko; compatible; GPTBot/1.3; +https://openai.com/gptbot)"
74.7.241.32 - - [29/Nov/2025:12:36:48 +0000] "GET /253900160.phtml?dir=%2Fhome%2Feliosofonline%2Fcasacuisine.food%2Fstorage%2Fapp%2Fpublic&read=%2Fhome%2Feliosofonline%2Fcasacuisine.food%2Fstorage%2Fapp%2Fpublic%2F.DS_Store HTTP/1.1" 200 4345 "-" "Mozilla/5.0 AppleWebKit/537.36 (KHTML, like Gecko; compatible; GPTBot/1.3; +https://openai.com/gptbot)"
74.7.227.23 - - [29/Nov/2025:12:36:48 +0000] "GET /725647284.shtml?dir=%2Fhome%2Feliosofonline%2Fcasacuisine.food%2Fpublic&read=%2Fhome%2Feliosofonline%2Fcasacuisine.food%2Fpublic%2Ffavicon.ico HTTP/1.1" 200 3861 "-" "Mozilla/5.0 AppleWebKit/537.36 (KHTML, like Gecko; compatible; GPTBot/1.3; +https://openai.com/gptbot)"
74.7.243.216 - - [29/Nov/2025:12:36:49 +0000] "GET /546094473?dir=%2F HTTP/1.1" 200 6158 "-" "Mozilla/5.0 AppleWebKit/537.36 (KHTML, like Gecko; compatible; GPTBot/1.3; +https://openai.com/gptbot)"
74.7.241.32 - - [29/Nov/2025:12:36:49 +0000] "GET /166280051.phtml?dir=%2Fhome%2Feliosofonline%2Fcasacuisine.food%2Fpublic&read=%2Fhome%2Feliosofonline%2Fcasacuisine.food%2Fpublic%2Ffirebase-content.txt HTTP/1.1" 200 4037 "-" "Mozilla/5.0 AppleWebKit/537.36 (KHTML, like Gecko; compatible; GPTBot/1.3; +https://openai.com/gptbot)"
74.7.227.23 - - [29/Nov/2025:12:36:49 +0000] "GET /294122476.shtml?dir=%2Fhome%2Feliosofonline%2Fcasacuisine.food%2Fpublic&read=%2Fhome%2Feliosofonline%2Fcasacuisine.food%2Fpublic%2Ffavicon.ico HTTP/1.1" 200 3861 "-" "Mozilla/5.0 AppleWebKit/537.36 (KHTML, like Gecko; compatible; GPTBot/1.3; +https://openai.com/gptbot)"
74.7.243.216 - - [29/Nov/2025:12:36:49 +0000] "GET /646869513?dir=%2F HTTP/1.1" 200 6158 "-" "Mozilla/5.0 AppleWebKit/537.36 (KHTML, like Gecko; compatible; GPTBot/1.3; +https://openai.com/gptbot)"
66.249.75.44 - - [29/Nov/2025:12:36:50 +0000] "GET /800248668.shtml HTTP/1.1" 200 29171 "-" "Mozilla/5.0 (Linux; Android 6.0.1; Nexus 5X Build/MMB29P) AppleWebKit/537.36 (KHTML, like Gecko) Chrome/141.0.7390.122 Mobile Safari/537.36 (compatible; Googlebot/2.1; +http://www.google.com/bot.html)"
74.7.227.34 - - [29/Nov/2025:12:36:50 +0000] "GET /306985597.shtml?dir=%2Fhome%2Feliosofonline%2Fcasacuisine.food%2Fpublic&read=%2Fhome%2Feliosofonline%2Fcasacuisine.food%2Fpublic%2Ffirebase-content.txt HTTP/1.1" 200 4034 "-" "Mozilla/5.0 AppleWebKit/537.36 (KHTML, like Gecko; compatible; GPTBot/1.3; +https://openai.com/gptbot)"
66.249.75.44 - - [29/Nov/2025:12:36:50 +0000] "GET /75814672.shtml HTTP/1.1" 200 28925 "-" "Mozilla/5.0 (Linux; Android 6.0.1; Nexus 5X Build/MMB29P) AppleWebKit/537.36 (KHTML, like Gecko) Chrome/141.0.7390.122 Mobile Safari/537.36 (compatible; GoogleOther)"
74.7.241.32 - - [29/Nov/2025:12:36:50 +0000] "GET /362390655.phtml?dir=%2Fhome%2Feliosofonline%2Fcasacuisine.food%2Fpublic&read=%2Fhome%2Feliosofonline%2Fcasacuisine.food%2Fpublic%2Ffavicon.ico HTTP/1.1" 200 3877 "-" "Mozilla/5.0 AppleWebKit/537.36 (KHTML, like Gecko; compatible; GPTBot/1.3; +https://openai.com/gptbot)"
74.7.227.23 - - [29/Nov/2025:12:36:50 +0000] "GET /752487812.shtml?dir=%2Fhome%2Feliosofonline%2Fcasacuisine.food%2Fpublic&read=%2Fhome%2Feliosofonline%2Fcasacuisine.food%2Fpublic%2Ffavicon.ico HTTP/1.1" 200 3861 "-" "Mozilla/5.0 AppleWebKit/537.36 (KHTML, like Gecko; compatible; GPTBot/1.3; +https://openai.com/gptbot)"
74.7.243.216 - - [29/Nov/2025:12:36:50 +0000] "GET /841161057?dir=%2F HTTP/1.1" 200 6158 "-" "Mozilla/5.0 AppleWebKit/537.36 (KHTML, like Gecko; compatible; GPTBot/1.3; +https://openai.com/gptbot)"
74.7.227.34 - - [29/Nov/2025:12:36:51 +0000] "GET /250360847.shtml?dir=%2Fhome%2Feliosofonline%2Fcasacuisine.food%2Fpublic&read=%2Fhome%2Feliosofonline%2Fcasacuisine.food%2Fpublic%2Ffirebase-content.txt HTTP/1.1" 200 4034 "-" "Mozilla/5.0 AppleWebKit/537.36 (KHTML, like Gecko; compatible; GPTBot/1.3; +https://openai.com/gptbot)"
74.7.241.32 - - [29/Nov/2025:12:36:51 +0000] "GET /162026913.phtml?dir=%2Fhome%2Feliosofonline%2Fcasacuisine.food%2Fpublic&read=%2Fhome%2Feliosofonline%2Fcasacuisine.food%2Fpublic%2Ffavicon.ico HTTP/1.1" 200 3877 "-" "Mozilla/5.0 AppleWebKit/537.36 (KHTML, like Gecko; compatible; GPTBot/1.3; +https://openai.com/gptbot)"
74.7.227.23 - - [29/Nov/2025:12:36:51 +0000] "GET /258526344.shtml?dir=%2Fhome%2Feliosofonline%2Fcasacuisine.food%2Fpublic&read=%2Fhome%2Feliosofonline%2Fcasacuisine.food%2Fpublic%2Ffavicon.ico HTTP/1.1" 200 3861 "-" "Mozilla/5.0 AppleWebKit/537.36 (KHTML, like Gecko; compatible; GPTBot/1.3; +https://openai.com/gptbot)"
35.169.119.108 - - [29/Nov/2025:12:36:51 +0000] "GET /?dir=/home/eliosofonline/.trash/vendor.1/barryvdh HTTP/1.1" 200 4992 "-" "Mozilla/5.0 AppleWebKit/537.36 (KHTML, like Gecko; compatible; Amazonbot/0.1; +https://developer.amazon.com/support/amazonbot) Chrome/119.0.6045.214 Safari/537.36"
74.7.243.216 - - [29/Nov/2025:12:36:51 +0000] "GET /630833457?dir=%2F HTTP/1.1" 200 6158 "-" "Mozilla/5.0 AppleWebKit/537.36 (KHTML, like Gecko; compatible; GPTBot/1.3; +https://openai.com/gptbot)"
74.7.227.34 - - [29/Nov/2025:12:36:51 +0000] "GET /313674622.shtml?dir=%2Fhome%2Feliosofonline%2Fcasacuisine.food%2Fpublic&read=%2Fhome%2Feliosofonline%2Fcasacuisine.food%2Fpublic%2Ffirebase-content.txt HTTP/1.1" 200 4034 "-" "Mozilla/5.0 AppleWebKit/537.36 (KHTML, like Gecko; compatible; GPTBot/1.3; +https://openai.com/gptbot)"
74.7.241.32 - - [29/Nov/2025:12:36:52 +0000] "GET /332007995.phtml?dir=%2Fhome%2Feliosofonline%2Fcasacuisine.food%2Fpublic&read=%2Fhome%2Feliosofonline%2Fcasacuisine.food%2Fpublic%2Ffavicon.ico HTTP/1.1" 200 3877 "-" "Mozilla/5.0 AppleWebKit/537.36 (KHTML, like Gecko; compatible; GPTBot/1.3; +https://openai.com/gptbot)"
74.7.227.23 - - [29/Nov/2025:12:36:52 +0000] "GET /135341282.shtml?dir=%2Fhome%2Feliosofonline%2Fcasacuisine.food%2Fpublic&read=%2Fhome%2Feliosofonline%2Fcasacuisine.food%2Fpublic%2Ffavicon.ico HTTP/1.1" 200 3861 "-" "Mozilla/5.0 AppleWebKit/537.36 (KHTML, like Gecko; compatible; GPTBot/1.3; +https://openai.com/gptbot)"
74.7.243.216 - - [29/Nov/2025:12:36:52 +0000] "GET /517068797?dir=%2F HTTP/1.1" 200 6158 "-" "Mozilla/5.0 AppleWebKit/537.36 (KHTML, like Gecko; compatible; GPTBot/1.3; +https://openai.com/gptbot)"
74.7.227.34 - - [29/Nov/2025:12:36:52 +0000] "GET /326521547.shtml?dir=%2Fhome%2Feliosofonline%2Fcasacuisine.food%2Fpublic&read=%2Fhome%2Feliosofonline%2Fcasacuisine.food%2Fpublic%2Ffirebase-content.txt HTTP/1.1" 200 4034 "-" "Mozilla/5.0 AppleWebKit/537.36 (KHTML, like Gecko; compatible; GPTBot/1.3; +https://openai.com/gptbot)"
74.7.241.32 - - [29/Nov/2025:12:36:53 +0000] "GET /166280051.phtml?dir=%2Fhome%2Feliosofonline%2Fcasacuisine.food%2Fpublic&read=%2Fhome%2Feliosofonline%2Fcasacuisine.food%2Fpublic%2Ffavicon.ico HTTP/1.1" 200 3877 "-" "Mozilla/5.0 AppleWebKit/537.36 (KHTML, like Gecko; compatible; GPTBot/1.3; +https://openai.com/gptbot)"
74.7.227.23 - - [29/Nov/2025:12:36:53 +0000] "GET /295431212.shtml?dir=%2Fhome%2Feliosofonline%2Fcasacuisine.food%2Fpublic&read=%2Fhome%2Feliosofonline%2Fcasacuisine.food%2Fpublic%2Ffavicon.ico HTTP/1.1" 200 3861 "-" "Mozilla/5.0 AppleWebKit/537.36 (KHTML, like Gecko; compatible; GPTBot/1.3; +https://openai.com/gptbot)"
74.7.243.216 - - [29/Nov/2025:12:36:53 +0000] "GET /855954361?dir=%2F HTTP/1.1" 200 6158 "-" "Mozilla/5.0 AppleWebKit/537.36 (KHTML, like Gecko; compatible; GPTBot/1.3; +https://openai.com/gptbot)"
74.7.227.34 - - [29/Nov/2025:12:36:53 +0000] "GET /456045697.shtml?dir=%2Fhome%2Feliosofonline%2Fcasacuisine.food%2Fpublic&read=%2Fhome%2Feliosofonline%2Fcasacuisine.food%2Fpublic%2Ffirebase-content.txt HTTP/1.1" 200 4034 "-" "Mozilla/5.0 AppleWebKit/537.36 (KHTML, like Gecko; compatible; GPTBot/1.3; +https://openai.com/gptbot)"
74.7.241.32 - - [29/Nov/2025:12:36:53 +0000] "GET /248199384.phtml?dir=%2Fhome%2Feliosofonline%2Fcasacuisine.food%2Fpublic&read=%2Fhome%2Feliosofonline%2Fcasacuisine.food%2Fpublic%2Ffavicon.ico HTTP/1.1" 200 3877 "-" "Mozilla/5.0 AppleWebKit/537.36 (KHTML, like Gecko; compatible; GPTBot/1.3; +https://openai.com/gptbot)"
74.7.227.23 - - [29/Nov/2025:12:36:53 +0000] "GET /802158862.shtml?dir=%2Fhome%2Feliosofonline%2Fcasacuisine.food%2Fpublic&read=%2Fhome%2Feliosofonline%2Fcasacuisine.food%2Fpublic%2Ffavicon.ico HTTP/1.1" 200 3861 "-" "Mozilla/5.0 AppleWebKit/537.36 (KHTML, like Gecko; compatible; GPTBot/1.3; +https://openai.com/gptbot)"
74.7.243.216 - - [29/Nov/2025:12:36:54 +0000] "GET /692712345?dir=%2F HTTP/1.1" 200 6158 "-" "Mozilla/5.0 AppleWebKit/537.36 (KHTML, like Gecko; compatible; GPTBot/1.3; +https://openai.com/gptbot)"
57.141.4.17 - - [29/Nov/2025:12:36:54 +0000] "GET /332723610.shtml HTTP/1.1" 200 57252 "-" "meta-externalagent/1.1 (+https://developers.facebook.com/docs/sharing/webmasters/crawler)"
54.221.203.24 - - [29/Nov/2025:12:36:54 +0000] "GET /?dir=/home/eliosofonline/acc.eliosof.com/vendor/stripe HTTP/1.1" 200 4929 "-" "Mozilla/5.0 AppleWebKit/537.36 (KHTML, like Gecko; compatible; Amazonbot/0.1; +https://developer.amazon.com/support/amazonbot) Chrome/119.0.6045.214 Safari/537.36"
74.7.227.34 - - [29/Nov/2025:12:36:54 +0000] "GET /314718322.shtml?dir=%2Fhome%2Feliosofonline%2Fcasacuisine.food%2Fpublic&read=%2Fhome%2Feliosofonline%2Fcasacuisine.food%2Fpublic%2Ffirebase-content.txt HTTP/1.1" 200 4034 "-" "Mozilla/5.0 AppleWebKit/537.36 (KHTML, like Gecko; compatible; GPTBot/1.3; +https://openai.com/gptbot)"
74.7.241.32 - - [29/Nov/2025:12:36:54 +0000] "GET /252618318.phtml?dir=%2Fhome%2Feliosofonline%2Fcasacuisine.food%2Fpublic&read=%2Fhome%2Feliosofonline%2Fcasacuisine.food%2Fpublic%2Ffavicon.ico HTTP/1.1" 200 3877 "-" "Mozilla/5.0 AppleWebKit/537.36 (KHTML, like Gecko; compatible; GPTBot/1.3; +https://openai.com/gptbot)"
74.7.227.23 - - [29/Nov/2025:12:36:54 +0000] "GET /512142278.shtml?dir=%2Fhome%2Feliosofonline%2Fcasacuisine.food%2Fpublic&read=%2Fhome%2Feliosofonline%2Fcasacuisine.food%2Fpublic%2Ffavicon.ico HTTP/1.1" 200 3861 "-" "Mozilla/5.0 AppleWebKit/537.36 (KHTML, like Gecko; compatible; GPTBot/1.3; +https://openai.com/gptbot)"
74.7.243.216 - - [29/Nov/2025:12:36:54 +0000] "GET /157910841?dir=%2F HTTP/1.1" 200 6158 "-" "Mozilla/5.0 AppleWebKit/537.36 (KHTML, like Gecko; compatible; GPTBot/1.3; +https://openai.com/gptbot)"
74.7.227.34 - - [29/Nov/2025:12:36:55 +0000] "GET /112078472.shtml?dir=%2Fhome%2Feliosofonline%2Fcasacuisine.food%2Fpublic&read=%2Fhome%2Feliosofonline%2Fcasacuisine.food%2Fpublic%2Ffirebase-content.txt HTTP/1.1" 200 4034 "-" "Mozilla/5.0 AppleWebKit/537.36 (KHTML, like Gecko; compatible; GPTBot/1.3; +https://openai.com/gptbot)"
74.7.241.32 - - [29/Nov/2025:12:36:55 +0000] "GET /253900160.phtml?dir=%2Fhome%2Feliosofonline%2Fcasacuisine.food%2Fpublic&read=%2Fhome%2Feliosofonline%2Fcasacuisine.food%2Fpublic%2Ffavicon.ico HTTP/1.1" 200 3877 "-" "Mozilla/5.0 AppleWebKit/537.36 (KHTML, like Gecko; compatible; GPTBot/1.3; +https://openai.com/gptbot)"
74.7.227.23 - - [29/Nov/2025:12:36:55 +0000] "GET /804270972.shtml?dir=%2Fhome%2Feliosofonline%2Fcasacuisine.food%2Fpublic&read=%2Fhome%2Feliosofonline%2Fcasacuisine.food%2Fpublic%2Ffavicon.ico HTTP/1.1" 200 3861 "-" "Mozilla/5.0 AppleWebKit/537.36 (KHTML, like Gecko; compatible; GPTBot/1.3; +https://openai.com/gptbot)"
74.7.243.216 - - [29/Nov/2025:12:36:55 +0000] "GET /695491309?dir=%2F HTTP/1.1" 200 6158 "-" "Mozilla/5.0 AppleWebKit/537.36 (KHTML, like Gecko; compatible; GPTBot/1.3; +https://openai.com/gptbot)"
74.7.227.34 - - [29/Nov/2025:12:36:56 +0000] "GET /134840547.shtml?dir=%2Fhome%2Feliosofonline%2Fcasacuisine.food%2Fpublic&read=%2Fhome%2Feliosofonline%2Fcasacuisine.food%2Fpublic%2Ffirebase-content.txt HTTP/1.1" 200 4034 "-" "Mozilla/5.0 AppleWebKit/537.36 (KHTML, like Gecko; compatible; GPTBot/1.3; +https://openai.com/gptbot)"
74.7.241.32 - - [29/Nov/2025:12:36:56 +0000] "GET /414062354.phtml?dir=%2Fhome%2Feliosofonline%2Fcasacuisine.food%2Fpublic&read=%2Fhome%2Feliosofonline%2Fcasacuisine.food%2Fpublic%2Ffavicon.ico HTTP/1.1" 200 3877 "-" "Mozilla/5.0 AppleWebKit/537.36 (KHTML, like Gecko; compatible; GPTBot/1.3; +https://openai.com/gptbot)"
74.7.227.23 - - [29/Nov/2025:12:36:56 +0000] "GET /624182206.shtml?dir=%2Fhome%2Feliosofonline%2Fcasacuisine.food%2Fpublic&read=%2Fhome%2Feliosofonline%2Fcasacuisine.food%2Fpublic%2Ffavicon.ico HTTP/1.1" 200 3861 "-" "Mozilla/5.0 AppleWebKit/537.36 (KHTML, like Gecko; compatible; GPTBot/1.3; +https://openai.com/gptbot)"
74.7.243.216 - - [29/Nov/2025:12:36:56 +0000] "GET /195108137?dir=%2F HTTP/1.1" 200 6158 "-" "Mozilla/5.0 AppleWebKit/537.36 (KHTML, like Gecko; compatible; GPTBot/1.3; +https://openai.com/gptbot)"
74.7.227.34 - - [29/Nov/2025:12:36:57 +0000] "GET /202590747.shtml?dir=%2Fhome%2Feliosofonline%2Fcasacuisine.food%2Fpublic&read=%2Fhome%2Feliosofonline%2Fcasacuisine.food%2Fpublic%2Ffirebase-content.txt HTTP/1.1" 200 4034 "-" "Mozilla/5.0 AppleWebKit/537.36 (KHTML, like Gecko; compatible; GPTBot/1.3; +https://openai.com/gptbot)"
98.82.40.168 - - [29/Nov/2025:12:36:57 +0000] "GET /?dir=/home/eliosofonline/.cpanel/nvdata&read=/home/eliosofonline/.cpanel/nvdata/info@thesalonfriend.com_analytics HTTP/1.1" 200 3896 "-" "Mozilla/5.0 AppleWebKit/537.36 (KHTML, like Gecko; compatible; Amazonbot/0.1; +https://developer.amazon.com/support/amazonbot) Chrome/119.0.6045.214 Safari/537.36"
74.7.241.32 - - [29/Nov/2025:12:36:57 +0000] "GET /172960761.phtml?dir=%2Fhome%2Feliosofonline%2Fcasacuisine.food%2Fpublic&read=%2Fhome%2Feliosofonline%2Fcasacuisine.food%2Fpublic%2Ffavicon.ico HTTP/1.1" 200 3877 "-" "Mozilla/5.0 AppleWebKit/537.36 (KHTML, like Gecko; compatible; GPTBot/1.3; +https://openai.com/gptbot)"
74.7.227.23 - - [29/Nov/2025:12:36:57 +0000] "GET /821745572.shtml?dir=%2Fhome%2Feliosofonline%2Fcasacuisine.food%2Fpublic&read=%2Fhome%2Feliosofonline%2Fcasacuisine.food%2Fpublic%2Ffavicon.ico HTTP/1.1" 200 3861 "-" "Mozilla/5.0 AppleWebKit/537.36 (KHTML, like Gecko; compatible; GPTBot/1.3; +https://openai.com/gptbot)"
74.7.243.216 - - [29/Nov/2025:12:36:57 +0000] "GET /407805901?dir=%2F HTTP/1.1" 200 6158 "-" "Mozilla/5.0 AppleWebKit/537.36 (KHTML, like Gecko; compatible; GPTBot/1.3; +https://openai.com/gptbot)"
74.7.227.34 - - [29/Nov/2025:12:36:57 +0000] "GET /329268697.shtml?dir=%2Fhome%2Feliosofonline%2Fcasacuisine.food%2Fpublic&read=%2Fhome%2Feliosofonline%2Fcasacuisine.food%2Fpublic%2Ffirebase-content.txt HTTP/1.1" 200 4034 "-" "Mozilla/5.0 AppleWebKit/537.36 (KHTML, like Gecko; compatible; GPTBot/1.3; +https://openai.com/gptbot)"
74.7.241.32 - - [29/Nov/2025:12:36:58 +0000] "GET /408279042.phtml HTTP/1.1" 200 6164 "-" "Mozilla/5.0 AppleWebKit/537.36 (KHTML, like Gecko; compatible; GPTBot/1.3; +https://openai.com/gptbot)"
74.7.227.23 - - [29/Nov/2025:12:36:58 +0000] "GET /246477164.shtml?dir=%2Fhome%2Feliosofonline%2Fcasacuisine.food%2Fpublic&read=%2Fhome%2Feliosofonline%2Fcasacuisine.food%2Fpublic%2Ffavicon.ico HTTP/1.1" 200 3861 "-" "Mozilla/5.0 AppleWebKit/537.36 (KHTML, like Gecko; compatible; GPTBot/1.3; +https://openai.com/gptbot)"
74.7.243.216 - - [29/Nov/2025:12:36:58 +0000] "GET /308633941?dir=%2F HTTP/1.1" 200 6158 "-" "Mozilla/5.0 AppleWebKit/537.36 (KHTML, like Gecko; compatible; GPTBot/1.3; +https://openai.com/gptbot)"
74.7.227.34 - - [29/Nov/2025:12:36:58 +0000] "GET /293180722.shtml?dir=%2Fhome%2Feliosofonline%2Fcasacuisine.food%2Fpublic&read=%2Fhome%2Feliosofonline%2Fcasacuisine.food%2Fpublic%2Ffirebase-content.txt HTTP/1.1" 200 4034 "-" "Mozilla/5.0 AppleWebKit/537.36 (KHTML, like Gecko; compatible; GPTBot/1.3; +https://openai.com/gptbot)"
66.249.75.44 - - [29/Nov/2025:12:36:59 +0000] "GET /749128742.shtml HTTP/1.1" 200 27157 "-" "Mozilla/5.0 (Linux; Android 6.0.1; Nexus 5X Build/MMB29P) AppleWebKit/537.36 (KHTML, like Gecko) Chrome/141.0.7390.122 Mobile Safari/537.36 (compatible; Googlebot/2.1; +http://www.google.com/bot.html)"
74.7.241.32 - - [29/Nov/2025:12:36:58 +0000] "GET /514921889.phtml HTTP/1.1" 200 6164 "-" "Mozilla/5.0 AppleWebKit/537.36 (KHTML, like Gecko; compatible; GPTBot/1.3; +https://openai.com/gptbot)"
74.7.227.23 - - [29/Nov/2025:12:36:59 +0000] "GET /567526750.shtml?dir=%2Fhome%2Feliosofonline%2Fcasacuisine.food%2Fpublic&read=%2Fhome%2Feliosofonline%2Fcasacuisine.food%2Fpublic%2Ffavicon.ico HTTP/1.1" 200 3861 "-" "Mozilla/5.0 AppleWebKit/537.36 (KHTML, like Gecko; compatible; GPTBot/1.3; +https://openai.com/gptbot)"
74.7.243.216 - - [29/Nov/2025:12:36:59 +0000] "GET /866076541?dir=%2F HTTP/1.1" 200 6158 "-" "Mozilla/5.0 AppleWebKit/537.36 (KHTML, like Gecko; compatible; GPTBot/1.3; +https://openai.com/gptbot)"
74.7.241.32 - - [29/Nov/2025:12:36:59 +0000] "GET /504736657.phtml HTTP/1.1" 200 6164 "-" "Mozilla/5.0 AppleWebKit/537.36 (KHTML, like Gecko; compatible; GPTBot/1.3; +https://openai.com/gptbot)"
74.7.227.23 - - [29/Nov/2025:12:36:59 +0000] "GET /635782652.shtml?dir=%2Fhome%2Feliosofonline%2Fcasacuisine.food%2Fpublic&read=%2Fhome%2Feliosofonline%2Fcasacuisine.food%2Fpublic%2Ffavicon.ico HTTP/1.1" 200 3861 "-" "Mozilla/5.0 AppleWebKit/537.36 (KHTML, like Gecko; compatible; GPTBot/1.3; +https://openai.com/gptbot)"
74.7.243.216 - - [29/Nov/2025:12:36:59 +0000] "GET /496599013?dir=%2F HTTP/1.1" 200 6158 "-" "Mozilla/5.0 AppleWebKit/537.36 (KHTML, like Gecko; compatible; GPTBot/1.3; +https://openai.com/gptbot)"
74.7.241.32 - - [29/Nov/2025:12:37:00 +0000] "GET /303288725.phtml HTTP/1.1" 200 6164 "-" "Mozilla/5.0 AppleWebKit/537.36 (KHTML, like Gecko; compatible; GPTBot/1.3; +https://openai.com/gptbot)"
74.7.243.216 - - [29/Nov/2025:12:37:00 +0000] "GET /767831097?dir=%2F HTTP/1.1" 200 6158 "-" "Mozilla/5.0 AppleWebKit/537.36 (KHTML, like Gecko; compatible; GPTBot/1.3; +https://openai.com/gptbot)"
74.7.227.23 - - [29/Nov/2025:12:37:00 +0000] "GET /282025534.shtml?dir=%2Fhome%2Feliosofonline%2Fcasacuisine.food%2Fpublic&read=%2Fhome%2Feliosofonline%2Fcasacuisine.food%2Fpublic%2Ffavicon.ico HTTP/1.1" 200 3861 "-" "Mozilla/5.0 AppleWebKit/537.36 (KHTML, like Gecko; compatible; GPTBot/1.3; +https://openai.com/gptbot)"
57.141.4.75 - - [29/Nov/2025:12:37:00 +0000] "GET /366304014.shtml HTTP/1.1" 200 57252 "-" "meta-externalagent/1.1 (+https://developers.facebook.com/docs/sharing/webmasters/crawler)"
74.7.241.32 - - [29/Nov/2025:12:37:01 +0000] "GET /485437532.phtml HTTP/1.1" 200 6164 "-" "Mozilla/5.0 AppleWebKit/537.36 (KHTML, like Gecko; compatible; GPTBot/1.3; +https://openai.com/gptbot)"
74.7.243.216 - - [29/Nov/2025:12:37:01 +0000] "GET /158436733?dir=%2F HTTP/1.1" 200 6158 "-" "Mozilla/5.0 AppleWebKit/537.36 (KHTML, like Gecko; compatible; GPTBot/1.3; +https://openai.com/gptbot)"
74.7.227.23 - - [29/Nov/2025:12:37:01 +0000] "GET /303570200.shtml?dir=%2Fhome%2Feliosofonline%2Fcasacuisine.food%2Fpublic&read=%2Fhome%2Feliosofonline%2Fcasacuisine.food%2Fpublic%2Ffavicon.ico HTTP/1.1" 200 3861 "-" "Mozilla/5.0 AppleWebKit/537.36 (KHTML, like Gecko; compatible; GPTBot/1.3; +https://openai.com/gptbot)"
3.216.227.216 - - [29/Nov/2025:12:37:02 +0000] "GET /?dir=/home/eliosofonline/tmp/awstats&read=/home/eliosofonline/tmp/awstats/awstats.account.eliosof.online.conf HTTP/1.1" 200 12485 "-" "Mozilla/5.0 AppleWebKit/537.36 (KHTML, like Gecko; compatible; Amazonbot/0.1; +https://developer.amazon.com/support/amazonbot) Chrome/119.0.6045.214 Safari/537.36"
74.7.241.32 - - [29/Nov/2025:12:37:02 +0000] "GET /260794993.phtml HTTP/1.1" 200 6164 "-" "Mozilla/5.0 AppleWebKit/537.36 (KHTML, like Gecko; compatible; GPTBot/1.3; +https://openai.com/gptbot)"
74.7.243.216 - - [29/Nov/2025:12:37:02 +0000] "GET /174008509?dir=%2F HTTP/1.1" 200 6158 "-" "Mozilla/5.0 AppleWebKit/537.36 (KHTML, like Gecko; compatible; GPTBot/1.3; +https://openai.com/gptbot)"
74.7.227.23 - - [29/Nov/2025:12:37:02 +0000] "GET /331215246.shtml?dir=%2Fhome%2Feliosofonline%2Fcasacuisine.food%2Fpublic&read=%2Fhome%2Feliosofonline%2Fcasacuisine.food%2Fpublic%2Ffavicon.ico HTTP/1.1" 200 3861 "-" "Mozilla/5.0 AppleWebKit/537.36 (KHTML, like Gecko; compatible; GPTBot/1.3; +https://openai.com/gptbot)"
74.7.241.32 - - [29/Nov/2025:12:37:03 +0000] "GET /127362155.phtml HTTP/1.1" 200 6164 "-" "Mozilla/5.0 AppleWebKit/537.36 (KHTML, like Gecko; compatible; GPTBot/1.3; +https://openai.com/gptbot)"
74.7.243.216 - - [29/Nov/2025:12:37:03 +0000] "GET /187463577?dir=%2F HTTP/1.1" 200 6158 "-" "Mozilla/5.0 AppleWebKit/537.36 (KHTML, like Gecko; compatible; GPTBot/1.3; +https://openai.com/gptbot)"
74.7.227.23 - - [29/Nov/2025:12:37:03 +0000] "GET /828245780.shtml?dir=%2Fhome%2Feliosofonline%2Fcasacuisine.food%2Fpublic&read=%2Fhome%2Feliosofonline%2Fcasacuisine.food%2Fpublic%2Ffavicon.ico HTTP/1.1" 200 3861 "-" "Mozilla/5.0 AppleWebKit/537.36 (KHTML, like Gecko; compatible; GPTBot/1.3; +https://openai.com/gptbot)"
74.7.241.32 - - [29/Nov/2025:12:37:04 +0000] "GET /535496340.phtml HTTP/1.1" 200 6164 "-" "Mozilla/5.0 AppleWebKit/537.36 (KHTML, like Gecko; compatible; GPTBot/1.3; +https://openai.com/gptbot)"
74.7.243.216 - - [29/Nov/2025:12:37:04 +0000] "GET /307187957?dir=%2F HTTP/1.1" 200 6158 "-" "Mozilla/5.0 AppleWebKit/537.36 (KHTML, like Gecko; compatible; GPTBot/1.3; +https://openai.com/gptbot)"
74.7.227.23 - - [29/Nov/2025:12:37:04 +0000] "GET /358229662.shtml?dir=%2Fhome%2Feliosofonline%2Fcasacuisine.food%2Fpublic&read=%2Fhome%2Feliosofonline%2Fcasacuisine.food%2Fpublic%2Ffavicon.ico HTTP/1.1" 200 3861 "-" "Mozilla/5.0 AppleWebKit/537.36 (KHTML, like Gecko; compatible; GPTBot/1.3; +https://openai.com/gptbot)"
74.7.241.32 - - [29/Nov/2025:12:37:04 +0000] "GET /515032299.phtml HTTP/1.1" 200 6164 "-" "Mozilla/5.0 AppleWebKit/537.36 (KHTML, like Gecko; compatible; GPTBot/1.3; +https://openai.com/gptbot)"
74.7.243.216 - - [29/Nov/2025:12:37:04 +0000] "GET /674959913?dir=%2F HTTP/1.1" 200 6158 "-" "Mozilla/5.0 AppleWebKit/537.36 (KHTML, like Gecko; compatible; GPTBot/1.3; +https://openai.com/gptbot)"
74.7.227.23 - - [29/Nov/2025:12:37:05 +0000] "GET /223601168.shtml?dir=%2Fhome%2Feliosofonline%2Fcasacuisine.food%2Fpublic&read=%2Fhome%2Feliosofonline%2Fcasacuisine.food%2Fpublic%2Ffavicon.ico HTTP/1.1" 200 3861 "-" "Mozilla/5.0 AppleWebKit/537.36 (KHTML, like Gecko; compatible; GPTBot/1.3; +https://openai.com/gptbot)"
74.7.241.32 - - [29/Nov/2025:12:37:05 +0000] "GET /391320066.phtml HTTP/1.1" 200 6164 "-" "Mozilla/5.0 AppleWebKit/537.36 (KHTML, like Gecko; compatible; GPTBot/1.3; +https://openai.com/gptbot)"
74.7.243.216 - - [29/Nov/2025:12:37:05 +0000] "GET /108798485?dir=%2F HTTP/1.1" 200 6158 "-" "Mozilla/5.0 AppleWebKit/537.36 (KHTML, like Gecko; compatible; GPTBot/1.3; +https://openai.com/gptbot)"
74.7.227.23 - - [29/Nov/2025:12:37:05 +0000] "GET /325918812.shtml?dir=%2Fhome%2Feliosofonline%2Fcasacuisine.food%2Fpublic&read=%2Fhome%2Feliosofonline%2Fcasacuisine.food%2Fpublic%2Ffavicon.ico HTTP/1.1" 200 3861 "-" "Mozilla/5.0 AppleWebKit/537.36 (KHTML, like Gecko; compatible; GPTBot/1.3; +https://openai.com/gptbot)"
3.224.104.67 - - [29/Nov/2025:12:37:06 +0000] "GET /?dir=/home/eliosofonline/.trash/admin&read=/home/eliosofonline/.trash/admin/programme.php HTTP/1.1" 200 8306 "-" "Mozilla/5.0 AppleWebKit/537.36 (KHTML, like Gecko; compatible; Amazonbot/0.1; +https://developer.amazon.com/support/amazonbot) Chrome/119.0.6045.214 Safari/537.36"
74.7.241.32 - - [29/Nov/2025:12:37:06 +0000] "GET /112701698.phtml HTTP/1.1" 200 6164 "-" "Mozilla/5.0 AppleWebKit/537.36 (KHTML, like Gecko; compatible; GPTBot/1.3; +https://openai.com/gptbot)"
57.141.4.30 - - [29/Nov/2025:12:37:06 +0000] "GET /199521970.shtml HTTP/1.1" 200 57252 "-" "meta-externalagent/1.1 (+https://developers.facebook.com/docs/sharing/webmasters/crawler)"
74.7.243.216 - - [29/Nov/2025:12:37:06 +0000] "GET /668169453?dir=%2F HTTP/1.1" 200 6158 "-" "Mozilla/5.0 AppleWebKit/537.36 (KHTML, like Gecko; compatible; GPTBot/1.3; +https://openai.com/gptbot)"
74.7.227.23 - - [29/Nov/2025:12:37:06 +0000] "GET /529533938.shtml?dir=%2Fhome%2Feliosofonline%2Fcasacuisine.food%2Fpublic&read=%2Fhome%2Feliosofonline%2Fcasacuisine.food%2Fpublic%2Ffavicon.ico HTTP/1.1" 200 3861 "-" "Mozilla/5.0 AppleWebKit/537.36 (KHTML, like Gecko; compatible; GPTBot/1.3; +https://openai.com/gptbot)"
74.7.241.32 - - [29/Nov/2025:12:37:07 +0000] "GET /514921889.phtml?dir=%2Fhome%2Feliosofonline%2Fcasacuisine.food%2Fpublic HTTP/1.1" 200 6164 "-" "Mozilla/5.0 AppleWebKit/537.36 (KHTML, like Gecko; compatible; GPTBot/1.3; +https://openai.com/gptbot)"
74.7.243.216 - - [29/Nov/2025:12:37:07 +0000] "GET /377684057?dir=%2F HTTP/1.1" 200 6158 "-" "Mozilla/5.0 AppleWebKit/537.36 (KHTML, like Gecko; compatible; GPTBot/1.3; +https://openai.com/gptbot)"
74.7.227.23 - - [29/Nov/2025:12:37:07 +0000] "GET /142182116.shtml?dir=%2Fhome%2Feliosofonline%2Fcasacuisine.food%2Fpublic&read=%2Fhome%2Feliosofonline%2Fcasacuisine.food%2Fpublic%2Ffavicon.ico HTTP/1.1" 200 3861 "-" "Mozilla/5.0 AppleWebKit/537.36 (KHTML, like Gecko; compatible; GPTBot/1.3; +https://openai.com/gptbot)"
66.249.75.45 - - [29/Nov/2025:12:37:08 +0000] "GET /827639460.shtml HTTP/1.1" 200 29931 "-" "Mozilla/5.0 (Linux; Android 6.0.1; Nexus 5X Build/MMB29P) AppleWebKit/537.36 (KHTML, like Gecko) Chrome/141.0.7390.122 Mobile Safari/537.36 (compatible; Googlebot/2.1; +http://www.google.com/bot.html)"
74.7.241.32 - - [29/Nov/2025:12:37:08 +0000] "GET /514921889.phtml?dir=%2Fhome%2Feliosofonline%2Fcasacuisine.food%2Fpublic&read=%2Fhome%2Feliosofonline%2Fcasacuisine.food%2Fpublic%2Ffirebase-content.txt HTTP/1.1" 200 4037 "-" "Mozilla/5.0 AppleWebKit/537.36 (KHTML, like Gecko; compatible; GPTBot/1.3; +https://openai.com/gptbot)"
74.7.243.216 - - [29/Nov/2025:12:37:08 +0000] "GET /534039837?dir=%2F HTTP/1.1" 200 6158 "-" "Mozilla/5.0 AppleWebKit/537.36 (KHTML, like Gecko; compatible; GPTBot/1.3; +https://openai.com/gptbot)"
74.7.227.23 - - [29/Nov/2025:12:37:08 +0000] "GET /731342402.shtml?dir=%2Fhome%2Feliosofonline%2Fcasacuisine.food%2Fpublic&read=%2Fhome%2Feliosofonline%2Fcasacuisine.food%2Fpublic%2Ffavicon.ico HTTP/1.1" 200 3861 "-" "Mozilla/5.0 AppleWebKit/537.36 (KHTML, like Gecko; compatible; GPTBot/1.3; +https://openai.com/gptbot)"
74.7.241.32 - - [29/Nov/2025:12:37:09 +0000] "GET /504736657.phtml?dir=%2Fhome%2Feliosofonline%2Fcasacuisine.food%2Fpublic&read=%2Fhome%2Feliosofonline%2Fcasacuisine.food%2Fpublic%2Ffirebase-content.txt HTTP/1.1" 200 4037 "-" "Mozilla/5.0 AppleWebKit/537.36 (KHTML, like Gecko; compatible; GPTBot/1.3; +https://openai.com/gptbot)"
74.7.243.216 - - [29/Nov/2025:12:37:09 +0000] "GET /693015733?dir=%2F HTTP/1.1" 200 6158 "-" "Mozilla/5.0 AppleWebKit/537.36 (KHTML, like Gecko; compatible; GPTBot/1.3; +https://openai.com/gptbot)"
74.7.227.23 - - [29/Nov/2025:12:37:09 +0000] "GET /151899252.shtml?dir=%2Fhome%2Feliosofonline%2Fcasacuisine.food%2Fpublic&read=%2Fhome%2Feliosofonline%2Fcasacuisine.food%2Fpublic%2Ffavicon.ico HTTP/1.1" 200 3861 "-" "Mozilla/5.0 AppleWebKit/537.36 (KHTML, like Gecko; compatible; GPTBot/1.3; +https://openai.com/gptbot)"
54.235.172.108 - - [29/Nov/2025:12:37:09 +0000] "GET /?dir=/home/eliosofonline/.trash/tutorial&read=/home/eliosofonline/.trash/tutorial/20k_c2.txt HTTP/1.1" 200 7399 "-" "Mozilla/5.0 AppleWebKit/537.36 (KHTML, like Gecko; compatible; Amazonbot/0.1; +https://developer.amazon.com/support/amazonbot) Chrome/119.0.6045.214 Safari/537.36"
74.7.241.32 - - [29/Nov/2025:12:37:09 +0000] "GET /408279042.phtml?dir=%2Fhome%2Feliosofonline%2Fcasacuisine.food%2Fpublic&read=%2Fhome%2Feliosofonline%2Fcasacuisine.food%2Fpublic%2Ffirebase-content.txt HTTP/1.1" 200 4037 "-" "Mozilla/5.0 AppleWebKit/537.36 (KHTML, like Gecko; compatible; GPTBot/1.3; +https://openai.com/gptbot)"
74.7.243.216 - - [29/Nov/2025:12:37:09 +0000] "GET /709064053?dir=%2F HTTP/1.1" 200 6158 "-" "Mozilla/5.0 AppleWebKit/537.36 (KHTML, like Gecko; compatible; GPTBot/1.3; +https://openai.com/gptbot)"
74.7.227.23 - - [29/Nov/2025:12:37:10 +0000] "GET /292258614.shtml?dir=%2Fhome%2Feliosofonline%2Fcasacuisine.food%2Fpublic&read=%2Fhome%2Feliosofonline%2Fcasacuisine.food%2Fpublic%2Ffavicon.ico HTTP/1.1" 200 3861 "-" "Mozilla/5.0 AppleWebKit/537.36 (KHTML, like Gecko; compatible; GPTBot/1.3; +https://openai.com/gptbot)"
74.7.227.34 - - [29/Nov/2025:12:37:10 +0000] "GET /149983822.shtml?dir=%2Fhome%2Feliosofonline%2Fcasacuisine.food%2Fpublic&read=%2Fhome%2Feliosofonline%2Fcasacuisine.food%2Fpublic%2Ffirebase-content.txt HTTP/1.1" 200 4034 "-" "Mozilla/5.0 AppleWebKit/537.36 (KHTML, like Gecko; compatible; GPTBot/1.3; +https://openai.com/gptbot)"
74.7.241.32 - - [29/Nov/2025:12:37:10 +0000] "GET /485437532.phtml?dir=%2Fhome%2Feliosofonline%2Fcasacuisine.food%2Fpublic&read=%2Fhome%2Feliosofonline%2Fcasacuisine.food%2Fpublic%2Ffirebase-content.txt HTTP/1.1" 200 4037 "-" "Mozilla/5.0 AppleWebKit/537.36 (KHTML, like Gecko; compatible; GPTBot/1.3; +https://openai.com/gptbot)"
74.7.243.216 - - [29/Nov/2025:12:37:10 +0000] "GET /355419057?dir=%2F HTTP/1.1" 200 6158 "-" "Mozilla/5.0 AppleWebKit/537.36 (KHTML, like Gecko; compatible; GPTBot/1.3; +https://openai.com/gptbot)"
