74.7.243.216 - - [29/Nov/2025:12:37:50 +0000] "GET /33731125?dir=%2F HTTP/1.1" 200 6158 "-" "Mozilla/5.0 AppleWebKit/537.36 (KHTML, like Gecko; compatible; GPTBot/1.3; +https://openai.com/gptbot)"
74.7.241.32 - - [29/Nov/2025:12:37:50 +0000] "GET /350753622.phtml?dir=%2Fhome%2Feliosofonline%2Fcasacuisine.food%2Fpublic&read=%2Fhome%2Feliosofonline%2Fcasacuisine.food%2Fpublic%2Ffavicon.ico HTTP/1.1" 200 3877 "-" "Mozilla/5.0 AppleWebKit/537.36 (KHTML, like Gecko; compatible; GPTBot/1.3; +https://openai.com/gptbot)"
74.7.227.23 - - [29/Nov/2025:12:37:50 +0000] "GET /205802530.shtml?dir=%2Fhome%2Feliosofonline%2Fcasacuisine.food%2Fpublic&read=%2Fhome%2Feliosofonline%2Fcasacuisine.food%2Fpublic%2Ffavicon.ico HTTP/1.1" 200 3861 "-" "Mozilla/5.0 AppleWebKit/537.36 (KHTML, like Gecko; compatible; GPTBot/1.3; +https://openai.com/gptbot)"
74.7.243.216 - - [29/Nov/2025:12:37:50 +0000] "GET /25122089?dir=%2F HTTP/1.1" 200 6158 "-" "Mozilla/5.0 AppleWebKit/537.36 (KHTML, like Gecko; compatible; GPTBot/1.3; +https://openai.com/gptbot)"
74.7.241.32 - - [29/Nov/2025:12:37:51 +0000] "GET /288423376.phtml?dir=%2Fhome%2Feliosofonline%2Fcasacuisine.food%2Fpublic&read=%2Fhome%2Feliosofonline%2Fcasacuisine.food%2Fpublic%2Ffavicon.ico HTTP/1.1" 200 3877 "-" "Mozilla/5.0 AppleWebKit/537.36 (KHTML, like Gecko; compatible; GPTBot/1.3; +https://openai.com/gptbot)"
18.209.137.234 - - [29/Nov/2025:12:37:50 +0000] "GET /?dir=/home/eliosofonline/casacuisine.food/storage/debugbar&read=/home/eliosofonline/casacuisine.food/storage/debugbar/Xc631d8439ff2dc117a6a007d4b291aa0.json HTTP/1.1" 200 7632 "-" "Mozilla/5.0 AppleWebKit/537.36 (KHTML, like Gecko; compatible; Amazonbot/0.1; +https://developer.amazon.com/support/amazonbot) Chrome/119.0.6045.214 Safari/537.36"
74.7.227.23 - - [29/Nov/2025:12:37:51 +0000] "GET /425236316.shtml?dir=%2Fhome%2Feliosofonline%2Fcasacuisine.food%2Fpublic&read=%2Fhome%2Feliosofonline%2Fcasacuisine.food%2Fpublic%2Ffavicon.ico HTTP/1.1" 200 3861 "-" "Mozilla/5.0 AppleWebKit/537.36 (KHTML, like Gecko; compatible; GPTBot/1.3; +https://openai.com/gptbot)"
74.7.243.216 - - [29/Nov/2025:12:37:51 +0000] "GET /20420305?dir=%2F HTTP/1.1" 200 6158 "-" "Mozilla/5.0 AppleWebKit/537.36 (KHTML, like Gecko; compatible; GPTBot/1.3; +https://openai.com/gptbot)"
74.7.241.32 - - [29/Nov/2025:12:37:52 +0000] "GET /420970219.phtml?dir=%2Fhome%2Feliosofonline%2Fcasacuisine.food%2Fpublic&read=%2Fhome%2Feliosofonline%2Fcasacuisine.food%2Fpublic%2Ffavicon.ico HTTP/1.1" 200 3877 "-" "Mozilla/5.0 AppleWebKit/537.36 (KHTML, like Gecko; compatible; GPTBot/1.3; +https://openai.com/gptbot)"
74.7.227.23 - - [29/Nov/2025:12:37:52 +0000] "GET /316622668.shtml?dir=%2Fhome%2Feliosofonline%2Fcasacuisine.food%2Fpublic&read=%2Fhome%2Feliosofonline%2Fcasacuisine.food%2Fpublic%2Ffavicon.ico HTTP/1.1" 200 3861 "-" "Mozilla/5.0 AppleWebKit/537.36 (KHTML, like Gecko; compatible; GPTBot/1.3; +https://openai.com/gptbot)"
74.7.243.216 - - [29/Nov/2025:12:37:52 +0000] "GET /93727197?dir=%2F HTTP/1.1" 200 6158 "-" "Mozilla/5.0 AppleWebKit/537.36 (KHTML, like Gecko; compatible; GPTBot/1.3; +https://openai.com/gptbot)"
66.249.75.44 - - [29/Nov/2025:12:37:53 +0000] "GET /756512404.shtml HTTP/1.1" 200 27884 "-" "Mozilla/5.0 (Linux; Android 6.0.1; Nexus 5X Build/MMB29P) AppleWebKit/537.36 (KHTML, like Gecko) Chrome/141.0.7390.122 Mobile Safari/537.36 (compatible; Googlebot/2.1; +http://www.google.com/bot.html)"
34.224.9.144 - - [29/Nov/2025:12:37:52 +0000] "GET /?dir=/home/eliosofonline/casacuisine.food/storage/debugbar&read=/home/eliosofonline/casacuisine.food/storage/debugbar/Xb209566fedc41f8040fa5ea17d67d1a4.json HTTP/1.1" 200 7588 "-" "Mozilla/5.0 AppleWebKit/537.36 (KHTML, like Gecko; compatible; Amazonbot/0.1; +https://developer.amazon.com/support/amazonbot) Chrome/119.0.6045.214 Safari/537.36"
74.7.241.32 - - [29/Nov/2025:12:37:52 +0000] "GET /215779931.phtml?dir=%2Fhome%2Feliosofonline%2Fcasacuisine.food%2Fpublic&read=%2Fhome%2Feliosofonline%2Fcasacuisine.food%2Fpublic%2Ffavicon.ico HTTP/1.1" 200 3877 "-" "Mozilla/5.0 AppleWebKit/537.36 (KHTML, like Gecko; compatible; GPTBot/1.3; +https://openai.com/gptbot)"
74.7.227.23 - - [29/Nov/2025:12:37:53 +0000] "GET /478208092.shtml?dir=%2Fhome%2Feliosofonline%2Fcasacuisine.food%2Fpublic&read=%2Fhome%2Feliosofonline%2Fcasacuisine.food%2Fpublic%2Ffavicon.ico HTTP/1.1" 200 3861 "-" "Mozilla/5.0 AppleWebKit/537.36 (KHTML, like Gecko; compatible; GPTBot/1.3; +https://openai.com/gptbot)"
74.7.243.216 - - [29/Nov/2025:12:37:53 +0000] "GET /82022961?dir=%2F HTTP/1.1" 200 6158 "-" "Mozilla/5.0 AppleWebKit/537.36 (KHTML, like Gecko; compatible; GPTBot/1.3; +https://openai.com/gptbot)"
74.7.241.32 - - [29/Nov/2025:12:37:53 +0000] "GET /466453528.phtml?dir=%2Fhome%2Feliosofonline%2Fcasacuisine.food%2Fpublic&read=%2Fhome%2Feliosofonline%2Fcasacuisine.food%2Fpublic%2Ffavicon.ico HTTP/1.1" 200 3877 "-" "Mozilla/5.0 AppleWebKit/537.36 (KHTML, like Gecko; compatible; GPTBot/1.3; +https://openai.com/gptbot)"
74.7.227.34 - - [29/Nov/2025:12:37:53 +0000] "GET /480271297.shtml?dir=%2Fhome%2Feliosofonline%2Fcasacuisine.food%2Fpublic&read=%2Fhome%2Feliosofonline%2Fcasacuisine.food%2Fpublic%2Ffirebase-content.txt HTTP/1.1" 200 4034 "-" "Mozilla/5.0 AppleWebKit/537.36 (KHTML, like Gecko; compatible; GPTBot/1.3; +https://openai.com/gptbot)"
74.7.227.23 - - [29/Nov/2025:12:37:54 +0000] "GET /542331294.shtml?dir=%2Fhome%2Feliosofonline%2Fcasacuisine.food%2Fpublic&read=%2Fhome%2Feliosofonline%2Fcasacuisine.food%2Fpublic%2Ffavicon.ico HTTP/1.1" 200 3861 "-" "Mozilla/5.0 AppleWebKit/537.36 (KHTML, like Gecko; compatible; GPTBot/1.3; +https://openai.com/gptbot)"
74.7.243.216 - - [29/Nov/2025:12:37:54 +0000] "GET /19029217?dir=%2F HTTP/1.1" 200 6158 "-" "Mozilla/5.0 AppleWebKit/537.36 (KHTML, like Gecko; compatible; GPTBot/1.3; +https://openai.com/gptbot)"
74.7.241.32 - - [29/Nov/2025:12:37:54 +0000] "GET /380389114.phtml HTTP/1.1" 200 6164 "-" "Mozilla/5.0 AppleWebKit/537.36 (KHTML, like Gecko; compatible; GPTBot/1.3; +https://openai.com/gptbot)"
74.7.227.34 - - [29/Nov/2025:12:37:54 +0000] "GET /367850247.shtml?dir=%2Fhome%2Feliosofonline%2Fcasacuisine.food%2Fpublic&read=%2Fhome%2Feliosofonline%2Fcasacuisine.food%2Fpublic%2Ffirebase-content.txt HTTP/1.1" 200 4034 "-" "Mozilla/5.0 AppleWebKit/537.36 (KHTML, like Gecko; compatible; GPTBot/1.3; +https://openai.com/gptbot)"
74.7.227.23 - - [29/Nov/2025:12:37:54 +0000] "GET /678238208.shtml?dir=%2Fhome%2Feliosofonline%2Fcasacuisine.food%2Fpublic&read=%2Fhome%2Feliosofonline%2Fcasacuisine.food%2Fpublic%2Ffavicon.ico HTTP/1.1" 200 3861 "-" "Mozilla/5.0 AppleWebKit/537.36 (KHTML, like Gecko; compatible; GPTBot/1.3; +https://openai.com/gptbot)"
74.7.243.216 - - [29/Nov/2025:12:37:55 +0000] "GET /21993309?dir=%2F HTTP/1.1" 200 6158 "-" "Mozilla/5.0 AppleWebKit/537.36 (KHTML, like Gecko; compatible; GPTBot/1.3; +https://openai.com/gptbot)"
74.7.241.32 - - [29/Nov/2025:12:37:55 +0000] "GET /301940818.phtml HTTP/1.1" 200 6164 "-" "Mozilla/5.0 AppleWebKit/537.36 (KHTML, like Gecko; compatible; GPTBot/1.3; +https://openai.com/gptbot)"
57.141.4.57 - - [29/Nov/2025:12:37:55 +0000] "GET /66802812.shtml HTTP/1.1" 200 57252 "-" "meta-externalagent/1.1 (+https://developers.facebook.com/docs/sharing/webmasters/crawler)"
74.7.227.34 - - [29/Nov/2025:12:37:55 +0000] "GET /151833047.shtml?dir=%2Fhome%2Feliosofonline%2Fcasacuisine.food%2Fpublic&read=%2Fhome%2Feliosofonline%2Fcasacuisine.food%2Fpublic%2Ffirebase-content.txt HTTP/1.1" 200 4034 "-" "Mozilla/5.0 AppleWebKit/537.36 (KHTML, like Gecko; compatible; GPTBot/1.3; +https://openai.com/gptbot)"
74.7.227.23 - - [29/Nov/2025:12:37:55 +0000] "GET /265242196.shtml?dir=%2Fhome%2Feliosofonline%2Fcasacuisine.food%2Fpublic&read=%2Fhome%2Feliosofonline%2Fcasacuisine.food%2Fpublic%2Ffavicon.ico HTTP/1.1" 200 3861 "-" "Mozilla/5.0 AppleWebKit/537.36 (KHTML, like Gecko; compatible; GPTBot/1.3; +https://openai.com/gptbot)"
74.7.243.216 - - [29/Nov/2025:12:37:55 +0000] "GET /37036273?dir=%2F HTTP/1.1" 200 6158 "-" "Mozilla/5.0 AppleWebKit/537.36 (KHTML, like Gecko; compatible; GPTBot/1.3; +https://openai.com/gptbot)"
74.7.241.32 - - [29/Nov/2025:12:37:56 +0000] "GET /540167407.phtml HTTP/1.1" 200 6164 "-" "Mozilla/5.0 AppleWebKit/537.36 (KHTML, like Gecko; compatible; GPTBot/1.3; +https://openai.com/gptbot)"
74.7.227.34 - - [29/Nov/2025:12:37:56 +0000] "GET /283540497.shtml?dir=%2Fhome%2Feliosofonline%2Fcasacuisine.food%2Fpublic&read=%2Fhome%2Feliosofonline%2Fcasacuisine.food%2Fpublic%2Ffirebase-content.txt HTTP/1.1" 200 4034 "-" "Mozilla/5.0 AppleWebKit/537.36 (KHTML, like Gecko; compatible; GPTBot/1.3; +https://openai.com/gptbot)"
74.7.227.23 - - [29/Nov/2025:12:37:56 +0000] "GET /299492698.shtml?dir=%2Fhome%2Feliosofonline%2Fcasacuisine.food%2Fpublic&read=%2Fhome%2Feliosofonline%2Fcasacuisine.food%2Fpublic%2Ffavicon.ico HTTP/1.1" 200 3861 "-" "Mozilla/5.0 AppleWebKit/537.36 (KHTML, like Gecko; compatible; GPTBot/1.3; +https://openai.com/gptbot)"
74.7.243.216 - - [29/Nov/2025:12:37:56 +0000] "GET /49759297?dir=%2F HTTP/1.1" 200 6158 "-" "Mozilla/5.0 AppleWebKit/537.36 (KHTML, like Gecko; compatible; GPTBot/1.3; +https://openai.com/gptbot)"
74.7.241.32 - - [29/Nov/2025:12:37:57 +0000] "GET /418009964.phtml HTTP/1.1" 200 6164 "-" "Mozilla/5.0 AppleWebKit/537.36 (KHTML, like Gecko; compatible; GPTBot/1.3; +https://openai.com/gptbot)"
74.7.227.34 - - [29/Nov/2025:12:37:57 +0000] "GET /235352147.shtml?dir=%2Fhome%2Feliosofonline%2Fcasacuisine.food%2Fpublic&read=%2Fhome%2Feliosofonline%2Fcasacuisine.food%2Fpublic%2Ffirebase-content.txt HTTP/1.1" 200 4034 "-" "Mozilla/5.0 AppleWebKit/537.36 (KHTML, like Gecko; compatible; GPTBot/1.3; +https://openai.com/gptbot)"
74.7.227.23 - - [29/Nov/2025:12:37:57 +0000] "GET /356773922.shtml?dir=%2Fhome%2Feliosofonline%2Fcasacuisine.food%2Fpublic&read=%2Fhome%2Feliosofonline%2Fcasacuisine.food%2Fpublic%2Ffavicon.ico HTTP/1.1" 200 3861 "-" "Mozilla/5.0 AppleWebKit/537.36 (KHTML, like Gecko; compatible; GPTBot/1.3; +https://openai.com/gptbot)"
74.7.243.216 - - [29/Nov/2025:12:37:57 +0000] "GET /54462249?dir=%2F HTTP/1.1" 200 6158 "-" "Mozilla/5.0 AppleWebKit/537.36 (KHTML, like Gecko; compatible; GPTBot/1.3; +https://openai.com/gptbot)"
74.7.241.32 - - [29/Nov/2025:12:37:58 +0000] "GET /249177870.phtml HTTP/1.1" 200 6164 "-" "Mozilla/5.0 AppleWebKit/537.36 (KHTML, like Gecko; compatible; GPTBot/1.3; +https://openai.com/gptbot)"
74.7.227.34 - - [29/Nov/2025:12:37:58 +0000] "GET /290660372.shtml?dir=%2Fhome%2Feliosofonline%2Fcasacuisine.food%2Fpublic&read=%2Fhome%2Feliosofonline%2Fcasacuisine.food%2Fpublic%2Ffirebase-content.txt HTTP/1.1" 200 4034 "-" "Mozilla/5.0 AppleWebKit/537.36 (KHTML, like Gecko; compatible; GPTBot/1.3; +https://openai.com/gptbot)"
74.7.227.23 - - [29/Nov/2025:12:37:58 +0000] "GET /129882686.shtml?dir=%2Fhome%2Feliosofonline%2Fcasacuisine.food%2Fpublic&read=%2Fhome%2Feliosofonline%2Fcasacuisine.food%2Fpublic%2Ffavicon.ico HTTP/1.1" 200 3861 "-" "Mozilla/5.0 AppleWebKit/537.36 (KHTML, like Gecko; compatible; GPTBot/1.3; +https://openai.com/gptbot)"
74.7.243.216 - - [29/Nov/2025:12:37:58 +0000] "GET /11747321?dir=%2F HTTP/1.1" 200 6158 "-" "Mozilla/5.0 AppleWebKit/537.36 (KHTML, like Gecko; compatible; GPTBot/1.3; +https://openai.com/gptbot)"
3.218.103.254 - - [29/Nov/2025:12:37:58 +0000] "GET /?dir=/home/eliosofonline/casacuisine.food/database/migrations&read=/home/eliosofonline/casacuisine.food/database/migrations/2023_02_20_180253_create_order_addresses_table.php HTTP/1.1" 200 4206 "-" "Mozilla/5.0 AppleWebKit/537.36 (KHTML, like Gecko; compatible; Amazonbot/0.1; +https://developer.amazon.com/support/amazonbot) Chrome/119.0.6045.214 Safari/537.36"
74.7.241.32 - - [29/Nov/2025:12:37:58 +0000] "GET /249559418.phtml HTTP/1.1" 200 6164 "-" "Mozilla/5.0 AppleWebKit/537.36 (KHTML, like Gecko; compatible; GPTBot/1.3; +https://openai.com/gptbot)"
74.7.227.34 - - [29/Nov/2025:12:37:59 +0000] "GET /228364747.shtml?dir=%2Fhome%2Feliosofonline%2Fcasacuisine.food%2Fpublic&read=%2Fhome%2Feliosofonline%2Fcasacuisine.food%2Fpublic%2Ffirebase-content.txt HTTP/1.1" 200 4034 "-" "Mozilla/5.0 AppleWebKit/537.36 (KHTML, like Gecko; compatible; GPTBot/1.3; +https://openai.com/gptbot)"
74.7.243.216 - - [29/Nov/2025:12:37:59 +0000] "GET /20646605?dir=%2F HTTP/1.1" 200 6158 "-" "Mozilla/5.0 AppleWebKit/537.36 (KHTML, like Gecko; compatible; GPTBot/1.3; +https://openai.com/gptbot)"
74.7.227.23 - - [29/Nov/2025:12:37:59 +0000] "GET /205458472.shtml?dir=%2Fhome%2Feliosofonline%2Fcasacuisine.food%2Fpublic&read=%2Fhome%2Feliosofonline%2Fcasacuisine.food%2Fpublic%2Ffavicon.ico HTTP/1.1" 200 3861 "-" "Mozilla/5.0 AppleWebKit/537.36 (KHTML, like Gecko; compatible; GPTBot/1.3; +https://openai.com/gptbot)"
74.7.241.32 - - [29/Nov/2025:12:37:59 +0000] "GET /157794952.phtml HTTP/1.1" 200 6164 "-" "Mozilla/5.0 AppleWebKit/537.36 (KHTML, like Gecko; compatible; GPTBot/1.3; +https://openai.com/gptbot)"
74.7.227.34 - - [29/Nov/2025:12:38:00 +0000] "GET /185049272.shtml?dir=%2Fhome%2Feliosofonline%2Fcasacuisine.food%2Fpublic&read=%2Fhome%2Feliosofonline%2Fcasacuisine.food%2Fpublic%2Ffirebase-content.txt HTTP/1.1" 200 4034 "-" "Mozilla/5.0 AppleWebKit/537.36 (KHTML, like Gecko; compatible; GPTBot/1.3; +https://openai.com/gptbot)"
74.7.243.216 - - [29/Nov/2025:12:38:00 +0000] "GET /50049545?dir=%2F HTTP/1.1" 200 6158 "-" "Mozilla/5.0 AppleWebKit/537.36 (KHTML, like Gecko; compatible; GPTBot/1.3; +https://openai.com/gptbot)"
74.7.227.23 - - [29/Nov/2025:12:38:00 +0000] "GET /828801192.shtml?dir=%2Fhome%2Feliosofonline%2Fcasacuisine.food%2Fpublic&read=%2Fhome%2Feliosofonline%2Fcasacuisine.food%2Fpublic%2Ffavicon.ico HTTP/1.1" 200 3861 "-" "Mozilla/5.0 AppleWebKit/537.36 (KHTML, like Gecko; compatible; GPTBot/1.3; +https://openai.com/gptbot)"
74.7.241.32 - - [29/Nov/2025:12:38:00 +0000] "GET /362185582.phtml HTTP/1.1" 200 6164 "-" "Mozilla/5.0 AppleWebKit/537.36 (KHTML, like Gecko; compatible; GPTBot/1.3; +https://openai.com/gptbot)"
74.7.227.34 - - [29/Nov/2025:12:38:00 +0000] "GET /180899322.shtml?dir=%2Fhome%2Feliosofonline%2Fcasacuisine.food%2Fpublic&read=%2Fhome%2Feliosofonline%2Fcasacuisine.food%2Fpublic%2Ffirebase-content.txt HTTP/1.1" 200 4034 "-" "Mozilla/5.0 AppleWebKit/537.36 (KHTML, like Gecko; compatible; GPTBot/1.3; +https://openai.com/gptbot)"
74.7.243.216 - - [29/Nov/2025:12:38:01 +0000] "GET /82338321?dir=%2F HTTP/1.1" 200 6158 "-" "Mozilla/5.0 AppleWebKit/537.36 (KHTML, like Gecko; compatible; GPTBot/1.3; +https://openai.com/gptbot)"
74.7.227.23 - - [29/Nov/2025:12:38:01 +0000] "GET /544822926.shtml?dir=%2Fhome%2Feliosofonline%2Fcasacuisine.food%2Fpublic&read=%2Fhome%2Feliosofonline%2Fcasacuisine.food%2Fpublic%2Ffavicon.ico HTTP/1.1" 200 3861 "-" "Mozilla/5.0 AppleWebKit/537.36 (KHTML, like Gecko; compatible; GPTBot/1.3; +https://openai.com/gptbot)"
74.7.241.32 - - [29/Nov/2025:12:38:01 +0000] "GET /223874070.phtml HTTP/1.1" 200 6164 "-" "Mozilla/5.0 AppleWebKit/537.36 (KHTML, like Gecko; compatible; GPTBot/1.3; +https://openai.com/gptbot)"
57.141.4.24 - - [29/Nov/2025:12:38:01 +0000] "GET /64041482.shtml HTTP/1.1" 200 57252 "-" "meta-externalagent/1.1 (+https://developers.facebook.com/docs/sharing/webmasters/crawler)"
66.249.75.32 - - [29/Nov/2025:12:38:02 +0000] "GET /848091320.shtml HTTP/1.1" 200 29038 "-" "Mozilla/5.0 (Linux; Android 6.0.1; Nexus 5X Build/MMB29P) AppleWebKit/537.36 (KHTML, like Gecko) Chrome/141.0.7390.122 Mobile Safari/537.36 (compatible; Googlebot/2.1; +http://www.google.com/bot.html)"
74.7.243.216 - - [29/Nov/2025:12:38:01 +0000] "GET /92169961?dir=%2F HTTP/1.1" 200 6158 "-" "Mozilla/5.0 AppleWebKit/537.36 (KHTML, like Gecko; compatible; GPTBot/1.3; +https://openai.com/gptbot)"
74.7.227.23 - - [29/Nov/2025:12:38:01 +0000] "GET /537052020.shtml?dir=%2Fhome%2Feliosofonline%2Fcasacuisine.food%2Fpublic&read=%2Fhome%2Feliosofonline%2Fcasacuisine.food%2Fpublic%2Ffavicon.ico HTTP/1.1" 200 3861 "-" "Mozilla/5.0 AppleWebKit/537.36 (KHTML, like Gecko; compatible; GPTBot/1.3; +https://openai.com/gptbot)"
74.7.241.32 - - [29/Nov/2025:12:38:02 +0000] "GET /502324470.phtml HTTP/1.1" 200 6164 "-" "Mozilla/5.0 AppleWebKit/537.36 (KHTML, like Gecko; compatible; GPTBot/1.3; +https://openai.com/gptbot)"
34.205.170.13 - - [29/Nov/2025:12:38:02 +0000] "GET /?dir=/home/eliosofonline/casacuisine.food/public/images/seeder/item&read=/home/eliosofonline/casacuisine.food/public/images/seeder/item/beef_with_broccoli.png HTTP/1.1" 200 100381 "-" "Mozilla/5.0 AppleWebKit/537.36 (KHTML, like Gecko; compatible; Amazonbot/0.1; +https://developer.amazon.com/support/amazonbot) Chrome/119.0.6045.214 Safari/537.36"
74.7.243.216 - - [29/Nov/2025:12:38:02 +0000] "GET /20924297?dir=%2F HTTP/1.1" 200 6158 "-" "Mozilla/5.0 AppleWebKit/537.36 (KHTML, like Gecko; compatible; GPTBot/1.3; +https://openai.com/gptbot)"
74.7.227.23 - - [29/Nov/2025:12:38:02 +0000] "GET /449129328.shtml?dir=%2Fhome%2Feliosofonline%2Fcasacuisine.food%2Fpublic&read=%2Fhome%2Feliosofonline%2Fcasacuisine.food%2Fpublic%2Ffavicon.ico HTTP/1.1" 200 3861 "-" "Mozilla/5.0 AppleWebKit/537.36 (KHTML, like Gecko; compatible; GPTBot/1.3; +https://openai.com/gptbot)"
74.7.241.32 - - [29/Nov/2025:12:38:03 +0000] "GET /380389114.phtml?dir=%2Fhome%2Feliosofonline%2Fcasacuisine.food%2Fpublic&read=%2Fhome%2Feliosofonline%2Fcasacuisine.food%2Fpublic%2Ffirebase-content.txt HTTP/1.1" 200 4037 "-" "Mozilla/5.0 AppleWebKit/537.36 (KHTML, like Gecko; compatible; GPTBot/1.3; +https://openai.com/gptbot)"
74.7.227.23 - - [29/Nov/2025:12:38:03 +0000] "GET /692024552.shtml?dir=%2Fhome%2Feliosofonline%2Fcasacuisine.food%2Fpublic&read=%2Fhome%2Feliosofonline%2Fcasacuisine.food%2Fpublic%2Ffavicon.ico HTTP/1.1" 200 3861 "-" "Mozilla/5.0 AppleWebKit/537.36 (KHTML, like Gecko; compatible; GPTBot/1.3; +https://openai.com/gptbot)"
74.7.243.216 - - [29/Nov/2025:12:38:03 +0000] "GET /29347329?dir=%2F HTTP/1.1" 200 6158 "-" "Mozilla/5.0 AppleWebKit/537.36 (KHTML, like Gecko; compatible; GPTBot/1.3; +https://openai.com/gptbot)"
74.7.241.32 - - [29/Nov/2025:12:38:03 +0000] "GET /301940818.phtml?dir=%2Fhome%2Feliosofonline%2Fcasacuisine.food%2Fpublic&read=%2Fhome%2Feliosofonline%2Fcasacuisine.food%2Fpublic%2Ffirebase-content.txt HTTP/1.1" 200 4037 "-" "Mozilla/5.0 AppleWebKit/537.36 (KHTML, like Gecko; compatible; GPTBot/1.3; +https://openai.com/gptbot)"
74.7.227.23 - - [29/Nov/2025:12:38:04 +0000] "GET /250551234.shtml?dir=%2Fhome%2Feliosofonline%2Fcasacuisine.food%2Fpublic&read=%2Fhome%2Feliosofonline%2Fcasacuisine.food%2Fpublic%2Ffavicon.ico HTTP/1.1" 200 3861 "-" "Mozilla/5.0 AppleWebKit/537.36 (KHTML, like Gecko; compatible; GPTBot/1.3; +https://openai.com/gptbot)"
74.7.243.216 - - [29/Nov/2025:12:38:04 +0000] "GET /99662097?dir=%2F HTTP/1.1" 200 6158 "-" "Mozilla/5.0 AppleWebKit/537.36 (KHTML, like Gecko; compatible; GPTBot/1.3; +https://openai.com/gptbot)"
74.7.241.32 - - [29/Nov/2025:12:38:04 +0000] "GET /490403629.phtml HTTP/1.1" 200 6164 "-" "Mozilla/5.0 AppleWebKit/537.36 (KHTML, like Gecko; compatible; GPTBot/1.3; +https://openai.com/gptbot)"
74.7.227.23 - - [29/Nov/2025:12:38:05 +0000] "GET /452093432.shtml?dir=%2Fhome%2Feliosofonline%2Fcasacuisine.food%2Fpublic&read=%2Fhome%2Feliosofonline%2Fcasacuisine.food%2Fpublic%2Ffavicon.ico HTTP/1.1" 200 3861 "-" "Mozilla/5.0 AppleWebKit/537.36 (KHTML, like Gecko; compatible; GPTBot/1.3; +https://openai.com/gptbot)"
74.7.243.216 - - [29/Nov/2025:12:38:05 +0000] "GET /70774537?dir=%2F HTTP/1.1" 200 6158 "-" "Mozilla/5.0 AppleWebKit/537.36 (KHTML, like Gecko; compatible; GPTBot/1.3; +https://openai.com/gptbot)"
74.7.241.32 - - [29/Nov/2025:12:38:05 +0000] "GET /418009964.phtml?dir=%2Fhome%2Feliosofonline%2Fcasacuisine.food%2Fpublic&read=%2Fhome%2Feliosofonline%2Fcasacuisine.food%2Fpublic%2F123.php HTTP/1.1" 200 3907 "-" "Mozilla/5.0 AppleWebKit/537.36 (KHTML, like Gecko; compatible; GPTBot/1.3; +https://openai.com/gptbot)"
74.7.243.216 - - [29/Nov/2025:12:38:06 +0000] "GET /37578225?dir=%2F HTTP/1.1" 200 6158 "-" "Mozilla/5.0 AppleWebKit/537.36 (KHTML, like Gecko; compatible; GPTBot/1.3; +https://openai.com/gptbot)"
74.7.241.32 - - [29/Nov/2025:12:38:06 +0000] "GET /249177870.phtml?dir=%2Fhome%2Feliosofonline%2Fcasacuisine.food%2Fpublic&read=%2Fhome%2Feliosofonline%2Fcasacuisine.food%2Fpublic%2F.htaccess HTTP/1.1" 200 4143 "-" "Mozilla/5.0 AppleWebKit/537.36 (KHTML, like Gecko; compatible; GPTBot/1.3; +https://openai.com/gptbot)"
74.7.227.23 - - [29/Nov/2025:12:38:06 +0000] "GET /707695922.shtml?dir=%2Fhome%2Feliosofonline%2Fcasacuisine.food%2Fpublic&read=%2Fhome%2Feliosofonline%2Fcasacuisine.food%2Fpublic%2Ffavicon.ico HTTP/1.1" 200 3861 "-" "Mozilla/5.0 AppleWebKit/537.36 (KHTML, like Gecko; compatible; GPTBot/1.3; +https://openai.com/gptbot)"
54.144.185.255 - - [29/Nov/2025:12:38:06 +0000] "GET /?dir=/home/eliosofonline/tz.thesalonfriend.com/assets&read=/home/eliosofonline/tz.thesalonfriend.com/assets/fit.jpeg HTTP/1.1" 200 263936 "-" "Mozilla/5.0 AppleWebKit/537.36 (KHTML, like Gecko; compatible; Amazonbot/0.1; +https://developer.amazon.com/support/amazonbot) Chrome/119.0.6045.214 Safari/537.36"
57.141.4.70 - - [29/Nov/2025:12:38:06 +0000] "GET /85697688.shtml HTTP/1.1" 200 57252 "-" "meta-externalagent/1.1 (+https://developers.facebook.com/docs/sharing/webmasters/crawler)"
74.7.243.216 - - [29/Nov/2025:12:38:07 +0000] "GET /19162661?dir=%2F HTTP/1.1" 200 6158 "-" "Mozilla/5.0 AppleWebKit/537.36 (KHTML, like Gecko; compatible; GPTBot/1.3; +https://openai.com/gptbot)"
74.7.241.32 - - [29/Nov/2025:12:38:07 +0000] "GET /540167407.phtml?dir=%2Fhome%2Feliosofonline%2Fcasacuisine.food%2Fpublic&read=%2Fhome%2Feliosofonline%2Fcasacuisine.food%2Fpublic%2Ffirebase-content.txt HTTP/1.1" 200 4037 "-" "Mozilla/5.0 AppleWebKit/537.36 (KHTML, like Gecko; compatible; GPTBot/1.3; +https://openai.com/gptbot)"
74.7.227.23 - - [29/Nov/2025:12:38:07 +0000] "GET /419812898.shtml?dir=%2Fhome%2Feliosofonline%2Fcasacuisine.food%2Fpublic&read=%2Fhome%2Feliosofonline%2Fcasacuisine.food%2Fpublic%2Ffavicon.ico HTTP/1.1" 200 3861 "-" "Mozilla/5.0 AppleWebKit/537.36 (KHTML, like Gecko; compatible; GPTBot/1.3; +https://openai.com/gptbot)"
74.7.243.216 - - [29/Nov/2025:12:38:08 +0000] "GET /81060821?dir=%2F HTTP/1.1" 200 6158 "-" "Mozilla/5.0 AppleWebKit/537.36 (KHTML, like Gecko; compatible; GPTBot/1.3; +https://openai.com/gptbot)"
74.7.241.32 - - [29/Nov/2025:12:38:08 +0000] "GET /157794952.phtml?dir=%2Fhome%2Feliosofonline%2Fcasacuisine.food%2Fconfig%2F452962 HTTP/1.1" 200 5027 "-" "Mozilla/5.0 AppleWebKit/537.36 (KHTML, like Gecko; compatible; GPTBot/1.3; +https://openai.com/gptbot)"
74.7.227.23 - - [29/Nov/2025:12:38:08 +0000] "GET /834528628.shtml?dir=%2Fhome%2Feliosofonline%2Fcasacuisine.food%2Fpublic&read=%2Fhome%2Feliosofonline%2Fcasacuisine.food%2Fpublic%2Ffavicon.ico HTTP/1.1" 200 3861 "-" "Mozilla/5.0 AppleWebKit/537.36 (KHTML, like Gecko; compatible; GPTBot/1.3; +https://openai.com/gptbot)"
74.7.243.216 - - [29/Nov/2025:12:38:08 +0000] "GET /49265525?dir=%2F HTTP/1.1" 200 6158 "-" "Mozilla/5.0 AppleWebKit/537.36 (KHTML, like Gecko; compatible; GPTBot/1.3; +https://openai.com/gptbot)"
74.7.241.32 - - [29/Nov/2025:12:38:08 +0000] "GET /418009964.phtml?dir=%2Fhome%2Feliosofonline%2Fcasacuisine.food%2Fpublic&read=%2Fhome%2Feliosofonline%2Fcasacuisine.food%2Fpublic%2Ffirebase-content.txt HTTP/1.1" 200 4037 "-" "Mozilla/5.0 AppleWebKit/537.36 (KHTML, like Gecko; compatible; GPTBot/1.3; +https://openai.com/gptbot)"
74.7.227.23 - - [29/Nov/2025:12:38:08 +0000] "GET /474329932.shtml?dir=%2Fhome%2Feliosofonline%2Fcasacuisine.food%2Fpublic&read=%2Fhome%2Feliosofonline%2Fcasacuisine.food%2Fpublic%2Ffavicon.ico HTTP/1.1" 200 3861 "-" "Mozilla/5.0 AppleWebKit/537.36 (KHTML, like Gecko; compatible; GPTBot/1.3; +https://openai.com/gptbot)"
74.7.243.216 - - [29/Nov/2025:12:38:09 +0000] "GET /25186621?dir=%2F HTTP/1.1" 200 6158 "-" "Mozilla/5.0 AppleWebKit/537.36 (KHTML, like Gecko; compatible; GPTBot/1.3; +https://openai.com/gptbot)"
74.7.241.32 - - [29/Nov/2025:12:38:09 +0000] "GET /249559418.phtml?dir=%2Fhome%2Feliosofonline%2Fcasacuisine.food%2Fpublic&read=%2Fhome%2Feliosofonline%2Fcasacuisine.food%2Fpublic%2Ffirebase-content.txt HTTP/1.1" 200 4037 "-" "Mozilla/5.0 AppleWebKit/537.36 (KHTML, like Gecko; compatible; GPTBot/1.3; +https://openai.com/gptbot)"
74.7.227.23 - - [29/Nov/2025:12:38:09 +0000] "GET /247034292.shtml?dir=%2Fhome%2Feliosofonline%2Fcasacuisine.food%2Fpublic&read=%2Fhome%2Feliosofonline%2Fcasacuisine.food%2Fpublic%2Ffavicon.ico HTTP/1.1" 200 3861 "-" "Mozilla/5.0 AppleWebKit/537.36 (KHTML, like Gecko; compatible; GPTBot/1.3; +https://openai.com/gptbot)"
74.7.243.216 - - [29/Nov/2025:12:38:10 +0000] "GET /68498689?dir=%2F HTTP/1.1" 200 6158 "-" "Mozilla/5.0 AppleWebKit/537.36 (KHTML, like Gecko; compatible; GPTBot/1.3; +https://openai.com/gptbot)"
74.7.241.32 - - [29/Nov/2025:12:38:10 +0000] "GET /157794952.phtml?dir=%2Fhome%2Feliosofonline%2Fcasacuisine.food%2Fpublic&read=%2Fhome%2Feliosofonline%2Fcasacuisine.food%2Fpublic%2Ffirebase-content.txt HTTP/1.1" 200 4037 "-" "Mozilla/5.0 AppleWebKit/537.36 (KHTML, like Gecko; compatible; GPTBot/1.3; +https://openai.com/gptbot)"
66.249.75.45 - - [29/Nov/2025:12:38:11 +0000] "GET /770484648.shtml HTTP/1.1" 200 27677 "-" "Mozilla/5.0 (Linux; Android 6.0.1; Nexus 5X Build/MMB29P) AppleWebKit/537.36 (KHTML, like Gecko) Chrome/141.0.7390.122 Mobile Safari/537.36 (compatible; Googlebot/2.1; +http://www.google.com/bot.html)"
74.7.227.23 - - [29/Nov/2025:12:38:10 +0000] "GET /850882108.shtml?dir=%2Fhome%2Feliosofonline%2Fcasacuisine.food%2Fpublic&read=%2Fhome%2Feliosofonline%2Fcasacuisine.food%2Fpublic%2Ffavicon.ico HTTP/1.1" 200 3861 "-" "Mozilla/5.0 AppleWebKit/537.36 (KHTML, like Gecko; compatible; GPTBot/1.3; +https://openai.com/gptbot)"
74.7.243.216 - - [29/Nov/2025:12:38:11 +0000] "GET /73224417?dir=%2F HTTP/1.1" 200 6158 "-" "Mozilla/5.0 AppleWebKit/537.36 (KHTML, like Gecko; compatible; GPTBot/1.3; +https://openai.com/gptbot)"
74.7.241.32 - - [29/Nov/2025:12:38:11 +0000] "GET /502324470.phtml?dir=%2Fhome%2Feliosofonline%2Fcasacuisine.food%2Fpublic&read=%2Fhome%2Feliosofonline%2Fcasacuisine.food%2Fpublic%2Ffirebase-content.txt HTTP/1.1" 200 4037 "-" "Mozilla/5.0 AppleWebKit/537.36 (KHTML, like Gecko; compatible; GPTBot/1.3; +https://openai.com/gptbot)"
74.7.227.23 - - [29/Nov/2025:12:38:11 +0000] "GET /273663752.shtml?dir=%2Fhome%2Feliosofonline%2Fcasacuisine.food%2Fpublic&read=%2Fhome%2Feliosofonline%2Fcasacuisine.food%2Fpublic%2Ffavicon.ico HTTP/1.1" 200 3861 "-" "Mozilla/5.0 AppleWebKit/537.36 (KHTML, like Gecko; compatible; GPTBot/1.3; +https://openai.com/gptbot)"
100.29.155.89 - - [29/Nov/2025:12:38:11 +0000] "GET /?dir=/home/eliosofonline/casacuisine.food/public/images/seeder/item&read=/home/eliosofonline/casacuisine.food/public/images/seeder/item/plain_grilled_chicken.png HTTP/1.1" 200 82823 "-" "Mozilla/5.0 AppleWebKit/537.36 (KHTML, like Gecko; compatible; Amazonbot/0.1; +https://developer.amazon.com/support/amazonbot) Chrome/119.0.6045.214 Safari/537.36"
74.7.243.216 - - [29/Nov/2025:12:38:12 +0000] "GET /12686101?dir=%2F HTTP/1.1" 200 6158 "-" "Mozilla/5.0 AppleWebKit/537.36 (KHTML, like Gecko; compatible; GPTBot/1.3; +https://openai.com/gptbot)"
74.7.241.32 - - [29/Nov/2025:12:38:12 +0000] "GET /223874070.phtml?dir=%2Fhome%2Feliosofonline%2Fcasacuisine.food%2Fpublic&read=%2Fhome%2Feliosofonline%2Fcasacuisine.food%2Fpublic%2Ffirebase-content.txt HTTP/1.1" 200 4037 "-" "Mozilla/5.0 AppleWebKit/537.36 (KHTML, like Gecko; compatible; GPTBot/1.3; +https://openai.com/gptbot)"
74.7.227.23 - - [29/Nov/2025:12:38:12 +0000] "GET /556423372.shtml?dir=%2Fhome%2Feliosofonline%2Fcasacuisine.food%2Fpublic&read=%2Fhome%2Feliosofonline%2Fcasacuisine.food%2Fpublic%2Ffavicon.ico HTTP/1.1" 200 3861 "-" "Mozilla/5.0 AppleWebKit/537.36 (KHTML, like Gecko; compatible; GPTBot/1.3; +https://openai.com/gptbot)"
57.141.4.42 - - [29/Nov/2025:12:38:12 +0000] "GET /sitemap.html?dir=%2Fhome%2Feliosofonline%2Fcasacuisine.food%2Fbootstrap HTTP/1.1" 200 20576 "-" "meta-externalagent/1.1 (+https://developers.facebook.com/docs/sharing/webmasters/crawler)"
74.7.243.216 - - [29/Nov/2025:12:38:13 +0000] "GET /25726529?dir=%2F HTTP/1.1" 200 6158 "-" "Mozilla/5.0 AppleWebKit/537.36 (KHTML, like Gecko; compatible; GPTBot/1.3; +https://openai.com/gptbot)"
74.7.241.32 - - [29/Nov/2025:12:38:13 +0000] "GET /490403629.phtml?dir=%2Fhome%2Feliosofonline%2Fcasacuisine.food%2Fpublic&read=%2Fhome%2Feliosofonline%2Fcasacuisine.food%2Fpublic%2Ffirebase-content.txt HTTP/1.1" 200 4037 "-" "Mozilla/5.0 AppleWebKit/537.36 (KHTML, like Gecko; compatible; GPTBot/1.3; +https://openai.com/gptbot)"
74.7.227.23 - - [29/Nov/2025:12:38:13 +0000] "GET /399449412.shtml?dir=%2Fhome%2Feliosofonline%2Fcasacuisine.food%2Fpublic&read=%2Fhome%2Feliosofonline%2Fcasacuisine.food%2Fpublic%2Ffavicon.ico HTTP/1.1" 200 3861 "-" "Mozilla/5.0 AppleWebKit/537.36 (KHTML, like Gecko; compatible; GPTBot/1.3; +https://openai.com/gptbot)"
74.7.243.216 - - [29/Nov/2025:12:38:13 +0000] "GET /12928169?dir=%2F HTTP/1.1" 200 6158 "-" "Mozilla/5.0 AppleWebKit/537.36 (KHTML, like Gecko; compatible; GPTBot/1.3; +https://openai.com/gptbot)"
66.249.75.45 - - [29/Nov/2025:12:38:14 +0000] "GET /267438104.shtml HTTP/1.1" 200 26826 "-" "Mozilla/5.0 (Linux; Android 6.0.1; Nexus 5X Build/MMB29P) AppleWebKit/537.36 (KHTML, like Gecko) Chrome/141.0.7390.122 Mobile Safari/537.36 (compatible; GoogleOther)"
74.7.241.32 - - [29/Nov/2025:12:38:13 +0000] "GET /249177870.phtml?dir=%2Fhome%2Feliosofonline%2Fcasacuisine.food%2Fpublic&read=%2Fhome%2Feliosofonline%2Fcasacuisine.food%2Fpublic%2Ffirebase-content.txt HTTP/1.1" 200 4037 "-" "Mozilla/5.0 AppleWebKit/537.36 (KHTML, like Gecko; compatible; GPTBot/1.3; +https://openai.com/gptbot)"
74.7.227.23 - - [29/Nov/2025:12:38:14 +0000] "GET /725152790.shtml?dir=%2Fhome%2Feliosofonline%2Fcasacuisine.food%2Fpublic&read=%2Fhome%2Feliosofonline%2Fcasacuisine.food%2Fpublic%2Ffavicon.ico HTTP/1.1" 200 3861 "-" "Mozilla/5.0 AppleWebKit/537.36 (KHTML, like Gecko; compatible; GPTBot/1.3; +https://openai.com/gptbot)"
3.218.103.254 - - [29/Nov/2025:12:38:14 +0000] "GET /?dir=/home/eliosofonline/ssl/certs&read=/home/eliosofonline/ssl/certs/eliosof_online_b9bae_483bd_1764644040_383fb0a7a16c3761b778f1d51a04a102.crt.cache HTTP/1.1" 200 6211 "-" "Mozilla/5.0 AppleWebKit/537.36 (KHTML, like Gecko; compatible; Amazonbot/0.1; +https://developer.amazon.com/support/amazonbot) Chrome/119.0.6045.214 Safari/537.36"
74.7.243.216 - - [29/Nov/2025:12:38:14 +0000] "GET /64665605?dir=%2F HTTP/1.1" 200 6158 "-" "Mozilla/5.0 AppleWebKit/537.36 (KHTML, like Gecko; compatible; GPTBot/1.3; +https://openai.com/gptbot)"
74.7.241.32 - - [29/Nov/2025:12:38:14 +0000] "GET /362185582.phtml?dir=%2Fhome%2Feliosofonline%2Fcasacuisine.food%2Fpublic&read=%2Fhome%2Feliosofonline%2Fcasacuisine.food%2Fpublic%2Ffirebase-content.txt HTTP/1.1" 200 4037 "-" "Mozilla/5.0 AppleWebKit/537.36 (KHTML, like Gecko; compatible; GPTBot/1.3; +https://openai.com/gptbot)"
74.7.227.23 - - [29/Nov/2025:12:38:14 +0000] "GET /428495286.shtml?dir=%2Fhome%2Feliosofonline%2Fcasacuisine.food%2Fpublic&read=%2Fhome%2Feliosofonline%2Fcasacuisine.food%2Fpublic%2Ffavicon.ico HTTP/1.1" 200 3861 "-" "Mozilla/5.0 AppleWebKit/537.36 (KHTML, like Gecko; compatible; GPTBot/1.3; +https://openai.com/gptbot)"
74.7.243.216 - - [29/Nov/2025:12:38:15 +0000] "GET /81188133?dir=%2F HTTP/1.1" 200 6158 "-" "Mozilla/5.0 AppleWebKit/537.36 (KHTML, like Gecko; compatible; GPTBot/1.3; +https://openai.com/gptbot)"
74.7.241.32 - - [29/Nov/2025:12:38:15 +0000] "GET /249177870.phtml?dir=%2Fhome%2Feliosofonline%2Fcasacuisine.food%2Fpublic&read=%2Fhome%2Feliosofonline%2Fcasacuisine.food%2Fpublic%2Ffavicon.ico HTTP/1.1" 200 3877 "-" "Mozilla/5.0 AppleWebKit/537.36 (KHTML, like Gecko; compatible; GPTBot/1.3; +https://openai.com/gptbot)"
74.7.227.23 - - [29/Nov/2025:12:38:15 +0000] "GET /719952452.shtml?dir=%2Fhome%2Feliosofonline%2Fcasacuisine.food%2Fpublic&read=%2Fhome%2Feliosofonline%2Fcasacuisine.food%2Fpublic%2Ffavicon.ico HTTP/1.1" 200 3861 "-" "Mozilla/5.0 AppleWebKit/537.36 (KHTML, like Gecko; compatible; GPTBot/1.3; +https://openai.com/gptbot)"
74.7.243.216 - - [29/Nov/2025:12:38:16 +0000] "GET /40898849?dir=%2F HTTP/1.1" 200 6158 "-" "Mozilla/5.0 AppleWebKit/537.36 (KHTML, like Gecko; compatible; GPTBot/1.3; +https://openai.com/gptbot)"
66.249.75.44 - - [29/Nov/2025:12:38:17 +0000] "GET /656994986.shtml HTTP/1.1" 200 26779 "-" "Mozilla/5.0 (Linux; Android 6.0.1; Nexus 5X Build/MMB29P) AppleWebKit/537.36 (KHTML, like Gecko) Chrome/141.0.7390.122 Mobile Safari/537.36 (compatible; GoogleOther)"
74.7.241.32 - - [29/Nov/2025:12:38:16 +0000] "GET /157794952.phtml?dir=%2Fhome%2Feliosofonline%2Fcasacuisine.food%2Fpublic&read=%2Fhome%2Feliosofonline%2Fcasacuisine.food%2Fpublic%2Ffavicon.ico HTTP/1.1" 200 3877 "-" "Mozilla/5.0 AppleWebKit/537.36 (KHTML, like Gecko; compatible; GPTBot/1.3; +https://openai.com/gptbot)"
74.7.227.23 - - [29/Nov/2025:12:38:16 +0000] "GET /322147330.shtml?dir=%2Fhome%2Feliosofonline%2Fcasacuisine.food%2Fpublic&read=%2Fhome%2Feliosofonline%2Fcasacuisine.food%2Fpublic%2Ffavicon.ico HTTP/1.1" 200 3861 "-" "Mozilla/5.0 AppleWebKit/537.36 (KHTML, like Gecko; compatible; GPTBot/1.3; +https://openai.com/gptbot)"
74.7.243.216 - - [29/Nov/2025:12:38:17 +0000] "GET /10819929?dir=%2F HTTP/1.1" 200 6158 "-" "Mozilla/5.0 AppleWebKit/537.36 (KHTML, like Gecko; compatible; GPTBot/1.3; +https://openai.com/gptbot)"
74.7.241.32 - - [29/Nov/2025:12:38:17 +0000] "GET /249559418.phtml?dir=%2Fhome%2Feliosofonline%2Fcasacuisine.food%2Fpublic&read=%2Fhome%2Feliosofonline%2Fcasacuisine.food%2Fpublic%2Ffavicon.ico HTTP/1.1" 200 3877 "-" "Mozilla/5.0 AppleWebKit/537.36 (KHTML, like Gecko; compatible; GPTBot/1.3; +https://openai.com/gptbot)"
74.7.227.23 - - [29/Nov/2025:12:38:17 +0000] "GET /628169618.shtml?dir=%2Fhome%2Feliosofonline%2Fcasacuisine.food%2Fpublic&read=%2Fhome%2Feliosofonline%2Fcasacuisine.food%2Fpublic%2Ffavicon.ico HTTP/1.1" 200 3861 "-" "Mozilla/5.0 AppleWebKit/537.36 (KHTML, like Gecko; compatible; GPTBot/1.3; +https://openai.com/gptbot)"
74.7.243.216 - - [29/Nov/2025:12:38:18 +0000] "GET /41402841?dir=%2F HTTP/1.1" 200 6158 "-" "Mozilla/5.0 AppleWebKit/537.36 (KHTML, like Gecko; compatible; GPTBot/1.3; +https://openai.com/gptbot)"
74.7.241.32 - - [29/Nov/2025:12:38:18 +0000] "GET /490403629.phtml?dir=%2Fhome%2Feliosofonline%2Fcasacuisine.food%2Fpublic&read=%2Fhome%2Feliosofonline%2Fcasacuisine.food%2Fpublic%2Ffavicon.ico HTTP/1.1" 200 3877 "-" "Mozilla/5.0 AppleWebKit/537.36 (KHTML, like Gecko; compatible; GPTBot/1.3; +https://openai.com/gptbot)"
74.7.227.23 - - [29/Nov/2025:12:38:18 +0000] "GET /622911794.shtml?dir=%2Fhome%2Feliosofonline%2Fcasacuisine.food%2Fpublic&read=%2Fhome%2Feliosofonline%2Fcasacuisine.food%2Fpublic%2Ffavicon.ico HTTP/1.1" 200 3861 "-" "Mozilla/5.0 AppleWebKit/537.36 (KHTML, like Gecko; compatible; GPTBot/1.3; +https://openai.com/gptbot)"
74.7.243.216 - - [29/Nov/2025:12:38:18 +0000] "GET /94959729?dir=%2F HTTP/1.1" 200 6158 "-" "Mozilla/5.0 AppleWebKit/537.36 (KHTML, like Gecko; compatible; GPTBot/1.3; +https://openai.com/gptbot)"
57.141.4.5 - - [29/Nov/2025:12:38:18 +0000] "GET /432829044.shtml HTTP/1.1" 200 57252 "-" "meta-externalagent/1.1 (+https://developers.facebook.com/docs/sharing/webmasters/crawler)"
74.7.241.32 - - [29/Nov/2025:12:38:19 +0000] "GET /362185582.phtml?dir=%2Fhome%2Feliosofonline%2Fcasacuisine.food%2Fpublic&read=%2Fhome%2Feliosofonline%2Fcasacuisine.food%2Fpublic%2Ffavicon.ico HTTP/1.1" 200 3877 "-" "Mozilla/5.0 AppleWebKit/537.36 (KHTML, like Gecko; compatible; GPTBot/1.3; +https://openai.com/gptbot)"
74.7.227.23 - - [29/Nov/2025:12:38:19 +0000] "GET /804620464.shtml?dir=%2Fhome%2Feliosofonline%2Fcasacuisine.food%2Fpublic&read=%2Fhome%2Feliosofonline%2Fcasacuisine.food%2Fpublic%2Ffavicon.ico HTTP/1.1" 200 3861 "-" "Mozilla/5.0 AppleWebKit/537.36 (KHTML, like Gecko; compatible; GPTBot/1.3; +https://openai.com/gptbot)"
66.249.75.44 - - [29/Nov/2025:12:38:20 +0000] "GET /809349760.shtml HTTP/1.1" 200 28255 "-" "Mozilla/5.0 (Linux; Android 6.0.1; Nexus 5X Build/MMB29P) AppleWebKit/537.36 (KHTML, like Gecko) Chrome/141.0.7390.122 Mobile Safari/537.36 (compatible; Googlebot/2.1; +http://www.google.com/bot.html)"
74.7.243.216 - - [29/Nov/2025:12:38:19 +0000] "GET /27312381?dir=%2F HTTP/1.1" 200 6158 "-" "Mozilla/5.0 AppleWebKit/537.36 (KHTML, like Gecko; compatible; GPTBot/1.3; +https://openai.com/gptbot)"
74.7.241.32 - - [29/Nov/2025:12:38:19 +0000] "GET /502324470.phtml?dir=%2Fhome%2Feliosofonline%2Fcasacuisine.food%2Fpublic&read=%2Fhome%2Feliosofonline%2Fcasacuisine.food%2Fpublic%2Ffavicon.ico HTTP/1.1" 200 3877 "-" "Mozilla/5.0 AppleWebKit/537.36 (KHTML, like Gecko; compatible; GPTBot/1.3; +https://openai.com/gptbot)"
74.7.227.23 - - [29/Nov/2025:12:38:19 +0000] "GET /290270056.shtml?dir=%2Fhome%2Feliosofonline%2Fcasacuisine.food%2Fpublic&read=%2Fhome%2Feliosofonline%2Fcasacuisine.food%2Fpublic%2Ffavicon.ico HTTP/1.1" 200 3861 "-" "Mozilla/5.0 AppleWebKit/537.36 (KHTML, like Gecko; compatible; GPTBot/1.3; +https://openai.com/gptbot)"
74.7.243.216 - - [29/Nov/2025:12:38:20 +0000] "GET /25413213?dir=%2F HTTP/1.1" 200 6158 "-" "Mozilla/5.0 AppleWebKit/537.36 (KHTML, like Gecko; compatible; GPTBot/1.3; +https://openai.com/gptbot)"
74.7.241.32 - - [29/Nov/2025:12:38:20 +0000] "GET /223874070.phtml?dir=%2Fhome%2Feliosofonline%2Fcasacuisine.food%2Fpublic&read=%2Fhome%2Feliosofonline%2Fcasacuisine.food%2Fpublic%2Ffavicon.ico HTTP/1.1" 200 3877 "-" "Mozilla/5.0 AppleWebKit/537.36 (KHTML, like Gecko; compatible; GPTBot/1.3; +https://openai.com/gptbot)"
74.7.227.23 - - [29/Nov/2025:12:38:20 +0000] "GET /112326004.shtml?dir=%2Fhome%2Feliosofonline%2Fcasacuisine.food%2Fpublic&read=%2Fhome%2Feliosofonline%2Fcasacuisine.food%2Fpublic%2Ffavicon.ico HTTP/1.1" 200 3861 "-" "Mozilla/5.0 AppleWebKit/537.36 (KHTML, like Gecko; compatible; GPTBot/1.3; +https://openai.com/gptbot)"
74.7.227.34 - - [29/Nov/2025:12:38:20 +0000] "GET /152840347.shtml?dir=%2Fhome%2Feliosofonline%2Fcasacuisine.food%2Fpublic&read=%2Fhome%2Feliosofonline%2Fcasacuisine.food%2Fpublic%2Ffirebase-content.txt HTTP/1.1" 200 4034 "-" "Mozilla/5.0 AppleWebKit/537.36 (KHTML, like Gecko; compatible; GPTBot/1.3; +https://openai.com/gptbot)"
74.7.243.216 - - [29/Nov/2025:12:38:21 +0000] "GET /26727797?dir=%2F HTTP/1.1" 200 6158 "-" "Mozilla/5.0 AppleWebKit/537.36 (KHTML, like Gecko; compatible; GPTBot/1.3; +https://openai.com/gptbot)"
74.7.241.32 - - [29/Nov/2025:12:38:21 +0000] "GET /430728472.phtml HTTP/1.1" 200 6164 "-" "Mozilla/5.0 AppleWebKit/537.36 (KHTML, like Gecko; compatible; GPTBot/1.3; +https://openai.com/gptbot)"
74.7.227.23 - - [29/Nov/2025:12:38:21 +0000] "GET /592949004.shtml?dir=%2Fhome%2Feliosofonline%2Fcasacuisine.food%2Fpublic&read=%2Fhome%2Feliosofonline%2Fcasacuisine.food%2Fpublic%2Ffavicon.ico HTTP/1.1" 200 3861 "-" "Mozilla/5.0 AppleWebKit/537.36 (KHTML, like Gecko; compatible; GPTBot/1.3; +https://openai.com/gptbot)"
98.83.94.113 - - [29/Nov/2025:12:38:21 +0000] "GET /?dir=/home/eliosofonline/ssl/certs&read=/home/eliosofonline/ssl/certs/pharma_eliosof_online_b04f3_ba25f_1771423029_794b1dde22ea730841a78e072daa6156.crt.cache HTTP/1.1" 200 6799 "-" "Mozilla/5.0 AppleWebKit/537.36 (KHTML, like Gecko; compatible; Amazonbot/0.1; +https://developer.amazon.com/support/amazonbot) Chrome/119.0.6045.214 Safari/537.36"
74.7.227.34 - - [29/Nov/2025:12:38:21 +0000] "GET /148123397.shtml?dir=%2Fhome%2Feliosofonline%2Fcasacuisine.food%2Fpublic&read=%2Fhome%2Feliosofonline%2Fcasacuisine.food%2Fpublic%2Ffirebase-content.txt HTTP/1.1" 200 4034 "-" "Mozilla/5.0 AppleWebKit/537.36 (KHTML, like Gecko; compatible; GPTBot/1.3; +https://openai.com/gptbot)"
74.7.243.216 - - [29/Nov/2025:12:38:22 +0000] "GET /66069249?dir=%2F HTTP/1.1" 200 6158 "-" "Mozilla/5.0 AppleWebKit/537.36 (KHTML, like Gecko; compatible; GPTBot/1.3; +https://openai.com/gptbot)"
74.7.241.32 - - [29/Nov/2025:12:38:22 +0000] "GET /323627695.phtml HTTP/1.1" 200 6164 "-" "Mozilla/5.0 AppleWebKit/537.36 (KHTML, like Gecko; compatible; GPTBot/1.3; +https://openai.com/gptbot)"
74.7.227.23 - - [29/Nov/2025:12:38:22 +0000] "GET /808466020.shtml?dir=%2Fhome%2Feliosofonline%2Fcasacuisine.food%2Fpublic&read=%2Fhome%2Feliosofonline%2Fcasacuisine.food%2Fpublic%2Ffavicon.ico HTTP/1.1" 200 3861 "-" "Mozilla/5.0 AppleWebKit/537.36 (KHTML, like Gecko; compatible; GPTBot/1.3; +https://openai.com/gptbot)"
74.7.227.34 - - [29/Nov/2025:12:38:22 +0000] "GET /190774922.shtml?dir=%2Fhome%2Feliosofonline%2Fcasacuisine.food%2Fpublic&read=%2Fhome%2Feliosofonline%2Fcasacuisine.food%2Fpublic%2Ffirebase-content.txt HTTP/1.1" 200 4034 "-" "Mozilla/5.0 AppleWebKit/537.36 (KHTML, like Gecko; compatible; GPTBot/1.3; +https://openai.com/gptbot)"
52.22.64.232 - - [29/Nov/2025:12:38:22 +0000] "GET /?dir=/home/eliosofonline/ssl/certs&read=/home/eliosofonline/ssl/certs/eete_org_eliosof_online_ecb24_dffbb_1792362966_5b55be47fda21dace1176a16377ed849.crt.cache HTTP/1.1" 200 6297 "-" "Mozilla/5.0 AppleWebKit/537.36 (KHTML, like Gecko; compatible; Amazonbot/0.1; +https://developer.amazon.com/support/amazonbot) Chrome/119.0.6045.214 Safari/537.36"
74.7.243.216 - - [29/Nov/2025:12:38:23 +0000] "GET /36334305?dir=%2F HTTP/1.1" 200 6158 "-" "Mozilla/5.0 AppleWebKit/537.36 (KHTML, like Gecko; compatible; GPTBot/1.3; +https://openai.com/gptbot)"
74.7.241.32 - - [29/Nov/2025:12:38:23 +0000] "GET /118667458.phtml HTTP/1.1" 200 6164 "-" "Mozilla/5.0 AppleWebKit/537.36 (KHTML, like Gecko; compatible; GPTBot/1.3; +https://openai.com/gptbot)"
74.7.227.23 - - [29/Nov/2025:12:38:23 +0000] "GET /124592544.shtml?dir=%2Fhome%2Feliosofonline%2Fcasacuisine.food%2Fpublic&read=%2Fhome%2Feliosofonline%2Fcasacuisine.food%2Fpublic%2Ffavicon.ico HTTP/1.1" 200 3861 "-" "Mozilla/5.0 AppleWebKit/537.36 (KHTML, like Gecko; compatible; GPTBot/1.3; +https://openai.com/gptbot)"
74.7.227.34 - - [29/Nov/2025:12:38:23 +0000] "GET /208156447.shtml?dir=%2Fhome%2Feliosofonline%2Fcasacuisine.food%2Fpublic&read=%2Fhome%2Feliosofonline%2Fcasacuisine.food%2Fpublic%2Ffirebase-content.txt HTTP/1.1" 200 4034 "-" "Mozilla/5.0 AppleWebKit/537.36 (KHTML, like Gecko; compatible; GPTBot/1.3; +https://openai.com/gptbot)"
74.7.243.216 - - [29/Nov/2025:12:38:23 +0000] "GET /40203305?dir=%2F HTTP/1.1" 200 6158 "-" "Mozilla/5.0 AppleWebKit/537.36 (KHTML, like Gecko; compatible; GPTBot/1.3; +https://openai.com/gptbot)"
74.7.241.32 - - [29/Nov/2025:12:38:24 +0000] "GET /451457678.phtml HTTP/1.1" 200 6164 "-" "Mozilla/5.0 AppleWebKit/537.36 (KHTML, like Gecko; compatible; GPTBot/1.3; +https://openai.com/gptbot)"
74.7.227.23 - - [29/Nov/2025:12:38:24 +0000] "GET /862628700.shtml?dir=%2Fhome%2Feliosofonline%2Fcasacuisine.food%2Fpublic&read=%2Fhome%2Feliosofonline%2Fcasacuisine.food%2Fpublic%2Ffavicon.ico HTTP/1.1" 200 3861 "-" "Mozilla/5.0 AppleWebKit/537.36 (KHTML, like Gecko; compatible; GPTBot/1.3; +https://openai.com/gptbot)"
57.141.4.49 - - [29/Nov/2025:12:38:24 +0000] "GET /295136060.shtml HTTP/1.1" 200 57252 "-" "meta-externalagent/1.1 (+https://developers.facebook.com/docs/sharing/webmasters/crawler)"
74.7.243.216 - - [29/Nov/2025:12:38:24 +0000] "GET /81878713?dir=%2F HTTP/1.1" 200 6158 "-" "Mozilla/5.0 AppleWebKit/537.36 (KHTML, like Gecko; compatible; GPTBot/1.3; +https://openai.com/gptbot)"
74.7.241.32 - - [29/Nov/2025:12:38:24 +0000] "GET /515694578.phtml HTTP/1.1" 200 6164 "-" "Mozilla/5.0 AppleWebKit/537.36 (KHTML, like Gecko; compatible; GPTBot/1.3; +https://openai.com/gptbot)"
74.7.227.23 - - [29/Nov/2025:12:38:24 +0000] "GET /331383128.shtml?dir=%2Fhome%2Feliosofonline%2Fcasacuisine.food%2Fpublic&read=%2Fhome%2Feliosofonline%2Fcasacuisine.food%2Fpublic%2Ffavicon.ico HTTP/1.1" 200 3861 "-" "Mozilla/5.0 AppleWebKit/537.36 (KHTML, like Gecko; compatible; GPTBot/1.3; +https://openai.com/gptbot)"
74.7.243.216 - - [29/Nov/2025:12:38:25 +0000] "GET /46400421?dir=%2F HTTP/1.1" 200 6158 "-" "Mozilla/5.0 AppleWebKit/537.36 (KHTML, like Gecko; compatible; GPTBot/1.3; +https://openai.com/gptbot)"
74.7.241.32 - - [29/Nov/2025:12:38:25 +0000] "GET /176860044.phtml HTTP/1.1" 200 6164 "-" "Mozilla/5.0 AppleWebKit/537.36 (KHTML, like Gecko; compatible; GPTBot/1.3; +https://openai.com/gptbot)"
74.7.227.23 - - [29/Nov/2025:12:38:25 +0000] "GET /352352648.shtml?dir=%2Fhome%2Feliosofonline%2Fcasacuisine.food%2Fpublic&read=%2Fhome%2Feliosofonline%2Fcasacuisine.food%2Fpublic%2Ffavicon.ico HTTP/1.1" 200 3861 "-" "Mozilla/5.0 AppleWebKit/537.36 (KHTML, like Gecko; compatible; GPTBot/1.3; +https://openai.com/gptbot)"
74.7.243.216 - - [29/Nov/2025:12:38:26 +0000] "GET /81828781?dir=%2F HTTP/1.1" 200 6158 "-" "Mozilla/5.0 AppleWebKit/537.36 (KHTML, like Gecko; compatible; GPTBot/1.3; +https://openai.com/gptbot)"
74.7.241.32 - - [29/Nov/2025:12:38:26 +0000] "GET /125439935.phtml HTTP/1.1" 200 6164 "-" "Mozilla/5.0 AppleWebKit/537.36 (KHTML, like Gecko; compatible; GPTBot/1.3; +https://openai.com/gptbot)"
74.7.227.23 - - [29/Nov/2025:12:38:26 +0000] "GET /191425024.shtml?dir=%2Fhome%2Feliosofonline%2Fcasacuisine.food%2Fpublic&read=%2Fhome%2Feliosofonline%2Fcasacuisine.food%2Fpublic%2Ffavicon.ico HTTP/1.1" 200 3861 "-" "Mozilla/5.0 AppleWebKit/537.36 (KHTML, like Gecko; compatible; GPTBot/1.3; +https://openai.com/gptbot)"
74.7.243.216 - - [29/Nov/2025:12:38:27 +0000] "GET /66219921?dir=%2F HTTP/1.1" 200 6158 "-" "Mozilla/5.0 AppleWebKit/537.36 (KHTML, like Gecko; compatible; GPTBot/1.3; +https://openai.com/gptbot)"
74.7.241.32 - - [29/Nov/2025:12:38:27 +0000] "GET /188432098.phtml HTTP/1.1" 200 6164 "-" "Mozilla/5.0 AppleWebKit/537.36 (KHTML, like Gecko; compatible; GPTBot/1.3; +https://openai.com/gptbot)"
74.7.227.23 - - [29/Nov/2025:12:38:27 +0000] "GET /627594472.shtml?dir=%2Fhome%2Feliosofonline%2Fcasacuisine.food%2Fpublic&read=%2Fhome%2Feliosofonline%2Fcasacuisine.food%2Fpublic%2Ffavicon.ico HTTP/1.1" 200 3861 "-" "Mozilla/5.0 AppleWebKit/537.36 (KHTML, like Gecko; compatible; GPTBot/1.3; +https://openai.com/gptbot)"
74.7.243.216 - - [29/Nov/2025:12:38:28 +0000] "GET /38826233?dir=%2F HTTP/1.1" 200 6158 "-" "Mozilla/5.0 AppleWebKit/537.36 (KHTML, like Gecko; compatible; GPTBot/1.3; +https://openai.com/gptbot)"
74.7.241.32 - - [29/Nov/2025:12:38:28 +0000] "GET /117675035.phtml HTTP/1.1" 200 6164 "-" "Mozilla/5.0 AppleWebKit/537.36 (KHTML, like Gecko; compatible; GPTBot/1.3; +https://openai.com/gptbot)"
74.7.227.23 - - [29/Nov/2025:12:38:28 +0000] "GET /192611924.shtml?dir=%2Fhome%2Feliosofonline%2Fcasacuisine.food%2Fpublic&read=%2Fhome%2Feliosofonline%2Fcasacuisine.food%2Fpublic%2Ffavicon.ico HTTP/1.1" 200 3861 "-" "Mozilla/5.0 AppleWebKit/537.36 (KHTML, like Gecko; compatible; GPTBot/1.3; +https://openai.com/gptbot)"
66.249.75.44 - - [29/Nov/2025:12:38:29 +0000] "GET /825634600.shtml HTTP/1.1" 200 27799 "-" "Mozilla/5.0 (Linux; Android 6.0.1; Nexus 5X Build/MMB29P) AppleWebKit/537.36 (KHTML, like Gecko) Chrome/141.0.7390.122 Mobile Safari/537.36 (compatible; Googlebot/2.1; +http://www.google.com/bot.html)"
3.218.35.239 - - [29/Nov/2025:12:38:28 +0000] "GET /?dir=/home/eliosofonline/casacuisine.food/storage/debugbar&read=/home/eliosofonline/casacuisine.food/storage/debugbar/Xfd322f4547289e9355978195375cb35d.json HTTP/1.1" 200 7730 "-" "Mozilla/5.0 AppleWebKit/537.36 (KHTML, like Gecko; compatible; Amazonbot/0.1; +https://developer.amazon.com/support/amazonbot) Chrome/119.0.6045.214 Safari/537.36"
74.7.243.216 - - [29/Nov/2025:12:38:29 +0000] "GET /26550261?dir=%2F HTTP/1.1" 200 6158 "-" "Mozilla/5.0 AppleWebKit/537.36 (KHTML, like Gecko; compatible; GPTBot/1.3; +https://openai.com/gptbot)"
74.7.241.32 - - [29/Nov/2025:12:38:29 +0000] "GET /415715246.phtml HTTP/1.1" 200 6164 "-" "Mozilla/5.0 AppleWebKit/537.36 (KHTML, like Gecko; compatible; GPTBot/1.3; +https://openai.com/gptbot)"
74.7.227.23 - - [29/Nov/2025:12:38:29 +0000] "GET /255257650.shtml?dir=%2Fhome%2Feliosofonline%2Fcasacuisine.food%2Fpublic&read=%2Fhome%2Feliosofonline%2Fcasacuisine.food%2Fpublic%2Ffavicon.ico HTTP/1.1" 200 3861 "-" "Mozilla/5.0 AppleWebKit/537.36 (KHTML, like Gecko; compatible; GPTBot/1.3; +https://openai.com/gptbot)"
3.215.221.125 - - [29/Nov/2025:12:38:29 +0000] "GET /?dir=/home/eliosofonline/mail/new&read=/home/eliosofonline/mail/new/1762885003.M303969P80650.server1.winmanyltd.com,S%3D2878,W%3D2957 HTTP/1.1" 200 4976 "-" "Mozilla/5.0 AppleWebKit/537.36 (KHTML, like Gecko; compatible; Amazonbot/0.1; +https://developer.amazon.com/support/amazonbot) Chrome/119.0.6045.214 Safari/537.36"
74.7.243.216 - - [29/Nov/2025:12:38:29 +0000] "GET /25759525?dir=%2F HTTP/1.1" 200 6158 "-" "Mozilla/5.0 AppleWebKit/537.36 (KHTML, like Gecko; compatible; GPTBot/1.3; +https://openai.com/gptbot)"
74.7.241.32 - - [29/Nov/2025:12:38:29 +0000] "GET /430728472.phtml?dir=%2Fhome%2Feliosofonline%2Fcasacuisine.food%2Fpublic&read=%2Fhome%2Feliosofonline%2Fcasacuisine.food%2Fpublic%2Ffirebase-content.txt HTTP/1.1" 200 4037 "-" "Mozilla/5.0 AppleWebKit/537.36 (KHTML, like Gecko; compatible; GPTBot/1.3; +https://openai.com/gptbot)"
74.7.227.23 - - [29/Nov/2025:12:38:30 +0000] "GET /223794790.shtml?dir=%2Fhome%2Feliosofonline%2Fcasacuisine.food%2Fpublic&read=%2Fhome%2Feliosofonline%2Fcasacuisine.food%2Fpublic%2Ffavicon.ico HTTP/1.1" 200 3861 "-" "Mozilla/5.0 AppleWebKit/537.36 (KHTML, like Gecko; compatible; GPTBot/1.3; +https://openai.com/gptbot)"
57.141.4.78 - - [29/Nov/2025:12:38:30 +0000] "GET /360118692.shtml HTTP/1.1" 200 57252 "-" "meta-externalagent/1.1 (+https://developers.facebook.com/docs/sharing/webmasters/crawler)"
74.7.243.216 - - [29/Nov/2025:12:38:30 +0000] "GET /59277329?dir=%2F HTTP/1.1" 200 6158 "-" "Mozilla/5.0 AppleWebKit/537.36 (KHTML, like Gecko; compatible; GPTBot/1.3; +https://openai.com/gptbot)"
74.7.241.32 - - [29/Nov/2025:12:38:30 +0000] "GET /430728472.phtml?dir=%2Fhome%2Feliosofonline%2Fcasacuisine.food%2Fpublic&read=%2Fhome%2Feliosofonline%2Fcasacuisine.food%2Fpublic%2Ffavicon.ico HTTP/1.1" 200 3877 "-" "Mozilla/5.0 AppleWebKit/537.36 (KHTML, like Gecko; compatible; GPTBot/1.3; +https://openai.com/gptbot)"
