[
MAINHACK
]
Mail Test
BC
Config Scan
HOME
Create...
New File
New Folder
Viewing / Editing File: casacuisine.food.eliosof.online-ssl_log
File is not writable. Editing disabled.
57.141.4.8 - - [29/Nov/2025:12:11:02 +0000] "GET /123623290.shtml HTTP/1.1" 200 57252 "-" "meta-externalagent/1.1 (+https://developers.facebook.com/docs/sharing/webmasters/crawler)"
74.7.227.34 - - [29/Nov/2025:12:11:02 +0000] "GET /374656872.shtml HTTP/1.1" 200 6159 "-" "Mozilla/5.0 AppleWebKit/537.36 (KHTML, like Gecko; compatible; GPTBot/1.3; +https://openai.com/gptbot)"
57.141.4.32 - - [29/Nov/2025:12:11:02 +0000] "GET /462762090.shtml HTTP/1.1" 200 57252 "-" "meta-externalagent/1.1 (+https://developers.facebook.com/docs/sharing/webmasters/crawler)"
74.7.241.32 - - [29/Nov/2025:12:11:02 +0000] "GET /438006120.phtml HTTP/1.1" 200 6165 "-" "Mozilla/5.0 AppleWebKit/537.36 (KHTML, like Gecko; compatible; GPTBot/1.3; +https://openai.com/gptbot)"
74.7.243.216 - - [29/Nov/2025:12:11:02 +0000] "GET /257247489?dir=%2F HTTP/1.1" 200 6158 "-" "Mozilla/5.0 AppleWebKit/537.36 (KHTML, like Gecko; compatible; GPTBot/1.3; +https://openai.com/gptbot)"
74.7.227.23 - - [29/Nov/2025:12:11:02 +0000] "GET /525265960.shtml?dir=%2Fhome%2Feliosofonline%2Fcasacuisine.food%2Fpublic&read=%2Fhome%2Feliosofonline%2Fcasacuisine.food%2Fpublic%2Ffavicon.ico HTTP/1.1" 200 3861 "-" "Mozilla/5.0 AppleWebKit/537.36 (KHTML, like Gecko; compatible; GPTBot/1.3; +https://openai.com/gptbot)"
57.141.4.49 - - [29/Nov/2025:12:11:03 +0000] "GET /261612284.shtml HTTP/1.1" 200 57252 "-" "meta-externalagent/1.1 (+https://developers.facebook.com/docs/sharing/webmasters/crawler)"
74.7.227.34 - - [29/Nov/2025:12:11:03 +0000] "GET /135942347.shtml HTTP/1.1" 200 6159 "-" "Mozilla/5.0 AppleWebKit/537.36 (KHTML, like Gecko; compatible; GPTBot/1.3; +https://openai.com/gptbot)"
74.7.241.32 - - [29/Nov/2025:12:11:03 +0000] "GET /156552387.phtml HTTP/1.1" 200 6165 "-" "Mozilla/5.0 AppleWebKit/537.36 (KHTML, like Gecko; compatible; GPTBot/1.3; +https://openai.com/gptbot)"
74.7.243.216 - - [29/Nov/2025:12:11:03 +0000] "GET /208206673?dir=%2F HTTP/1.1" 200 6158 "-" "Mozilla/5.0 AppleWebKit/537.36 (KHTML, like Gecko; compatible; GPTBot/1.3; +https://openai.com/gptbot)"
74.7.227.23 - - [29/Nov/2025:12:11:03 +0000] "GET /822087342.shtml?dir=%2Fhome%2Feliosofonline%2Fcasacuisine.food%2Fpublic&read=%2Fhome%2Feliosofonline%2Fcasacuisine.food%2Fpublic%2Ffavicon.ico HTTP/1.1" 200 3861 "-" "Mozilla/5.0 AppleWebKit/537.36 (KHTML, like Gecko; compatible; GPTBot/1.3; +https://openai.com/gptbot)"
57.141.4.62 - - [29/Nov/2025:12:11:04 +0000] "GET /200502092.shtml HTTP/1.1" 200 57252 "-" "meta-externalagent/1.1 (+https://developers.facebook.com/docs/sharing/webmasters/crawler)"
74.7.227.34 - - [29/Nov/2025:12:11:04 +0000] "GET /423668947.shtml HTTP/1.1" 200 6159 "-" "Mozilla/5.0 AppleWebKit/537.36 (KHTML, like Gecko; compatible; GPTBot/1.3; +https://openai.com/gptbot)"
57.141.4.63 - - [29/Nov/2025:12:11:04 +0000] "GET /272513174.shtml HTTP/1.1" 200 57252 "-" "meta-externalagent/1.1 (+https://developers.facebook.com/docs/sharing/webmasters/crawler)"
74.7.241.32 - - [29/Nov/2025:12:11:04 +0000] "GET /511852672.phtml HTTP/1.1" 200 6165 "-" "Mozilla/5.0 AppleWebKit/537.36 (KHTML, like Gecko; compatible; GPTBot/1.3; +https://openai.com/gptbot)"
74.7.243.216 - - [29/Nov/2025:12:11:04 +0000] "GET /320508121?dir=%2F HTTP/1.1" 200 6158 "-" "Mozilla/5.0 AppleWebKit/537.36 (KHTML, like Gecko; compatible; GPTBot/1.3; +https://openai.com/gptbot)"
74.7.227.23 - - [29/Nov/2025:12:11:04 +0000] "GET /129062724.shtml?dir=%2Fhome%2Feliosofonline%2Fcasacuisine.food%2Fpublic&read=%2Fhome%2Feliosofonline%2Fcasacuisine.food%2Fpublic%2Ffavicon.ico HTTP/1.1" 200 3861 "-" "Mozilla/5.0 AppleWebKit/537.36 (KHTML, like Gecko; compatible; GPTBot/1.3; +https://openai.com/gptbot)"
57.141.4.19 - - [29/Nov/2025:12:11:04 +0000] "GET /73023884.shtml HTTP/1.1" 200 57252 "-" "meta-externalagent/1.1 (+https://developers.facebook.com/docs/sharing/webmasters/crawler)"
74.7.227.34 - - [29/Nov/2025:12:11:05 +0000] "GET /290576372.shtml HTTP/1.1" 200 6159 "-" "Mozilla/5.0 AppleWebKit/537.36 (KHTML, like Gecko; compatible; GPTBot/1.3; +https://openai.com/gptbot)"
57.141.4.58 - - [29/Nov/2025:12:11:05 +0000] "GET /43413732.shtml HTTP/1.1" 200 57252 "-" "meta-externalagent/1.1 (+https://developers.facebook.com/docs/sharing/webmasters/crawler)"
74.7.243.216 - - [29/Nov/2025:12:11:05 +0000] "GET /428135525?dir=%2F HTTP/1.1" 200 6158 "-" "Mozilla/5.0 AppleWebKit/537.36 (KHTML, like Gecko; compatible; GPTBot/1.3; +https://openai.com/gptbot)"
74.7.227.23 - - [29/Nov/2025:12:11:05 +0000] "GET /775529974.shtml?dir=%2Fhome%2Feliosofonline%2Fcasacuisine.food%2Fpublic&read=%2Fhome%2Feliosofonline%2Fcasacuisine.food%2Fpublic%2Ffavicon.ico HTTP/1.1" 200 3861 "-" "Mozilla/5.0 AppleWebKit/537.36 (KHTML, like Gecko; compatible; GPTBot/1.3; +https://openai.com/gptbot)"
74.7.241.32 - - [29/Nov/2025:12:11:05 +0000] "GET /257996914.phtml HTTP/1.1" 200 6165 "-" "Mozilla/5.0 AppleWebKit/537.36 (KHTML, like Gecko; compatible; GPTBot/1.3; +https://openai.com/gptbot)"
57.141.4.40 - - [29/Nov/2025:12:11:05 +0000] "GET /90175018.shtml HTTP/1.1" 200 57252 "-" "meta-externalagent/1.1 (+https://developers.facebook.com/docs/sharing/webmasters/crawler)"
74.7.227.34 - - [29/Nov/2025:12:11:05 +0000] "GET /161829397.shtml HTTP/1.1" 200 6158 "-" "Mozilla/5.0 AppleWebKit/537.36 (KHTML, like Gecko; compatible; GPTBot/1.3; +https://openai.com/gptbot)"
74.7.243.216 - - [29/Nov/2025:12:11:06 +0000] "GET /291363309?dir=%2F HTTP/1.1" 200 6158 "-" "Mozilla/5.0 AppleWebKit/537.36 (KHTML, like Gecko; compatible; GPTBot/1.3; +https://openai.com/gptbot)"
74.7.227.23 - - [29/Nov/2025:12:11:06 +0000] "GET /501618622.shtml?dir=%2Fhome%2Feliosofonline%2Fcasacuisine.food%2Fpublic&read=%2Fhome%2Feliosofonline%2Fcasacuisine.food%2Fpublic%2Ffavicon.ico HTTP/1.1" 200 3861 "-" "Mozilla/5.0 AppleWebKit/537.36 (KHTML, like Gecko; compatible; GPTBot/1.3; +https://openai.com/gptbot)"
74.7.241.32 - - [29/Nov/2025:12:11:06 +0000] "GET /490380823.phtml HTTP/1.1" 200 6165 "-" "Mozilla/5.0 AppleWebKit/537.36 (KHTML, like Gecko; compatible; GPTBot/1.3; +https://openai.com/gptbot)"
57.141.4.27 - - [29/Nov/2025:12:11:06 +0000] "GET /89439712.shtml HTTP/1.1" 200 57252 "-" "meta-externalagent/1.1 (+https://developers.facebook.com/docs/sharing/webmasters/crawler)"
66.249.75.44 - - [29/Nov/2025:12:11:07 +0000] "GET /517031448.shtml HTTP/1.1" 200 26704 "-" "Mozilla/5.0 (Linux; Android 6.0.1; Nexus 5X Build/MMB29P) AppleWebKit/537.36 (KHTML, like Gecko) Chrome/141.0.7390.122 Mobile Safari/537.36 (compatible; GoogleOther)"
74.7.227.34 - - [29/Nov/2025:12:11:06 +0000] "GET /174536322.shtml HTTP/1.1" 200 6160 "-" "Mozilla/5.0 AppleWebKit/537.36 (KHTML, like Gecko; compatible; GPTBot/1.3; +https://openai.com/gptbot)"
74.7.243.216 - - [29/Nov/2025:12:11:07 +0000] "GET /425862889?dir=%2F HTTP/1.1" 200 6159 "-" "Mozilla/5.0 AppleWebKit/537.36 (KHTML, like Gecko; compatible; GPTBot/1.3; +https://openai.com/gptbot)"
74.7.227.23 - - [29/Nov/2025:12:11:07 +0000] "GET /218767768.shtml?dir=%2Fhome%2Feliosofonline%2Fcasacuisine.food%2Fpublic&read=%2Fhome%2Feliosofonline%2Fcasacuisine.food%2Fpublic%2Ffavicon.ico HTTP/1.1" 200 3861 "-" "Mozilla/5.0 AppleWebKit/537.36 (KHTML, like Gecko; compatible; GPTBot/1.3; +https://openai.com/gptbot)"
57.141.4.38 - - [29/Nov/2025:12:11:07 +0000] "GET /30276036.shtml HTTP/1.1" 200 57252 "-" "meta-externalagent/1.1 (+https://developers.facebook.com/docs/sharing/webmasters/crawler)"
74.7.241.32 - - [29/Nov/2025:12:11:07 +0000] "GET /208520745.phtml HTTP/1.1" 200 6166 "-" "Mozilla/5.0 AppleWebKit/537.36 (KHTML, like Gecko; compatible; GPTBot/1.3; +https://openai.com/gptbot)"
57.141.4.47 - - [29/Nov/2025:12:11:07 +0000] "GET /80541966.shtml HTTP/1.1" 200 57252 "-" "meta-externalagent/1.1 (+https://developers.facebook.com/docs/sharing/webmasters/crawler)"
74.7.227.34 - - [29/Nov/2025:12:11:07 +0000] "GET /417580872.shtml HTTP/1.1" 200 6160 "-" "Mozilla/5.0 AppleWebKit/537.36 (KHTML, like Gecko; compatible; GPTBot/1.3; +https://openai.com/gptbot)"
74.7.243.216 - - [29/Nov/2025:12:11:07 +0000] "GET /863308673?dir=%2F HTTP/1.1" 200 6159 "-" "Mozilla/5.0 AppleWebKit/537.36 (KHTML, like Gecko; compatible; GPTBot/1.3; +https://openai.com/gptbot)"
74.7.227.23 - - [29/Nov/2025:12:11:07 +0000] "GET /842844364.shtml?dir=%2Fhome%2Feliosofonline%2Fcasacuisine.food%2Fpublic&read=%2Fhome%2Feliosofonline%2Fcasacuisine.food%2Fpublic%2Ffavicon.ico HTTP/1.1" 200 3861 "-" "Mozilla/5.0 AppleWebKit/537.36 (KHTML, like Gecko; compatible; GPTBot/1.3; +https://openai.com/gptbot)"
74.7.241.32 - - [29/Nov/2025:12:11:08 +0000] "GET /505416674.phtml HTTP/1.1" 200 6166 "-" "Mozilla/5.0 AppleWebKit/537.36 (KHTML, like Gecko; compatible; GPTBot/1.3; +https://openai.com/gptbot)"
57.141.4.14 - - [29/Nov/2025:12:11:08 +0000] "GET /71183474.shtml HTTP/1.1" 200 57252 "-" "meta-externalagent/1.1 (+https://developers.facebook.com/docs/sharing/webmasters/crawler)"
74.7.227.34 - - [29/Nov/2025:12:11:08 +0000] "GET /486955772.shtml?dir=%2Fhome%2Feliosofonline%2Fcasacuisine.food%2Fpublic%2FpaymentGateways HTTP/1.1" 200 5211 "-" "Mozilla/5.0 AppleWebKit/537.36 (KHTML, like Gecko; compatible; GPTBot/1.3; +https://openai.com/gptbot)"
74.7.243.216 - - [29/Nov/2025:12:11:08 +0000] "GET /240419821?dir=%2F HTTP/1.1" 200 6159 "-" "Mozilla/5.0 AppleWebKit/537.36 (KHTML, like Gecko; compatible; GPTBot/1.3; +https://openai.com/gptbot)"
74.7.227.23 - - [29/Nov/2025:12:11:08 +0000] "GET /511462742.shtml?dir=%2Fhome%2Feliosofonline%2Fcasacuisine.food%2Fpublic&read=%2Fhome%2Feliosofonline%2Fcasacuisine.food%2Fpublic%2Ffavicon.ico HTTP/1.1" 200 3861 "-" "Mozilla/5.0 AppleWebKit/537.36 (KHTML, like Gecko; compatible; GPTBot/1.3; +https://openai.com/gptbot)"
74.7.241.32 - - [29/Nov/2025:12:11:08 +0000] "GET /406842083.phtml?dir=%2Fhome%2Feliosofonline%2Fcasacuisine.food%2Fpublic%2FMH_configs_20251125235234 HTTP/1.1" 200 5089 "-" "Mozilla/5.0 AppleWebKit/537.36 (KHTML, like Gecko; compatible; GPTBot/1.3; +https://openai.com/gptbot)"
66.249.75.45 - - [29/Nov/2025:12:11:09 +0000] "GET /640142722.shtml HTTP/1.1" 200 27171 "-" "Mozilla/5.0 (Linux; Android 6.0.1; Nexus 5X Build/MMB29P) AppleWebKit/537.36 (KHTML, like Gecko) Chrome/141.0.7390.122 Mobile Safari/537.36 (compatible; GoogleOther)"
74.7.227.34 - - [29/Nov/2025:12:11:09 +0000] "GET /317489097.shtml HTTP/1.1" 200 6160 "-" "Mozilla/5.0 AppleWebKit/537.36 (KHTML, like Gecko; compatible; GPTBot/1.3; +https://openai.com/gptbot)"
74.7.243.216 - - [29/Nov/2025:12:11:09 +0000] "GET /720618201?dir=%2F HTTP/1.1" 200 6159 "-" "Mozilla/5.0 AppleWebKit/537.36 (KHTML, like Gecko; compatible; GPTBot/1.3; +https://openai.com/gptbot)"
66.249.75.44 - - [29/Nov/2025:12:11:10 +0000] "GET /318623810.shtml HTTP/1.1" 200 26098 "-" "Mozilla/5.0 (Linux; Android 6.0.1; Nexus 5X Build/MMB29P) AppleWebKit/537.36 (KHTML, like Gecko) Chrome/141.0.7390.122 Mobile Safari/537.36 (compatible; Googlebot/2.1; +http://www.google.com/bot.html)"
74.7.227.23 - - [29/Nov/2025:12:11:09 +0000] "GET /152535030.shtml?dir=%2Fhome%2Feliosofonline%2Fcasacuisine.food%2Fpublic&read=%2Fhome%2Feliosofonline%2Fcasacuisine.food%2Fpublic%2Ffavicon.ico HTTP/1.1" 200 3861 "-" "Mozilla/5.0 AppleWebKit/537.36 (KHTML, like Gecko; compatible; GPTBot/1.3; +https://openai.com/gptbot)"
74.7.241.32 - - [29/Nov/2025:12:11:09 +0000] "GET /406842083.phtml?dir=%2Fhome%2Feliosofonline%2Fcasacuisine.food%2Fpublic%2Fthemes HTTP/1.1" 200 5040 "-" "Mozilla/5.0 AppleWebKit/537.36 (KHTML, like Gecko; compatible; GPTBot/1.3; +https://openai.com/gptbot)"
74.7.227.34 - - [29/Nov/2025:12:11:10 +0000] "GET /502879197.shtml HTTP/1.1" 200 6160 "-" "Mozilla/5.0 AppleWebKit/537.36 (KHTML, like Gecko; compatible; GPTBot/1.3; +https://openai.com/gptbot)"
74.7.243.216 - - [29/Nov/2025:12:11:10 +0000] "GET /463506653?dir=%2F HTTP/1.1" 200 6159 "-" "Mozilla/5.0 AppleWebKit/537.36 (KHTML, like Gecko; compatible; GPTBot/1.3; +https://openai.com/gptbot)"
74.7.227.23 - - [29/Nov/2025:12:11:10 +0000] "GET /620207664.shtml?dir=%2Fhome%2Feliosofonline%2Fcasacuisine.food%2Fpublic&read=%2Fhome%2Feliosofonline%2Fcasacuisine.food%2Fpublic%2Ffavicon.ico HTTP/1.1" 200 3861 "-" "Mozilla/5.0 AppleWebKit/537.36 (KHTML, like Gecko; compatible; GPTBot/1.3; +https://openai.com/gptbot)"
74.7.241.32 - - [29/Nov/2025:12:11:10 +0000] "GET /357067445.phtml?dir=%2Fhome%2Feliosofonline%2Fcasacuisine.food%2Fpublic%2FpaymentGateways HTTP/1.1" 200 5217 "-" "Mozilla/5.0 AppleWebKit/537.36 (KHTML, like Gecko; compatible; GPTBot/1.3; +https://openai.com/gptbot)"
74.7.227.34 - - [29/Nov/2025:12:11:11 +0000] "GET /196568297.shtml?dir=%2Fhome%2Feliosofonline%2Fcasacuisine.food%2Fpublic&read=%2Fhome%2Feliosofonline%2Fcasacuisine.food%2Fpublic%2F123.php HTTP/1.1" 200 3905 "-" "Mozilla/5.0 AppleWebKit/537.36 (KHTML, like Gecko; compatible; GPTBot/1.3; +https://openai.com/gptbot)"
74.7.243.216 - - [29/Nov/2025:12:11:11 +0000] "GET /173919741?dir=%2F HTTP/1.1" 200 6159 "-" "Mozilla/5.0 AppleWebKit/537.36 (KHTML, like Gecko; compatible; GPTBot/1.3; +https://openai.com/gptbot)"
74.7.227.23 - - [29/Nov/2025:12:11:11 +0000] "GET /722710636.shtml?dir=%2Fhome%2Feliosofonline%2Fcasacuisine.food%2Fpublic&read=%2Fhome%2Feliosofonline%2Fcasacuisine.food%2Fpublic%2Ffavicon.ico HTTP/1.1" 200 3861 "-" "Mozilla/5.0 AppleWebKit/537.36 (KHTML, like Gecko; compatible; GPTBot/1.3; +https://openai.com/gptbot)"
74.7.241.32 - - [29/Nov/2025:12:11:11 +0000] "GET /357067445.phtml?dir=%2Fhome%2Feliosofonline%2Fcasacuisine.food%2Fpublic&read=%2Fhome%2Feliosofonline%2Fcasacuisine.food%2Fpublic%2F123.php HTTP/1.1" 200 3907 "-" "Mozilla/5.0 AppleWebKit/537.36 (KHTML, like Gecko; compatible; GPTBot/1.3; +https://openai.com/gptbot)"
74.7.227.34 - - [29/Nov/2025:12:11:12 +0000] "GET /135942347.shtml?dir=%2Fhome%2Feliosofonline%2Fcasacuisine.food%2Fpublic HTTP/1.1" 200 6160 "-" "Mozilla/5.0 AppleWebKit/537.36 (KHTML, like Gecko; compatible; GPTBot/1.3; +https://openai.com/gptbot)"
66.249.75.44 - - [29/Nov/2025:12:11:12 +0000] "GET /62670112.shtml HTTP/1.1" 200 26016 "-" "Mozilla/5.0 (Linux; Android 6.0.1; Nexus 5X Build/MMB29P) AppleWebKit/537.36 (KHTML, like Gecko) Chrome/141.0.7390.122 Mobile Safari/537.36 (compatible; Googlebot/2.1; +http://www.google.com/bot.html)"
74.7.243.216 - - [29/Nov/2025:12:11:12 +0000] "GET /375329369?dir=%2F HTTP/1.1" 200 6158 "-" "Mozilla/5.0 AppleWebKit/537.36 (KHTML, like Gecko; compatible; GPTBot/1.3; +https://openai.com/gptbot)"
74.7.227.23 - - [29/Nov/2025:12:11:12 +0000] "GET /721167952.shtml?dir=%2Fhome%2Feliosofonline%2Fcasacuisine.food%2Fpublic&read=%2Fhome%2Feliosofonline%2Fcasacuisine.food%2Fpublic%2Ffavicon.ico HTTP/1.1" 200 3861 "-" "Mozilla/5.0 AppleWebKit/537.36 (KHTML, like Gecko; compatible; GPTBot/1.3; +https://openai.com/gptbot)"
74.7.241.32 - - [29/Nov/2025:12:11:12 +0000] "GET /406842083.phtml?dir=%2Fhome%2Feliosofonline%2Fcasacuisine.food%2Fpublic&read=%2Fhome%2Feliosofonline%2Fcasacuisine.food%2Fpublic%2Ffirebase-content.txt HTTP/1.1" 200 4037 "-" "Mozilla/5.0 AppleWebKit/537.36 (KHTML, like Gecko; compatible; GPTBot/1.3; +https://openai.com/gptbot)"
74.7.227.34 - - [29/Nov/2025:12:11:12 +0000] "GET /383265647.shtml HTTP/1.1" 200 6159 "-" "Mozilla/5.0 AppleWebKit/537.36 (KHTML, like Gecko; compatible; GPTBot/1.3; +https://openai.com/gptbot)"
74.7.243.216 - - [29/Nov/2025:12:11:13 +0000] "GET /123988033?dir=%2F HTTP/1.1" 200 6158 "-" "Mozilla/5.0 AppleWebKit/537.36 (KHTML, like Gecko; compatible; GPTBot/1.3; +https://openai.com/gptbot)"
74.7.227.23 - - [29/Nov/2025:12:11:13 +0000] "GET /220563276.shtml?dir=%2Fhome%2Feliosofonline%2Fcasacuisine.food%2Fpublic&read=%2Fhome%2Feliosofonline%2Fcasacuisine.food%2Fpublic%2Ffavicon.ico HTTP/1.1" 200 3861 "-" "Mozilla/5.0 AppleWebKit/537.36 (KHTML, like Gecko; compatible; GPTBot/1.3; +https://openai.com/gptbot)"
74.7.241.32 - - [29/Nov/2025:12:11:13 +0000] "GET /384546322.phtml?dir=%2Fhome%2Feliosofonline%2Fcasacuisine.food%2Fpublic&read=%2Fhome%2Feliosofonline%2Fcasacuisine.food%2Fpublic%2Ffirebase-content.txt HTTP/1.1" 200 4037 "-" "Mozilla/5.0 AppleWebKit/537.36 (KHTML, like Gecko; compatible; GPTBot/1.3; +https://openai.com/gptbot)"
74.7.227.34 - - [29/Nov/2025:12:11:13 +0000] "GET /453278072.shtml HTTP/1.1" 200 6159 "-" "Mozilla/5.0 AppleWebKit/537.36 (KHTML, like Gecko; compatible; GPTBot/1.3; +https://openai.com/gptbot)"
74.7.243.216 - - [29/Nov/2025:12:11:13 +0000] "GET /448614361?dir=%2F HTTP/1.1" 200 6158 "-" "Mozilla/5.0 AppleWebKit/537.36 (KHTML, like Gecko; compatible; GPTBot/1.3; +https://openai.com/gptbot)"
74.7.227.23 - - [29/Nov/2025:12:11:13 +0000] "GET /230041602.shtml?dir=%2Fhome%2Feliosofonline%2Fcasacuisine.food%2Fpublic&read=%2Fhome%2Feliosofonline%2Fcasacuisine.food%2Fpublic%2Ffavicon.ico HTTP/1.1" 200 3861 "-" "Mozilla/5.0 AppleWebKit/537.36 (KHTML, like Gecko; compatible; GPTBot/1.3; +https://openai.com/gptbot)"
74.7.241.32 - - [29/Nov/2025:12:11:14 +0000] "GET /511852672.phtml?dir=%2Fhome%2Feliosofonline%2Fcasacuisine.food%2Fpublic&read=%2Fhome%2Feliosofonline%2Fcasacuisine.food%2Fpublic%2Ffirebase-content.txt HTTP/1.1" 200 4037 "-" "Mozilla/5.0 AppleWebKit/537.36 (KHTML, like Gecko; compatible; GPTBot/1.3; +https://openai.com/gptbot)"
74.7.227.34 - - [29/Nov/2025:12:11:14 +0000] "GET /423650747.shtml HTTP/1.1" 200 6159 "-" "Mozilla/5.0 AppleWebKit/537.36 (KHTML, like Gecko; compatible; GPTBot/1.3; +https://openai.com/gptbot)"
74.7.227.23 - - [29/Nov/2025:12:11:14 +0000] "GET /241289410.shtml?dir=%2Fhome%2Feliosofonline%2Fcasacuisine.food%2Fpublic&read=%2Fhome%2Feliosofonline%2Fcasacuisine.food%2Fpublic%2Ffavicon.ico HTTP/1.1" 200 3861 "-" "Mozilla/5.0 AppleWebKit/537.36 (KHTML, like Gecko; compatible; GPTBot/1.3; +https://openai.com/gptbot)"
74.7.243.216 - - [29/Nov/2025:12:11:14 +0000] "GET /271019377?dir=%2F HTTP/1.1" 200 6158 "-" "Mozilla/5.0 AppleWebKit/537.36 (KHTML, like Gecko; compatible; GPTBot/1.3; +https://openai.com/gptbot)"
74.7.241.32 - - [29/Nov/2025:12:11:14 +0000] "GET /490380823.phtml?dir=%2Fhome%2Feliosofonline%2Fcasacuisine.food%2Fpublic&read=%2Fhome%2Feliosofonline%2Fcasacuisine.food%2Fpublic%2Ffirebase-content.txt HTTP/1.1" 200 4037 "-" "Mozilla/5.0 AppleWebKit/537.36 (KHTML, like Gecko; compatible; GPTBot/1.3; +https://openai.com/gptbot)"
74.7.227.34 - - [29/Nov/2025:12:11:15 +0000] "GET /219465472.shtml HTTP/1.1" 200 6159 "-" "Mozilla/5.0 AppleWebKit/537.36 (KHTML, like Gecko; compatible; GPTBot/1.3; +https://openai.com/gptbot)"
74.7.227.23 - - [29/Nov/2025:12:11:15 +0000] "GET /454925404.shtml?dir=%2Fhome%2Feliosofonline%2Fcasacuisine.food%2Fpublic&read=%2Fhome%2Feliosofonline%2Fcasacuisine.food%2Fpublic%2Ffavicon.ico HTTP/1.1" 200 3861 "-" "Mozilla/5.0 AppleWebKit/537.36 (KHTML, like Gecko; compatible; GPTBot/1.3; +https://openai.com/gptbot)"
74.7.243.216 - - [29/Nov/2025:12:11:15 +0000] "GET /551685981?dir=%2F HTTP/1.1" 200 6158 "-" "Mozilla/5.0 AppleWebKit/537.36 (KHTML, like Gecko; compatible; GPTBot/1.3; +https://openai.com/gptbot)"
74.7.241.32 - - [29/Nov/2025:12:11:15 +0000] "GET /357067445.phtml?dir=%2Fhome%2Feliosofonline%2Fcasacuisine.food%2Fpublic&read=%2Fhome%2Feliosofonline%2Fcasacuisine.food%2Fpublic%2Ffirebase-content.txt HTTP/1.1" 200 4037 "-" "Mozilla/5.0 AppleWebKit/537.36 (KHTML, like Gecko; compatible; GPTBot/1.3; +https://openai.com/gptbot)"
74.7.227.34 - - [29/Nov/2025:12:11:16 +0000] "GET /234055397.shtml HTTP/1.1" 200 6159 "-" "Mozilla/5.0 AppleWebKit/537.36 (KHTML, like Gecko; compatible; GPTBot/1.3; +https://openai.com/gptbot)"
74.7.227.23 - - [29/Nov/2025:12:11:16 +0000] "GET /694206446.shtml?dir=%2Fhome%2Feliosofonline%2Fcasacuisine.food%2Fpublic&read=%2Fhome%2Feliosofonline%2Fcasacuisine.food%2Fpublic%2Ffavicon.ico HTTP/1.1" 200 3861 "-" "Mozilla/5.0 AppleWebKit/537.36 (KHTML, like Gecko; compatible; GPTBot/1.3; +https://openai.com/gptbot)"
74.7.243.216 - - [29/Nov/2025:12:11:16 +0000] "GET /627273685?dir=%2F HTTP/1.1" 200 6158 "-" "Mozilla/5.0 AppleWebKit/537.36 (KHTML, like Gecko; compatible; GPTBot/1.3; +https://openai.com/gptbot)"
74.7.241.32 - - [29/Nov/2025:12:11:16 +0000] "GET /296231716.phtml?dir=%2Fhome%2Feliosofonline%2Fcasacuisine.food%2Fpublic&read=%2Fhome%2Feliosofonline%2Fcasacuisine.food%2Fpublic%2Ffirebase-content.txt HTTP/1.1" 200 4037 "-" "Mozilla/5.0 AppleWebKit/537.36 (KHTML, like Gecko; compatible; GPTBot/1.3; +https://openai.com/gptbot)"
74.7.227.34 - - [29/Nov/2025:12:11:17 +0000] "GET /481853997.shtml HTTP/1.1" 200 6159 "-" "Mozilla/5.0 AppleWebKit/537.36 (KHTML, like Gecko; compatible; GPTBot/1.3; +https://openai.com/gptbot)"
74.7.227.23 - - [29/Nov/2025:12:11:17 +0000] "GET /438292502.shtml?dir=%2Fhome%2Feliosofonline%2Fcasacuisine.food%2Fpublic&read=%2Fhome%2Feliosofonline%2Fcasacuisine.food%2Fpublic%2Ffavicon.ico HTTP/1.1" 200 3861 "-" "Mozilla/5.0 AppleWebKit/537.36 (KHTML, like Gecko; compatible; GPTBot/1.3; +https://openai.com/gptbot)"
74.7.243.216 - - [29/Nov/2025:12:11:17 +0000] "GET /144040257?dir=%2F HTTP/1.1" 200 6158 "-" "Mozilla/5.0 AppleWebKit/537.36 (KHTML, like Gecko; compatible; GPTBot/1.3; +https://openai.com/gptbot)"
74.7.241.32 - - [29/Nov/2025:12:11:17 +0000] "GET /438006120.phtml?dir=%2Fhome%2Feliosofonline%2Fcasacuisine.food%2Fpublic&read=%2Fhome%2Feliosofonline%2Fcasacuisine.food%2Fpublic%2Ffirebase-content.txt HTTP/1.1" 200 4037 "-" "Mozilla/5.0 AppleWebKit/537.36 (KHTML, like Gecko; compatible; GPTBot/1.3; +https://openai.com/gptbot)"
74.7.227.34 - - [29/Nov/2025:12:11:18 +0000] "GET /512928747.shtml HTTP/1.1" 200 6159 "-" "Mozilla/5.0 AppleWebKit/537.36 (KHTML, like Gecko; compatible; GPTBot/1.3; +https://openai.com/gptbot)"
74.7.227.23 - - [29/Nov/2025:12:11:18 +0000] "GET /584621542.shtml?dir=%2Fhome%2Feliosofonline%2Fcasacuisine.food%2Fpublic&read=%2Fhome%2Feliosofonline%2Fcasacuisine.food%2Fpublic%2Ffavicon.ico HTTP/1.1" 200 3861 "-" "Mozilla/5.0 AppleWebKit/537.36 (KHTML, like Gecko; compatible; GPTBot/1.3; +https://openai.com/gptbot)"
74.7.243.216 - - [29/Nov/2025:12:11:18 +0000] "GET /575097665?dir=%2F HTTP/1.1" 200 6158 "-" "Mozilla/5.0 AppleWebKit/537.36 (KHTML, like Gecko; compatible; GPTBot/1.3; +https://openai.com/gptbot)"
74.7.241.32 - - [29/Nov/2025:12:11:18 +0000] "GET /505416674.phtml?dir=%2Fhome%2Feliosofonline%2Fcasacuisine.food%2Fpublic&read=%2Fhome%2Feliosofonline%2Fcasacuisine.food%2Fpublic%2Ffirebase-content.txt HTTP/1.1" 200 4037 "-" "Mozilla/5.0 AppleWebKit/537.36 (KHTML, like Gecko; compatible; GPTBot/1.3; +https://openai.com/gptbot)"
66.249.75.44 - - [29/Nov/2025:12:11:19 +0000] "GET /693075888.shtml HTTP/1.1" 200 27046 "-" "Mozilla/5.0 (Linux; Android 6.0.1; Nexus 5X Build/MMB29P) AppleWebKit/537.36 (KHTML, like Gecko) Chrome/141.0.7390.122 Mobile Safari/537.36 (compatible; Googlebot/2.1; +http://www.google.com/bot.html)"
74.7.227.34 - - [29/Nov/2025:12:11:18 +0000] "GET /502879197.shtml?dir=%2Fhome%2Feliosofonline%2Fcasacuisine.food%2Fpublic&read=%2Fhome%2Feliosofonline%2Fcasacuisine.food%2Fpublic%2Findex.php HTTP/1.1" 200 4625 "-" "Mozilla/5.0 AppleWebKit/537.36 (KHTML, like Gecko; compatible; GPTBot/1.3; +https://openai.com/gptbot)"
74.7.227.23 - - [29/Nov/2025:12:11:19 +0000] "GET /672269960.shtml?dir=%2Fhome%2Feliosofonline%2Fcasacuisine.food%2Fpublic&read=%2Fhome%2Feliosofonline%2Fcasacuisine.food%2Fpublic%2Ffavicon.ico HTTP/1.1" 200 3861 "-" "Mozilla/5.0 AppleWebKit/537.36 (KHTML, like Gecko; compatible; GPTBot/1.3; +https://openai.com/gptbot)"
74.7.243.216 - - [29/Nov/2025:12:11:19 +0000] "GET /427572841?dir=%2F HTTP/1.1" 200 6158 "-" "Mozilla/5.0 AppleWebKit/537.36 (KHTML, like Gecko; compatible; GPTBot/1.3; +https://openai.com/gptbot)"
74.7.241.32 - - [29/Nov/2025:12:11:19 +0000] "GET /208520745.phtml?dir=%2Fhome%2Feliosofonline%2Fcasacuisine.food%2Fpublic&read=%2Fhome%2Feliosofonline%2Fcasacuisine.food%2Fpublic%2Ffirebase-content.txt HTTP/1.1" 200 4037 "-" "Mozilla/5.0 AppleWebKit/537.36 (KHTML, like Gecko; compatible; GPTBot/1.3; +https://openai.com/gptbot)"
74.7.227.34 - - [29/Nov/2025:12:11:19 +0000] "GET /245033147.shtml HTTP/1.1" 200 6159 "-" "Mozilla/5.0 AppleWebKit/537.36 (KHTML, like Gecko; compatible; GPTBot/1.3; +https://openai.com/gptbot)"
74.7.227.23 - - [29/Nov/2025:12:11:19 +0000] "GET /245412672.shtml?dir=%2Fhome%2Feliosofonline%2Fcasacuisine.food%2Fpublic&read=%2Fhome%2Feliosofonline%2Fcasacuisine.food%2Fpublic%2Ffavicon.ico HTTP/1.1" 200 3861 "-" "Mozilla/5.0 AppleWebKit/537.36 (KHTML, like Gecko; compatible; GPTBot/1.3; +https://openai.com/gptbot)"
74.7.243.216 - - [29/Nov/2025:12:11:20 +0000] "GET /256279509?dir=%2F HTTP/1.1" 200 6158 "-" "Mozilla/5.0 AppleWebKit/537.36 (KHTML, like Gecko; compatible; GPTBot/1.3; +https://openai.com/gptbot)"
74.7.241.32 - - [29/Nov/2025:12:11:20 +0000] "GET /257996914.phtml?dir=%2Fhome%2Feliosofonline%2Fcasacuisine.food%2Fpublic&read=%2Fhome%2Feliosofonline%2Fcasacuisine.food%2Fpublic%2Ffirebase-content.txt HTTP/1.1" 200 4037 "-" "Mozilla/5.0 AppleWebKit/537.36 (KHTML, like Gecko; compatible; GPTBot/1.3; +https://openai.com/gptbot)"
74.7.227.34 - - [29/Nov/2025:12:11:20 +0000] "GET /119865447.shtml HTTP/1.1" 200 6159 "-" "Mozilla/5.0 AppleWebKit/537.36 (KHTML, like Gecko; compatible; GPTBot/1.3; +https://openai.com/gptbot)"
74.7.243.216 - - [29/Nov/2025:12:11:20 +0000] "GET /404549809?dir=%2F HTTP/1.1" 200 6158 "-" "Mozilla/5.0 AppleWebKit/537.36 (KHTML, like Gecko; compatible; GPTBot/1.3; +https://openai.com/gptbot)"
74.7.227.23 - - [29/Nov/2025:12:11:20 +0000] "GET /252880704.shtml?dir=%2Fhome%2Feliosofonline%2Fcasacuisine.food%2Fpublic&read=%2Fhome%2Feliosofonline%2Fcasacuisine.food%2Fpublic%2Ffavicon.ico HTTP/1.1" 200 3861 "-" "Mozilla/5.0 AppleWebKit/537.36 (KHTML, like Gecko; compatible; GPTBot/1.3; +https://openai.com/gptbot)"
74.7.241.32 - - [29/Nov/2025:12:11:20 +0000] "GET /156552387.phtml?dir=%2Fhome%2Feliosofonline%2Fcasacuisine.food%2Fpublic&read=%2Fhome%2Feliosofonline%2Fcasacuisine.food%2Fpublic%2Ffirebase-content.txt HTTP/1.1" 200 4037 "-" "Mozilla/5.0 AppleWebKit/537.36 (KHTML, like Gecko; compatible; GPTBot/1.3; +https://openai.com/gptbot)"
74.7.227.34 - - [29/Nov/2025:12:11:21 +0000] "GET /505621797.shtml HTTP/1.1" 200 6159 "-" "Mozilla/5.0 AppleWebKit/537.36 (KHTML, like Gecko; compatible; GPTBot/1.3; +https://openai.com/gptbot)"
74.7.243.216 - - [29/Nov/2025:12:11:21 +0000] "GET /702527049?dir=%2F HTTP/1.1" 200 6158 "-" "Mozilla/5.0 AppleWebKit/537.36 (KHTML, like Gecko; compatible; GPTBot/1.3; +https://openai.com/gptbot)"
74.7.227.23 - - [29/Nov/2025:12:11:21 +0000] "GET /621107992.shtml?dir=%2Fhome%2Feliosofonline%2Fcasacuisine.food%2Fpublic&read=%2Fhome%2Feliosofonline%2Fcasacuisine.food%2Fpublic%2Ffavicon.ico HTTP/1.1" 200 3861 "-" "Mozilla/5.0 AppleWebKit/537.36 (KHTML, like Gecko; compatible; GPTBot/1.3; +https://openai.com/gptbot)"
74.7.241.32 - - [29/Nov/2025:12:11:21 +0000] "GET /357067445.phtml?dir=%2Fhome%2Feliosofonline%2Fcasacuisine.food%2Fpublic%2FpaymentGateways&read=%2Fhome%2Feliosofonline%2Fcasacuisine.food%2Fpublic%2FpaymentGateways%2Fpayment.js HTTP/1.1" 200 4206 "-" "Mozilla/5.0 AppleWebKit/537.36 (KHTML, like Gecko; compatible; GPTBot/1.3; +https://openai.com/gptbot)"
74.7.227.34 - - [29/Nov/2025:12:11:22 +0000] "GET /216889472.shtml HTTP/1.1" 200 6159 "-" "Mozilla/5.0 AppleWebKit/537.36 (KHTML, like Gecko; compatible; GPTBot/1.3; +https://openai.com/gptbot)"
74.7.243.216 - - [29/Nov/2025:12:11:22 +0000] "GET /287418681?dir=%2F HTTP/1.1" 200 6158 "-" "Mozilla/5.0 AppleWebKit/537.36 (KHTML, like Gecko; compatible; GPTBot/1.3; +https://openai.com/gptbot)"
74.7.227.23 - - [29/Nov/2025:12:11:22 +0000] "GET /729449082.shtml?dir=%2Fhome%2Feliosofonline%2Fcasacuisine.food%2Fpublic&read=%2Fhome%2Feliosofonline%2Fcasacuisine.food%2Fpublic%2Ffavicon.ico HTTP/1.1" 200 3861 "-" "Mozilla/5.0 AppleWebKit/537.36 (KHTML, like Gecko; compatible; GPTBot/1.3; +https://openai.com/gptbot)"
74.7.241.32 - - [29/Nov/2025:12:11:22 +0000] "GET /511852672.phtml?dir=%2Fhome%2Feliosofonline%2Fcasacuisine.food%2Fpublic&read=%2Fhome%2Feliosofonline%2Fcasacuisine.food%2Fpublic%2Ffavicon.ico HTTP/1.1" 200 3877 "-" "Mozilla/5.0 AppleWebKit/537.36 (KHTML, like Gecko; compatible; GPTBot/1.3; +https://openai.com/gptbot)"
74.7.227.34 - - [29/Nov/2025:12:11:23 +0000] "GET /506115297.shtml HTTP/1.1" 200 6159 "-" "Mozilla/5.0 AppleWebKit/537.36 (KHTML, like Gecko; compatible; GPTBot/1.3; +https://openai.com/gptbot)"
74.7.243.216 - - [29/Nov/2025:12:11:23 +0000] "GET /233011781?dir=%2F HTTP/1.1" 200 6158 "-" "Mozilla/5.0 AppleWebKit/537.36 (KHTML, like Gecko; compatible; GPTBot/1.3; +https://openai.com/gptbot)"
74.7.227.23 - - [29/Nov/2025:12:11:23 +0000] "GET /118511612.shtml?dir=%2Fhome%2Feliosofonline%2Fcasacuisine.food%2Fpublic&read=%2Fhome%2Feliosofonline%2Fcasacuisine.food%2Fpublic%2Ffavicon.ico HTTP/1.1" 200 3861 "-" "Mozilla/5.0 AppleWebKit/537.36 (KHTML, like Gecko; compatible; GPTBot/1.3; +https://openai.com/gptbot)"
74.7.241.32 - - [29/Nov/2025:12:11:23 +0000] "GET /156552387.phtml?dir=%2Fhome%2Feliosofonline%2Fcasacuisine.food%2Fpublic&read=%2Fhome%2Feliosofonline%2Fcasacuisine.food%2Fpublic%2Ffavicon.ico HTTP/1.1" 200 3877 "-" "Mozilla/5.0 AppleWebKit/537.36 (KHTML, like Gecko; compatible; GPTBot/1.3; +https://openai.com/gptbot)"
74.7.227.34 - - [29/Nov/2025:12:11:23 +0000] "GET /438543072.shtml HTTP/1.1" 200 6159 "-" "Mozilla/5.0 AppleWebKit/537.36 (KHTML, like Gecko; compatible; GPTBot/1.3; +https://openai.com/gptbot)"
74.7.243.216 - - [29/Nov/2025:12:11:24 +0000] "GET /478825849?dir=%2F HTTP/1.1" 200 6158 "-" "Mozilla/5.0 AppleWebKit/537.36 (KHTML, like Gecko; compatible; GPTBot/1.3; +https://openai.com/gptbot)"
74.7.227.23 - - [29/Nov/2025:12:11:24 +0000] "GET /217550266.shtml?dir=%2Fhome%2Feliosofonline%2Fcasacuisine.food%2Fpublic&read=%2Fhome%2Feliosofonline%2Fcasacuisine.food%2Fpublic%2Ffavicon.ico HTTP/1.1" 200 3861 "-" "Mozilla/5.0 AppleWebKit/537.36 (KHTML, like Gecko; compatible; GPTBot/1.3; +https://openai.com/gptbot)"
74.7.241.32 - - [29/Nov/2025:12:11:24 +0000] "GET /296231716.phtml?dir=%2Fhome%2Feliosofonline%2Fcasacuisine.food%2Fpublic&read=%2Fhome%2Feliosofonline%2Fcasacuisine.food%2Fpublic%2Ffavicon.ico HTTP/1.1" 200 3877 "-" "Mozilla/5.0 AppleWebKit/537.36 (KHTML, like Gecko; compatible; GPTBot/1.3; +https://openai.com/gptbot)"
74.7.227.34 - - [29/Nov/2025:12:11:24 +0000] "GET /234055397.shtml?dir=%2Fhome%2Feliosofonline%2Fcasacuisine.food%2Fpublic&read=%2Fhome%2Feliosofonline%2Fcasacuisine.food%2Fpublic%2F.htaccess HTTP/1.1" 200 4137 "-" "Mozilla/5.0 AppleWebKit/537.36 (KHTML, like Gecko; compatible; GPTBot/1.3; +https://openai.com/gptbot)"
74.7.243.216 - - [29/Nov/2025:12:11:25 +0000] "GET /546449253?dir=%2F HTTP/1.1" 200 6158 "-" "Mozilla/5.0 AppleWebKit/537.36 (KHTML, like Gecko; compatible; GPTBot/1.3; +https://openai.com/gptbot)"
74.7.227.23 - - [29/Nov/2025:12:11:25 +0000] "GET /729942146.shtml?dir=%2Fhome%2Feliosofonline%2Fcasacuisine.food%2Fpublic&read=%2Fhome%2Feliosofonline%2Fcasacuisine.food%2Fpublic%2Ffavicon.ico HTTP/1.1" 200 3861 "-" "Mozilla/5.0 AppleWebKit/537.36 (KHTML, like Gecko; compatible; GPTBot/1.3; +https://openai.com/gptbot)"
74.7.241.32 - - [29/Nov/2025:12:11:25 +0000] "GET /438006120.phtml?dir=%2Fhome%2Feliosofonline%2Fcasacuisine.food%2Fpublic&read=%2Fhome%2Feliosofonline%2Fcasacuisine.food%2Fpublic%2Ffavicon.ico HTTP/1.1" 200 3877 "-" "Mozilla/5.0 AppleWebKit/537.36 (KHTML, like Gecko; compatible; GPTBot/1.3; +https://openai.com/gptbot)"
74.7.227.34 - - [29/Nov/2025:12:11:25 +0000] "GET /351889547.shtml HTTP/1.1" 200 6159 "-" "Mozilla/5.0 AppleWebKit/537.36 (KHTML, like Gecko; compatible; GPTBot/1.3; +https://openai.com/gptbot)"
74.7.243.216 - - [29/Nov/2025:12:11:25 +0000] "GET /154580581?dir=%2F HTTP/1.1" 200 6158 "-" "Mozilla/5.0 AppleWebKit/537.36 (KHTML, like Gecko; compatible; GPTBot/1.3; +https://openai.com/gptbot)"
74.7.227.23 - - [29/Nov/2025:12:11:25 +0000] "GET /806005562.shtml?dir=%2Fhome%2Feliosofonline%2Fcasacuisine.food%2Fpublic&read=%2Fhome%2Feliosofonline%2Fcasacuisine.food%2Fpublic%2Ffavicon.ico HTTP/1.1" 200 3861 "-" "Mozilla/5.0 AppleWebKit/537.36 (KHTML, like Gecko; compatible; GPTBot/1.3; +https://openai.com/gptbot)"
74.7.241.32 - - [29/Nov/2025:12:11:26 +0000] "GET /208520745.phtml?dir=%2Fhome%2Feliosofonline%2Fcasacuisine.food%2Fpublic&read=%2Fhome%2Feliosofonline%2Fcasacuisine.food%2Fpublic%2Ffavicon.ico HTTP/1.1" 200 3877 "-" "Mozilla/5.0 AppleWebKit/537.36 (KHTML, like Gecko; compatible; GPTBot/1.3; +https://openai.com/gptbot)"
74.7.227.34 - - [29/Nov/2025:12:11:26 +0000] "GET /420524197.shtml HTTP/1.1" 200 6159 "-" "Mozilla/5.0 AppleWebKit/537.36 (KHTML, like Gecko; compatible; GPTBot/1.3; +https://openai.com/gptbot)"
74.7.243.216 - - [29/Nov/2025:12:11:26 +0000] "GET /643868337?dir=%2F HTTP/1.1" 200 6158 "-" "Mozilla/5.0 AppleWebKit/537.36 (KHTML, like Gecko; compatible; GPTBot/1.3; +https://openai.com/gptbot)"
74.7.227.23 - - [29/Nov/2025:12:11:26 +0000] "GET /336463632.shtml?dir=%2Fhome%2Feliosofonline%2Fcasacuisine.food%2Fpublic&read=%2Fhome%2Feliosofonline%2Fcasacuisine.food%2Fpublic%2Ffavicon.ico HTTP/1.1" 200 3861 "-" "Mozilla/5.0 AppleWebKit/537.36 (KHTML, like Gecko; compatible; GPTBot/1.3; +https://openai.com/gptbot)"
74.7.241.32 - - [29/Nov/2025:12:11:26 +0000] "GET /490380823.phtml?dir=%2Fhome%2Feliosofonline%2Fcasacuisine.food%2Fpublic&read=%2Fhome%2Feliosofonline%2Fcasacuisine.food%2Fpublic%2Ffavicon.ico HTTP/1.1" 200 3877 "-" "Mozilla/5.0 AppleWebKit/537.36 (KHTML, like Gecko; compatible; GPTBot/1.3; +https://openai.com/gptbot)"
66.249.75.44 - - [29/Nov/2025:12:11:27 +0000] "GET /770377398.shtml HTTP/1.1" 200 29309 "-" "Mozilla/5.0 (Linux; Android 6.0.1; Nexus 5X Build/MMB29P) AppleWebKit/537.36 (KHTML, like Gecko) Chrome/141.0.7390.122 Mobile Safari/537.36 (compatible; Googlebot/2.1; +http://www.google.com/bot.html)"
74.7.227.34 - - [29/Nov/2025:12:11:27 +0000] "GET /399468022.shtml HTTP/1.1" 200 6159 "-" "Mozilla/5.0 AppleWebKit/537.36 (KHTML, like Gecko; compatible; GPTBot/1.3; +https://openai.com/gptbot)"
74.7.243.216 - - [29/Nov/2025:12:11:27 +0000] "GET /122508177?dir=%2F HTTP/1.1" 200 6158 "-" "Mozilla/5.0 AppleWebKit/537.36 (KHTML, like Gecko; compatible; GPTBot/1.3; +https://openai.com/gptbot)"
74.7.227.23 - - [29/Nov/2025:12:11:27 +0000] "GET /634912926.shtml?dir=%2Fhome%2Feliosofonline%2Fcasacuisine.food%2Fpublic&read=%2Fhome%2Feliosofonline%2Fcasacuisine.food%2Fpublic%2Ffavicon.ico HTTP/1.1" 200 3861 "-" "Mozilla/5.0 AppleWebKit/537.36 (KHTML, like Gecko; compatible; GPTBot/1.3; +https://openai.com/gptbot)"
74.7.241.32 - - [29/Nov/2025:12:11:27 +0000] "GET /384546322.phtml?dir=%2Fhome%2Feliosofonline%2Fcasacuisine.food%2Fpublic&read=%2Fhome%2Feliosofonline%2Fcasacuisine.food%2Fpublic%2Ffavicon.ico HTTP/1.1" 200 3877 "-" "Mozilla/5.0 AppleWebKit/537.36 (KHTML, like Gecko; compatible; GPTBot/1.3; +https://openai.com/gptbot)"
74.7.227.34 - - [29/Nov/2025:12:11:28 +0000] "GET /346012172.shtml HTTP/1.1" 200 6159 "-" "Mozilla/5.0 AppleWebKit/537.36 (KHTML, like Gecko; compatible; GPTBot/1.3; +https://openai.com/gptbot)"
74.7.243.216 - - [29/Nov/2025:12:11:28 +0000] "GET /488314389?dir=%2F HTTP/1.1" 200 6158 "-" "Mozilla/5.0 AppleWebKit/537.36 (KHTML, like Gecko; compatible; GPTBot/1.3; +https://openai.com/gptbot)"
74.7.227.23 - - [29/Nov/2025:12:11:28 +0000] "GET /751270024.shtml?dir=%2Fhome%2Feliosofonline%2Fcasacuisine.food%2Fpublic&read=%2Fhome%2Feliosofonline%2Fcasacuisine.food%2Fpublic%2Ffavicon.ico HTTP/1.1" 200 3861 "-" "Mozilla/5.0 AppleWebKit/537.36 (KHTML, like Gecko; compatible; GPTBot/1.3; +https://openai.com/gptbot)"
74.7.241.32 - - [29/Nov/2025:12:11:28 +0000] "GET /257996914.phtml?dir=%2Fhome%2Feliosofonline%2Fcasacuisine.food%2Fpublic&read=%2Fhome%2Feliosofonline%2Fcasacuisine.food%2Fpublic%2Ffavicon.ico HTTP/1.1" 200 3877 "-" "Mozilla/5.0 AppleWebKit/537.36 (KHTML, like Gecko; compatible; GPTBot/1.3; +https://openai.com/gptbot)"
74.7.227.34 - - [29/Nov/2025:12:11:29 +0000] "GET /350704622.shtml HTTP/1.1" 200 6159 "-" "Mozilla/5.0 AppleWebKit/537.36 (KHTML, like Gecko; compatible; GPTBot/1.3; +https://openai.com/gptbot)"
74.7.243.216 - - [29/Nov/2025:12:11:29 +0000] "GET /338644241?dir=%2F HTTP/1.1" 200 6158 "-" "Mozilla/5.0 AppleWebKit/537.36 (KHTML, like Gecko; compatible; GPTBot/1.3; +https://openai.com/gptbot)"
74.7.227.23 - - [29/Nov/2025:12:11:29 +0000] "GET /630872032.shtml?dir=%2Fhome%2Feliosofonline%2Fcasacuisine.food%2Fpublic&read=%2Fhome%2Feliosofonline%2Fcasacuisine.food%2Fpublic%2Ffavicon.ico HTTP/1.1" 200 3861 "-" "Mozilla/5.0 AppleWebKit/537.36 (KHTML, like Gecko; compatible; GPTBot/1.3; +https://openai.com/gptbot)"
74.7.241.32 - - [29/Nov/2025:12:11:29 +0000] "GET /406842083.phtml?dir=%2Fhome%2Feliosofonline%2Fcasacuisine.food%2Fpublic&read=%2Fhome%2Feliosofonline%2Fcasacuisine.food%2Fpublic%2Ffavicon.ico HTTP/1.1" 200 3877 "-" "Mozilla/5.0 AppleWebKit/537.36 (KHTML, like Gecko; compatible; GPTBot/1.3; +https://openai.com/gptbot)"
74.7.227.34 - - [29/Nov/2025:12:11:29 +0000] "GET /394761922.shtml HTTP/1.1" 200 6159 "-" "Mozilla/5.0 AppleWebKit/537.36 (KHTML, like Gecko; compatible; GPTBot/1.3; +https://openai.com/gptbot)"
74.7.243.216 - - [29/Nov/2025:12:11:30 +0000] "GET /282018433?dir=%2F HTTP/1.1" 200 6158 "-" "Mozilla/5.0 AppleWebKit/537.36 (KHTML, like Gecko; compatible; GPTBot/1.3; +https://openai.com/gptbot)"
74.7.227.23 - - [29/Nov/2025:12:11:30 +0000] "GET /292678462.shtml?dir=%2Fhome%2Feliosofonline%2Fcasacuisine.food%2Fpublic&read=%2Fhome%2Feliosofonline%2Fcasacuisine.food%2Fpublic%2Ffavicon.ico HTTP/1.1" 200 3861 "-" "Mozilla/5.0 AppleWebKit/537.36 (KHTML, like Gecko; compatible; GPTBot/1.3; +https://openai.com/gptbot)"
74.7.241.32 - - [29/Nov/2025:12:11:30 +0000] "GET /338361457.phtml HTTP/1.1" 200 6165 "-" "Mozilla/5.0 AppleWebKit/537.36 (KHTML, like Gecko; compatible; GPTBot/1.3; +https://openai.com/gptbot)"
74.7.227.34 - - [29/Nov/2025:12:11:30 +0000] "GET /495789072.shtml HTTP/1.1" 200 6159 "-" "Mozilla/5.0 AppleWebKit/537.36 (KHTML, like Gecko; compatible; GPTBot/1.3; +https://openai.com/gptbot)"
74.7.243.216 - - [29/Nov/2025:12:11:30 +0000] "GET /158398189?dir=%2F HTTP/1.1" 200 6158 "-" "Mozilla/5.0 AppleWebKit/537.36 (KHTML, like Gecko; compatible; GPTBot/1.3; +https://openai.com/gptbot)"
74.7.227.23 - - [29/Nov/2025:12:11:31 +0000] "GET /488640228.shtml?dir=%2Fhome%2Feliosofonline%2Fcasacuisine.food%2Fpublic&read=%2Fhome%2Feliosofonline%2Fcasacuisine.food%2Fpublic%2Ffavicon.ico HTTP/1.1" 200 3861 "-" "Mozilla/5.0 AppleWebKit/537.36 (KHTML, like Gecko; compatible; GPTBot/1.3; +https://openai.com/gptbot)"
74.7.241.32 - - [29/Nov/2025:12:11:31 +0000] "GET /197034304.phtml HTTP/1.1" 200 6165 "-" "Mozilla/5.0 AppleWebKit/537.36 (KHTML, like Gecko; compatible; GPTBot/1.3; +https://openai.com/gptbot)"
74.7.227.34 - - [29/Nov/2025:12:11:31 +0000] "GET /216889472.shtml?dir=%2Fhome%2Feliosofonline%2Fcasacuisine.food%2Fpublic&read=%2Fhome%2Feliosofonline%2Fcasacuisine.food%2Fpublic%2F.gitignore HTTP/1.1" 200 3886 "-" "Mozilla/5.0 AppleWebKit/537.36 (KHTML, like Gecko; compatible; GPTBot/1.3; +https://openai.com/gptbot)"
74.7.243.216 - - [29/Nov/2025:12:11:31 +0000] "GET /438472033?dir=%2F HTTP/1.1" 200 6158 "-" "Mozilla/5.0 AppleWebKit/537.36 (KHTML, like Gecko; compatible; GPTBot/1.3; +https://openai.com/gptbot)"
66.249.75.44 - - [29/Nov/2025:12:11:32 +0000] "GET /58211944.shtml HTTP/1.1" 200 26236 "-" "Mozilla/5.0 (Linux; Android 6.0.1; Nexus 5X Build/MMB29P) AppleWebKit/537.36 (KHTML, like Gecko) Chrome/141.0.7390.122 Mobile Safari/537.36 (compatible; Googlebot/2.1; +http://www.google.com/bot.html)"
74.7.227.23 - - [29/Nov/2025:12:11:31 +0000] "GET /573422926.shtml?dir=%2Fhome%2Feliosofonline%2Fcasacuisine.food%2Fpublic&read=%2Fhome%2Feliosofonline%2Fcasacuisine.food%2Fpublic%2Ffavicon.ico HTTP/1.1" 200 3861 "-" "Mozilla/5.0 AppleWebKit/537.36 (KHTML, like Gecko; compatible; GPTBot/1.3; +https://openai.com/gptbot)"
74.7.241.32 - - [29/Nov/2025:12:11:31 +0000] "GET /549539406.phtml HTTP/1.1" 200 6165 "-" "Mozilla/5.0 AppleWebKit/537.36 (KHTML, like Gecko; compatible; GPTBot/1.3; +https://openai.com/gptbot)"
74.7.227.34 - - [29/Nov/2025:12:11:32 +0000] "GET /219665147.shtml HTTP/1.1" 200 6159 "-" "Mozilla/5.0 AppleWebKit/537.36 (KHTML, like Gecko; compatible; GPTBot/1.3; +https://openai.com/gptbot)"
74.7.243.216 - - [29/Nov/2025:12:11:32 +0000] "GET /744597241?dir=%2F HTTP/1.1" 200 6158 "-" "Mozilla/5.0 AppleWebKit/537.36 (KHTML, like Gecko; compatible; GPTBot/1.3; +https://openai.com/gptbot)"
74.7.227.23 - - [29/Nov/2025:12:11:32 +0000] "GET /352378388.shtml?dir=%2Fhome%2Feliosofonline%2Fcasacuisine.food%2Fpublic&read=%2Fhome%2Feliosofonline%2Fcasacuisine.food%2Fpublic%2Ffavicon.ico HTTP/1.1" 200 3861 "-" "Mozilla/5.0 AppleWebKit/537.36 (KHTML, like Gecko; compatible; GPTBot/1.3; +https://openai.com/gptbot)"
74.7.241.32 - - [29/Nov/2025:12:11:32 +0000] "GET /356520101.phtml HTTP/1.1" 200 6165 "-" "Mozilla/5.0 AppleWebKit/537.36 (KHTML, like Gecko; compatible; GPTBot/1.3; +https://openai.com/gptbot)"
74.7.227.34 - - [29/Nov/2025:12:11:33 +0000] "GET /214679047.shtml HTTP/1.1" 200 6159 "-" "Mozilla/5.0 AppleWebKit/537.36 (KHTML, like Gecko; compatible; GPTBot/1.3; +https://openai.com/gptbot)"
74.7.243.216 - - [29/Nov/2025:12:11:33 +0000] "GET /445497553?dir=%2F HTTP/1.1" 200 6158 "-" "Mozilla/5.0 AppleWebKit/537.36 (KHTML, like Gecko; compatible; GPTBot/1.3; +https://openai.com/gptbot)"
74.7.227.23 - - [29/Nov/2025:12:11:33 +0000] "GET /338208804.shtml?dir=%2Fhome%2Feliosofonline%2Fcasacuisine.food%2Fpublic&read=%2Fhome%2Feliosofonline%2Fcasacuisine.food%2Fpublic%2Ffavicon.ico HTTP/1.1" 200 3861 "-" "Mozilla/5.0 AppleWebKit/537.36 (KHTML, like Gecko; compatible; GPTBot/1.3; +https://openai.com/gptbot)"
74.7.241.32 - - [29/Nov/2025:12:11:33 +0000] "GET /340356077.phtml HTTP/1.1" 200 6165 "-" "Mozilla/5.0 AppleWebKit/537.36 (KHTML, like Gecko; compatible; GPTBot/1.3; +https://openai.com/gptbot)"
74.7.227.34 - - [29/Nov/2025:12:11:34 +0000] "GET /229103947.shtml HTTP/1.1" 200 6159 "-" "Mozilla/5.0 AppleWebKit/537.36 (KHTML, like Gecko; compatible; GPTBot/1.3; +https://openai.com/gptbot)"
74.7.243.216 - - [29/Nov/2025:12:11:34 +0000] "GET /581229957?dir=%2F HTTP/1.1" 200 6158 "-" "Mozilla/5.0 AppleWebKit/537.36 (KHTML, like Gecko; compatible; GPTBot/1.3; +https://openai.com/gptbot)"
74.7.227.23 - - [29/Nov/2025:12:11:34 +0000] "GET /162378292.shtml?dir=%2Fhome%2Feliosofonline%2Fcasacuisine.food%2Fpublic&read=%2Fhome%2Feliosofonline%2Fcasacuisine.food%2Fpublic%2Ffavicon.ico HTTP/1.1" 200 3861 "-" "Mozilla/5.0 AppleWebKit/537.36 (KHTML, like Gecko; compatible; GPTBot/1.3; +https://openai.com/gptbot)"
74.7.241.32 - - [29/Nov/2025:12:11:34 +0000] "GET /224057785.phtml HTTP/1.1" 200 6165 "-" "Mozilla/5.0 AppleWebKit/537.36 (KHTML, like Gecko; compatible; GPTBot/1.3; +https://openai.com/gptbot)"
74.7.227.34 - - [29/Nov/2025:12:11:35 +0000] "GET /527053697.shtml HTTP/1.1" 200 6159 "-" "Mozilla/5.0 AppleWebKit/537.36 (KHTML, like Gecko; compatible; GPTBot/1.3; +https://openai.com/gptbot)"
74.7.243.216 - - [29/Nov/2025:12:11:35 +0000] "GET /162946965?dir=%2F HTTP/1.1" 200 6158 "-" "Mozilla/5.0 AppleWebKit/537.36 (KHTML, like Gecko; compatible; GPTBot/1.3; +https://openai.com/gptbot)"
66.249.75.44 - - [29/Nov/2025:12:11:35 +0000] "GET /188731476.shtml HTTP/1.1" 200 26696 "-" "Mozilla/5.0 (Linux; Android 6.0.1; Nexus 5X Build/MMB29P) AppleWebKit/537.36 (KHTML, like Gecko) Chrome/141.0.7390.122 Mobile Safari/537.36 (compatible; GoogleOther)"
74.7.227.23 - - [29/Nov/2025:12:11:35 +0000] "GET /220964248.shtml?dir=%2Fhome%2Feliosofonline%2Fcasacuisine.food%2Fpublic&read=%2Fhome%2Feliosofonline%2Fcasacuisine.food%2Fpublic%2Ffavicon.ico HTTP/1.1" 200 3861 "-" "Mozilla/5.0 AppleWebKit/537.36 (KHTML, like Gecko; compatible; GPTBot/1.3; +https://openai.com/gptbot)"
74.7.241.32 - - [29/Nov/2025:12:11:35 +0000] "GET /403922734.phtml HTTP/1.1" 200 6165 "-" "Mozilla/5.0 AppleWebKit/537.36 (KHTML, like Gecko; compatible; GPTBot/1.3; +https://openai.com/gptbot)"
74.7.227.34 - - [29/Nov/2025:12:11:35 +0000] "GET /399468022.shtml?dir=%2Fhome%2Feliosofonline%2Fcasacuisine.food%2Fpublic&read=%2Fhome%2Feliosofonline%2Fcasacuisine.food%2Fpublic%2F.htaccess HTTP/1.1" 200 4137 "-" "Mozilla/5.0 AppleWebKit/537.36 (KHTML, like Gecko; compatible; GPTBot/1.3; +https://openai.com/gptbot)"
74.7.243.216 - - [29/Nov/2025:12:11:36 +0000] "GET /512435633?dir=%2F HTTP/1.1" 200 6158 "-" "Mozilla/5.0 AppleWebKit/537.36 (KHTML, like Gecko; compatible; GPTBot/1.3; +https://openai.com/gptbot)"
74.7.227.23 - - [29/Nov/2025:12:11:36 +0000] "GET /660522510.shtml?dir=%2Fhome%2Feliosofonline%2Fcasacuisine.food%2Fpublic&read=%2Fhome%2Feliosofonline%2Fcasacuisine.food%2Fpublic%2Ffavicon.ico HTTP/1.1" 200 3861 "-" "Mozilla/5.0 AppleWebKit/537.36 (KHTML, like Gecko; compatible; GPTBot/1.3; +https://openai.com/gptbot)"
74.7.241.32 - - [29/Nov/2025:12:11:36 +0000] "GET /531193065.phtml HTTP/1.1" 200 6165 "-" "Mozilla/5.0 AppleWebKit/537.36 (KHTML, like Gecko; compatible; GPTBot/1.3; +https://openai.com/gptbot)"
74.7.227.34 - - [29/Nov/2025:12:11:36 +0000] "GET /399468022.shtml?dir=%2Fhome%2Feliosofonline%2Fcasacuisine.food%2Fpublic&read=%2Fhome%2Feliosofonline%2Fcasacuisine.food%2Fpublic%2Fmix-manifest.json HTTP/1.1" 200 3908 "-" "Mozilla/5.0 AppleWebKit/537.36 (KHTML, like Gecko; compatible; GPTBot/1.3; +https://openai.com/gptbot)"
74.7.243.216 - - [29/Nov/2025:12:11:36 +0000] "GET /672982197?dir=%2F HTTP/1.1" 200 6158 "-" "Mozilla/5.0 AppleWebKit/537.36 (KHTML, like Gecko; compatible; GPTBot/1.3; +https://openai.com/gptbot)"
74.7.227.23 - - [29/Nov/2025:12:11:36 +0000] "GET /637274428.shtml?dir=%2Fhome%2Feliosofonline%2Fcasacuisine.food%2Fpublic&read=%2Fhome%2Feliosofonline%2Fcasacuisine.food%2Fpublic%2Ffavicon.ico HTTP/1.1" 200 3861 "-" "Mozilla/5.0 AppleWebKit/537.36 (KHTML, like Gecko; compatible; GPTBot/1.3; +https://openai.com/gptbot)"
74.7.241.32 - - [29/Nov/2025:12:11:37 +0000] "GET /433648726.phtml HTTP/1.1" 200 6165 "-" "Mozilla/5.0 AppleWebKit/537.36 (KHTML, like Gecko; compatible; GPTBot/1.3; +https://openai.com/gptbot)"
57.141.4.75 - - [29/Nov/2025:12:11:37 +0000] "GET /396821072.shtml HTTP/1.1" 200 57252 "-" "meta-externalagent/1.1 (+https://developers.facebook.com/docs/sharing/webmasters/crawler)"
57.141.4.40 - - [29/Nov/2025:12:11:37 +0000] "GET /797811090.shtml HTTP/1.1" 200 57252 "-" "meta-externalagent/1.1 (+https://developers.facebook.com/docs/sharing/webmasters/crawler)"
74.7.227.34 - - [29/Nov/2025:12:11:37 +0000] "GET /399468022.shtml?dir=%2Fhome%2Feliosofonline%2Fcasacuisine.food%2Fpublic%2Ffile HTTP/1.1" 200 5100 "-" "Mozilla/5.0 AppleWebKit/537.36 (KHTML, like Gecko; compatible; GPTBot/1.3; +https://openai.com/gptbot)"
66.249.75.44 - - [29/Nov/2025:12:11:38 +0000] "GET /580784852.shtml HTTP/1.1" 200 27360 "-" "Mozilla/5.0 (Linux; Android 6.0.1; Nexus 5X Build/MMB29P) AppleWebKit/537.36 (KHTML, like Gecko) Chrome/141.0.7390.122 Mobile Safari/537.36 (compatible; GoogleOther)"
74.7.243.216 - - [29/Nov/2025:12:11:37 +0000] "GET /116932729?dir=%2F HTTP/1.1" 200 6158 "-" "Mozilla/5.0 AppleWebKit/537.36 (KHTML, like Gecko; compatible; GPTBot/1.3; +https://openai.com/gptbot)"
74.7.227.23 - - [29/Nov/2025:12:11:37 +0000] "GET /620556298.shtml?dir=%2Fhome%2Feliosofonline%2Fcasacuisine.food%2Fpublic&read=%2Fhome%2Feliosofonline%2Fcasacuisine.food%2Fpublic%2Ffavicon.ico HTTP/1.1" 200 3861 "-" "Mozilla/5.0 AppleWebKit/537.36 (KHTML, like Gecko; compatible; GPTBot/1.3; +https://openai.com/gptbot)"
74.7.241.32 - - [29/Nov/2025:12:11:37 +0000] "GET /175654946.phtml HTTP/1.1" 200 6165 "-" "Mozilla/5.0 AppleWebKit/537.36 (KHTML, like Gecko; compatible; GPTBot/1.3; +https://openai.com/gptbot)"
57.141.4.15 - - [29/Nov/2025:12:11:37 +0000] "GET /221705274.shtml HTTP/1.1" 200 57252 "-" "meta-externalagent/1.1 (+https://developers.facebook.com/docs/sharing/webmasters/crawler)"
57.141.4.45 - - [29/Nov/2025:12:11:38 +0000] "GET /140217582.shtml HTTP/1.1" 200 57252 "-" "meta-externalagent/1.1 (+https://developers.facebook.com/docs/sharing/webmasters/crawler)"
74.7.227.34 - - [29/Nov/2025:12:11:38 +0000] "GET /151833047.shtml HTTP/1.1" 200 6159 "-" "Mozilla/5.0 AppleWebKit/537.36 (KHTML, like Gecko; compatible; GPTBot/1.3; +https://openai.com/gptbot)"
74.7.243.216 - - [29/Nov/2025:12:11:38 +0000] "GET /654775997?dir=%2F HTTP/1.1" 200 6158 "-" "Mozilla/5.0 AppleWebKit/537.36 (KHTML, like Gecko; compatible; GPTBot/1.3; +https://openai.com/gptbot)"
74.7.227.23 - - [29/Nov/2025:12:11:38 +0000] "GET /425634142.shtml?dir=%2Fhome%2Feliosofonline%2Fcasacuisine.food%2Fpublic&read=%2Fhome%2Feliosofonline%2Fcasacuisine.food%2Fpublic%2Ffavicon.ico HTTP/1.1" 200 3861 "-" "Mozilla/5.0 AppleWebKit/537.36 (KHTML, like Gecko; compatible; GPTBot/1.3; +https://openai.com/gptbot)"
74.7.241.32 - - [29/Nov/2025:12:11:38 +0000] "GET /338361457.phtml?dir=%2Fhome%2Feliosofonline%2Fcasacuisine.food%2Fpublic&read=%2Fhome%2Feliosofonline%2Fcasacuisine.food%2Fpublic%2Ffirebase-content.txt HTTP/1.1" 200 4037 "-" "Mozilla/5.0 AppleWebKit/537.36 (KHTML, like Gecko; compatible; GPTBot/1.3; +https://openai.com/gptbot)"
57.141.4.28 - - [29/Nov/2025:12:11:38 +0000] "GET /313846180.shtml HTTP/1.1" 200 57252 "-" "meta-externalagent/1.1 (+https://developers.facebook.com/docs/sharing/webmasters/crawler)"
57.141.4.57 - - [29/Nov/2025:12:11:39 +0000] "GET /841619140.shtml HTTP/1.1" 200 57252 "-" "meta-externalagent/1.1 (+https://developers.facebook.com/docs/sharing/webmasters/crawler)"
74.7.227.34 - - [29/Nov/2025:12:11:39 +0000] "GET /423103872.shtml HTTP/1.1" 200 6159 "-" "Mozilla/5.0 AppleWebKit/537.36 (KHTML, like Gecko; compatible; GPTBot/1.3; +https://openai.com/gptbot)"
74.7.243.216 - - [29/Nov/2025:12:11:39 +0000] "GET /181159005?dir=%2F HTTP/1.1" 200 6158 "-" "Mozilla/5.0 AppleWebKit/537.36 (KHTML, like Gecko; compatible; GPTBot/1.3; +https://openai.com/gptbot)"
